-- Data for Name: order_shippingevent; Type: TABLE DATA; Schema: public; Owner: postgres
--

COPY public.order_shippingevent (id, notes, date_created, event_type_id, order_id) FROM stdin;
1		2023-12-05 10:21:48.437668+00	2	15
2		2023-12-05 11:03:08.252109+00	1	14
3		2023-12-05 14:36:12.572618+00	2	17
4		2023-12-05 15:24:26.255798+00	2	22
5		2023-12-05 15:47:03.62211+00	2	24
6		2023-12-06 10:55:39.862299+00	2	31
7		2023-12-06 11:08:10.580439+00	2	32
8		2023-12-11 10:05:27.356281+00	2	176
9		2023-12-13 10:14:10.465881+00	2	237
10	67xyz	2023-12-16 12:14:44.378962+00	2	289
11		2023-12-19 18:44:45.80784+00	2	290
12		2023-12-29 20:07:13.062359+00	2	295
13	testshipmentref0124	2024-02-22 08:48:16.548478+00	2	317
14	testcode6543	2024-02-22 08:52:24.823683+00	2	318
15		2024-03-05 08:47:20.154046+00	2	328
16		2024-03-05 08:49:14.488004+00	2	327
17		2024-03-05 09:07:28.746971+00	2	326
18		2024-03-05 09:32:50.509218+00	2	325
20		2024-03-05 10:38:15.273658+00	2	319
21		2024-03-05 10:45:34.39531+00	2	330
22		2024-03-05 11:51:59.840245+00	2	315
23		2024-03-05 12:10:43.124107+00	2	311
24		2024-03-05 12:18:10.031962+00	2	313
25		2024-03-05 12:21:45.808831+00	2	312
26		2024-03-05 12:24:40.532553+00	2	310
27		2024-03-05 12:28:46.374463+00	2	309
28		2024-03-05 12:34:27.783747+00	2	308
29		2024-03-05 12:51:25.264998+00	2	329
30		2024-03-05 12:59:46.906458+00	2	314
31		2024-03-05 13:12:25.451293+00	2	307
32		2024-03-05 13:15:10.895245+00	2	331
33		2024-03-05 13:21:34.376147+00	2	305
34		2024-03-05 13:32:18.955853+00	2	306
35		2024-03-05 13:34:31.692123+00	2	304
36		2024-03-05 13:36:40.621139+00	2	286
37		2024-03-05 13:46:21.345009+00	2	292
38		2024-03-05 13:50:02.401822+00	2	296
39		2024-03-05 13:52:18.808535+00	2	299
40		2024-03-05 13:54:04.723963+00	2	303
41		2024-03-05 13:57:43.263305+00	2	285
42		2024-03-05 14:02:04.889265+00	2	284
43		2024-03-05 14:06:22.156138+00	2	298
44		2024-03-05 14:10:51.896653+00	2	283
45		2024-03-07 14:31:16.582753+00	2	344
46		2024-03-11 08:11:05.44938+00	3	329
47		2024-03-11 08:18:25.40856+00	2	221
48		2024-03-11 08:33:10.301935+00	2	353
49		2024-03-11 08:54:14.3249+00	2	354
50		2024-03-11 08:54:40.138205+00	3	354
51		2024-03-11 14:30:16.714082+00	3	353
55		2024-03-11 14:48:44.757416+00	2	351
56		2024-03-11 14:49:54.985165+00	3	351
57		2024-03-11 14:51:46.604582+00	2	340
58		2024-03-11 14:52:12.718299+00	3	340
59		2024-03-11 16:06:02.755238+00	2	352
60		2024-03-12 08:37:11.402795+00	2	356
61		2024-03-14 13:54:49.903173+00	2	360
62		2024-04-05 09:39:16.077219+00	2	454
63		2024-04-08 07:01:07.068967+00	2	453
64		2024-06-04 14:19:00.522448+00	2	520
65		2024-06-04 14:28:38.212513+00	2	519
66		2024-06-13 07:37:09.974533+00	1	528
67		2024-06-13 07:37:45.346896+00	2	528
68		2024-06-14 08:20:37.465498+00	2	531
69		2024-06-14 08:34:38.897892+00	2	534
70		2024-06-19 07:11:37.79524+00	2	550
71		2024-06-19 07:16:25.486847+00	2	551
72		2024-07-05 07:00:12.91133+00	2	567
73		2024-07-10 08:58:58.101938+00	2	576
74		2024-07-10 09:18:29.284548+00	2	577
75		2024-07-23 13:31:11.959398+00	2	603
76		2024-08-13 16:17:09.006503+00	2	602
78		2024-08-19 09:37:18.972367+00	1	613
81		2024-08-19 09:52:43.975132+00	1	605
82		2024-08-19 09:52:52.475247+00	2	605
84		2024-08-19 10:05:14.404462+00	2	612
85		2024-08-19 10:10:12.709123+00	1	614
87		2024-08-19 10:12:30.891631+00	2	614
88		2024-08-19 10:18:33.112131+00	1	610
89		2024-08-19 10:18:43.773622+00	2	610
90		2024-09-11 16:16:30.09759+00	1	603
91		2024-09-12 14:23:23.779758+00	2	634
92		2024-09-12 14:32:44.768604+00	2	633
93		2024-09-13 20:37:38.72906+00	2	635
94		2024-09-13 20:40:35.542787+00	2	632
95		2024-09-17 14:29:12.024825+00	2	628
96		2024-09-17 14:32:29.998213+00	2	636
97		2024-09-20 14:08:45.419187+00	2	637
98		2024-10-03 19:27:27.012656+00	2	644
99		2024-10-08 14:50:39.358497+00	2	649
100		2024-10-08 15:40:11.806131+00	2	650
101		2024-10-08 16:04:01.288399+00	2	651
102		2024-10-09 07:16:53.998191+00	2	652
103		2024-10-09 07:33:59.196111+00	2	653
104		2024-10-09 07:52:51.420511+00	2	654
105		2024-10-09 07:56:13.746477+00	2	655
106		2024-10-10 08:55:02.001131+00	2	657
107		2024-10-11 09:28:04.071489+00	2	658
108		2024-10-14 18:23:31.359673+00	2	667
109		2024-10-22 15:49:11.858891+00	2	671
110		2024-10-23 07:54:17.626317+00	2	673
111		2024-10-23 19:29:26.193182+00	2	675
115		2024-10-26 19:14:50.195252+00	2	686
116		2024-10-27 07:09:04.668766+00	2	694
117		2024-10-27 20:26:15.92874+00	2	695
118		2024-11-04 09:09:33.213335+00	2	698
119		2024-11-27 09:04:15.068966+00	2	708
\.


--
-- Data for Name: order_shippingeventquantity; Type: TABLE DATA; Schema: public; Owner: postgres
--

COPY public.order_shippingeventquantity (id, quantity, event_id, line_id) FROM stdin;
1	1	1	18
2	1	2	17
3	3	3	21
4	1	4	27
5	1	5	29
6	1	6	36
7	1	7	37
8	1	8	181
9	1	9	243
10	1	10	296
11	1	11	297
12	1	11	298
13	1	12	305
14	1	12	306
15	1	13	329
16	1	14	330
17	2	15	346
18	1	15	347
19	4	16	344
20	1	16	345
21	4	17	342
22	1	17	343
23	5	18	340
24	1	18	341
26	1	20	331
27	1	21	349
28	1	22	327
29	1	23	323
30	1	24	325
31	1	25	324
32	1	26	322
33	1	27	321
34	1	28	320
35	1	29	348
36	1	30	326
37	1	31	319
38	1	32	350
39	1	33	317
40	1	34	318
41	1	35	316
42	1	36	293
43	1	37	302
44	2	38	307
45	1	39	310
46	2	40	315
47	1	41	292
48	1	42	291
49	1	43	309
50	1	44	290
51	1	45	365
52	1	46	348
53	1	47	227
54	1	48	376
55	1	49	377
56	1	50	377
57	1	51	376
61	1	55	372
62	1	56	372
63	1	57	361
64	1	58	361
65	2	59	373
66	1	59	374
67	2	59	375
68	1	60	380
69	1	60	381
70	1	61	385
71	1	62	488
72	1	63	487
73	1	64	560
74	1	65	559
75	1	66	569
76	1	67	569
77	1	68	572
78	1	69	575
79	2	70	592
80	1	71	593
81	1	72	609
82	1	73	618
83	1	74	619
84	1	75	646
85	1	75	647
86	3	75	648
87	3	76	645
89	1	78	659
92	1	81	650
93	1	82	650
95	1	84	657
96	1	84	658
97	1	85	660
99	1	87	660
100	1	88	655
101	1	89	655
102	1	90	646
103	1	90	647
104	3	90	648
105	1	91	681
106	1	92	680
107	1	93	682
108	1	94	679
109	1	95	675
110	1	96	683
111	1	97	684
112	2	98	691
113	1	99	696
114	1	100	697
115	1	101	698
116	1	102	699
117	1	103	700
118	1	104	701
119	1	104	702
120	1	105	703
121	1	106	705
122	1	107	706
123	1	108	715
124	1	109	719
125	1	110	721
126	1	111	723
130	1	115	734
131	1	116	742
132	1	117	743
133	1	118	746
134	1	119	759
135	1	119	760
136	1	119	761
137	1	119	762
\.


--
-- Data for Name: order_shippingeventtype; Type: TABLE DATA; Schema: public; Owner: postgres
--

COPY public.order_shippingeventtype (id, name, code, name_en, name_la, name_nl, name_ti) FROM stdin;
1	ኣብ መስርሕ	being-processed	Being processed	\N	In behandling	ኣብ መስርሕ
3	ተመሊሱ	returned	Returned	\N	geretourend	ተመሊሱ
4	ተሰሪዙ	cancelled	Cancelled	\N	Gecanceld	ተሰሪዙ
2	ተሰዲዱ	shipped	Shipped	\N	bezorged	ተሰዲዱ
\.


--
-- Data for Name: order_surcharge; Type: TABLE DATA; Schema: public; Owner: postgres
--

COPY public.order_surcharge (id, name, code, incl_tax, excl_tax, order_id, tax_code) FROM stdin;
\.


--
-- Data for Name: partner_partner; Type: TABLE DATA; Schema: public; Owner: postgres
--

COPY public.partner_partner (id, code, name) FROM stdin;
2	nebsenimpex	NebSenImpex
1	saba	Saba
\.


--
-- Data for Name: partner_partner_users; Type: TABLE DATA; Schema: public; Owner: postgres
--

COPY public.partner_partner_users (id, partner_id, user_id) FROM stdin;
1	2	1
\.


--
-- Data for Name: partner_partneraddress; Type: TABLE DATA; Schema: public; Owner: postgres
--

COPY public.partner_partneraddress (id, title, first_name, last_name, line1, line2, line3, line4, state, postcode, search_text, country_id, partner_id) FROM stdin;
1				Rietveldlaan 10			Wageningen		6708 SB	Rietveldlaan 10 Wageningen 6708 SB Netherlands	NL	1
\.


--
-- Data for Name: partner_stockalert; Type: TABLE DATA; Schema: public; Owner: postgres
--

COPY public.partner_stockalert (id, threshold, status, date_created, date_closed, stockrecord_id) FROM stdin;
1	2	Closed	2023-12-07 08:41:35.223888+00	2023-12-07 09:22:46.387706+00	2
2	2	Closed	2023-12-07 09:01:28.417299+00	2023-12-07 09:22:56.077997+00	3
3	2	Closed	2023-12-07 09:05:10.318601+00	2023-12-07 09:23:05.053986+00	1
4	2	Closed	2023-12-14 09:23:45.917842+00	2023-12-15 10:24:43.228725+00	1
5	2	Closed	2023-12-14 10:16:56.193758+00	2023-12-15 10:24:54.499368+00	3
6	2	Closed	2023-12-15 10:19:29.110255+00	2023-12-15 10:25:05.303464+00	2
7	2	Closed	2024-03-18 09:05:31.25598+00	2024-03-18 17:23:36.230703+00	16
9	2	Closed	2024-03-20 11:12:38.713239+00	2024-03-20 15:08:52.418912+00	16
13	2	Open	2024-04-04 17:55:52.520036+00	\N	18
14	2	Open	2024-04-05 08:50:21.833181+00	\N	17
15	5	Closed	2024-04-05 09:23:06.071148+00	2024-04-08 07:07:03.068441+00	6
17	2	Closed	2024-04-24 15:10:49.311932+00	2024-05-17 14:19:36.410067+00	27
12	2	Closed	2024-04-04 16:29:27.199902+00	2024-05-17 14:25:47.820799+00	20
11	2	Closed	2024-04-04 14:42:03.130183+00	2024-06-04 07:21:39.342814+00	19
18	2	Open	2024-06-04 07:32:28.359202+00	\N	19
10	2	Closed	2024-03-21 10:31:58.261606+00	2024-06-07 12:53:37.632186+00	16
19	2	Closed	2024-06-07 12:54:08.95829+00	2024-06-07 12:56:52.865986+00	16
21	2	Open	2024-07-04 14:57:39.243977+00	\N	29
22	2	Open	2024-07-08 09:36:49.772935+00	\N	26
23	2	Open	2024-07-12 15:17:15.506582+00	\N	28
20	2	Closed	2024-06-12 09:58:50.385482+00	2024-07-15 10:03:10.330264+00	27
24	2	Open	2024-07-23 12:40:20.396005+00	\N	16
16	2	Closed	2024-04-24 12:53:47.369183+00	2024-08-03 13:20:16.847957+00	6
25	2	Open	2024-08-19 09:23:44.406838+00	\N	30
26	2	Open	2024-08-19 10:08:25.235953+00	\N	27
27	2	Open	2024-10-01 07:28:35.099936+00	\N	22
28	2	Closed	2024-10-03 19:25:29.988248+00	2024-10-05 08:53:52.593361+00	6
29	4	Closed	2024-10-05 08:57:12.598696+00	2024-10-08 14:48:57.255604+00	6
31	5	Closed	2024-10-09 07:35:08.223079+00	2024-10-23 09:05:55.904851+00	31
32	5	Open	2024-10-23 09:06:28.984579+00	\N	31
33	2	Open	2024-10-24 11:47:40.84353+00	\N	23
34	5	Open	2024-10-27 06:56:28.765242+00	\N	7
35	2	Open	2024-11-07 17:36:52.343409+00	\N	8
36	2	Open	2024-11-11 08:00:28.858524+00	\N	32
30	4	Closed	2024-10-08 14:49:25.129673+00	2024-11-27 09:01:39.074344+00	6
\.


--
-- Data for Name: partner_stockrecord; Type: TABLE DATA; Schema: public; Owner: postgres
--

COPY public.partner_stockrecord (id, partner_sku, price_currency, price, num_in_stock, num_allocated, low_stock_threshold, date_created, date_updated, partner_id, product_id, vat) FROM stdin;
10	SBTSTM1	EUR	12.50	5	2	1	2023-12-30 11:14:09.832477+00	2024-05-15 12:11:16.475595+00	1	16	21.00
18	SBZRBL01	EUR	370.00	5	5	2	2024-04-02 11:34:30.234714+00	2024-05-15 12:11:43.042639+00	1	25	21.00
20	SBZRRY01	EUR	370.00	10	7	2	2024-04-03 11:51:11.494037+00	2024-05-17 14:25:47.817938+00	1	27	21.00
17	SBZRPK01	EUR	250.00	5	5	2	2024-04-02 11:32:59.046346+00	2024-05-15 12:15:17.877451+00	1	24	21.00
15	SBADSHR	EUR	95.00	25	8	2	2024-01-05 12:46:21.417349+00	2024-05-15 12:14:03.155851+00	1	22	21.00
7	SBMS75	EUR	12.50	85	85	5	2023-12-19 15:29:44.831801+00	2024-10-05 08:49:03.706439+00	1	9	6.00
6	SBDFF2	EUR	18.36	75	71	4	2023-12-19 15:19:21.754671+00	2024-11-27 09:01:39.068844+00	1	8	6.00
16	SBBSKT1	EUR	25.00	19	18	2	2024-03-13 09:54:35.371637+00	2024-06-07 12:56:52.863516+00	1	23	21.00
3	SBVG25	EUR	4.50	200	159	2	2023-08-31 11:19:59.04885+00	2024-05-15 12:12:40.01991+00	1	3	6.00
21	SBZRAK02	EUR	350.00	10	6	2	2024-04-15 09:43:02.023297+00	2024-05-15 12:14:51.220406+00	1	29	21.00
33	SBBKHIAY01	EUR	29.50	10	3	3	2024-11-04 09:35:14.782955+00	2024-11-04 09:35:14.782968+00	1	40	9.00
26	SBZRPK02	EUR	250.00	5	4	2	2024-04-17 06:45:05.989475+00	2024-05-15 12:15:17.887448+00	1	24	21.00
12	SBTSTASM	EUR	15.00	20	7	1	2023-12-30 16:34:09.707948+00	2024-05-15 12:12:06.674823+00	1	17	21.00
22	SBBDZR02	EUR	320.00	10	9	2	2024-04-15 10:09:18.820151+00	2024-05-15 12:14:27.381507+00	1	31	21.00
4	SBTRT47	EUR	75.00	50	15	2	2023-12-15 11:31:07.824191+00	2024-05-15 12:13:15.993063+00	1	5	6.00
2	SBWDCK	EUR	75.25	200	163	2	2023-08-31 11:18:35.648482+00	2024-05-15 10:49:30.755533+00	1	2	6.00
29	SBSRTAD02	EUR	35.00	10	10	2	2024-04-23 11:37:24.279664+00	2024-05-15 12:15:55.354022+00	1	36	21.00
23	NSZRBK02	EUR	400.00	10	10	2	2024-04-16 08:52:18.79394+00	2024-05-15 12:15:05.669205+00	2	33	21.00
19	SBZRGL02	EUR	330.00	7	7	2	2024-04-03 09:26:43.7114+00	2024-06-04 07:21:39.334546+00	1	26	21.00
28	SBSHGR01	EUR	30.00	15	15	2	2024-04-23 11:15:02.354658+00	2024-05-15 12:16:05.686344+00	1	35	21.00
31	SBBKTSF20	EUR	19.50	15	15	5	2024-09-03 07:01:53.998004+00	2024-10-23 09:05:55.899795+00	1	38	9.00
8	SBTSHRT23	EUR	17.00	25	24	2	2023-12-19 16:07:42.299556+00	2024-06-12 10:07:51.210343+00	1	11	21.00
9	SBTHRT30	EUR	17.50	20	6	1	2023-12-19 16:30:14.097852+00	2024-05-15 12:11:30.454541+00	1	15	21.00
27	SBTSHTSF02	EUR	24.00	25	25	2	2024-04-22 19:38:44.877902+00	2024-07-15 10:03:10.322837+00	1	34	21.00
32	SBBKCHQ1	EUR	15.00	4	4	2	2024-11-04 08:36:49.920251+00	2024-11-04 08:36:49.920261+00	1	39	9.00
1	SBFR25	EUR	8.50	200	151	2	2023-08-31 11:14:06.703956+00	2024-05-15 12:16:14.743735+00	1	1	6.00
30	SBZRMN10	EUR	26.00	10	10	2	2024-05-17 14:42:01.47186+00	2024-05-18 12:16:44.617071+00	1	37	21.00
\.


--
-- Data for Name: payment_bankcard; Type: TABLE DATA; Schema: public; Owner: postgres
--

COPY public.payment_bankcard (id, card_type, name, number, expiry_date, partner_reference, user_id) FROM stdin;
\.


--
-- Data for Name: payment_source; Type: TABLE DATA; Schema: public; Owner: postgres
--

COPY public.payment_source (id, currency, amount_allocated, amount_debited, amount_refunded, reference, label, order_id, source_type_id) FROM stdin;
1	EUR	5.44	5.44	0.00			1	1
2	EUR	15.42	15.42	0.00			2	1
4	EUR	15.72	15.72	0.00			4	1
5	EUR	10.88	10.88	0.00			5	1
6	EUR	5.44	5.44	0.00			6	1
7	EUR	5.44	5.44	0.00			7	1
8	EUR	10.28	10.28	0.00			8	1
9	EUR	10.28	10.28	0.00			9	1
10	EUR	5.44	5.44	0.00			10	1
11	EUR	460.69	460.69	0.00			11	1
12	EUR	5.44	5.44	0.00			12	1
13	EUR	5.44	5.44	0.00	100144		19	1
14	EUR	5.44	5.44	0.00	100145		20	1
15	EUR	5.44	5.44	0.00	100147		21	1
16	EUR	91.05	91.05	0.00	100148		22	1
17	EUR	15.42	15.42	0.00	100149		23	1
18	EUR	10.28	10.28	0.00	100150		24	1
19	EUR	5.44	5.44	0.00	100151		25	1
20	EUR	102.55	102.55	0.00	100152		26	1
21	EUR	20.56	20.56	0.00	100153		27	1
482	EUR	10.28	10.28	0.00	100154		30	1
483	EUR	91.05	91.05	0.00	100155		31	1
484	EUR	10.28	10.28	0.00	100156		32	1
485	EUR	10.28	10.28	0.00	100157		33	1
1866	EUR	10.28	10.28	0.00	100163		46	1
1867	EUR	91.05	91.05	0.00	100164		47	1
1868	EUR	5.44	5.44	0.00	100165		48	1
1869	EUR	91.05	91.05	0.00	100166		49	1
1870	EUR	5.44	5.44	0.00	100167		50	1
1871	EUR	5.44	5.44	0.00	100168		51	1
1872	EUR	10.28	10.28	0.00	100169		52	1
1873	EUR	10.28	10.28	0.00	100170		53	1
1874	EUR	5.44	5.44	0.00	100171		54	1
1875	EUR	91.05	91.05	0.00	100172		55	1
1876	EUR	5.44	5.44	0.00	100173		56	1
1877	EUR	5.44	5.44	0.00	100174		57	1
1878	EUR	5.44	5.44	0.00	100175		58	1
1879	EUR	5.44	5.44	0.00	100176		59	1
1880	EUR	91.05	91.05	0.00	100177		60	1
1881	EUR	10.28	10.28	0.00	100178		61	1
1882	EUR	91.05	91.05	0.00	100179		62	1
1883	EUR	10.28	10.28	0.00	100180		63	1
1884	EUR	5.44	5.44	0.00	100181		64	1
1885	EUR	5.44	5.44	0.00	100182		65	1
1886	EUR	91.05	91.05	0.00	100183		66	1
1887	EUR	5.44	5.44	0.00	100184		67	1
1888	EUR	5.44	5.44	0.00	100185		68	1
1889	EUR	5.44	5.44	0.00	100186		69	1
1890	EUR	5.44	5.44	0.00	100189		70	1
1891	EUR	5.44	5.44	0.00	100191		71	1
1892	EUR	5.44	5.44	0.00	100193		72	1
1893	EUR	5.44	5.44	0.00	100195		73	1
1894	EUR	91.05	91.05	0.00	100196		74	1
1895	EUR	10.28	10.28	0.00	100197		75	1
1896	EUR	10.28	10.28	0.00	100198		76	1
1897	EUR	91.05	91.05	0.00	pi_3OKfZEHc7saDO3Vo1sUdtR51_secret_BNmSsgSUJrVqrmgORDFHdQBZa		77	1
1898	EUR	91.05	91.05	0.00	pi_3OKgkpHc7saDO3Vo0uNMLXNh_secret_3wFjoA3LQBtJ5suih6aHbmS8q		78	1
1899	EUR	91.05	91.05	0.00	pi_3OKh9WHc7saDO3Vo0A0j3zIK		79	1
1900	EUR	5.44	5.44	0.00	pi_3OKhFFHc7saDO3Vo09pgRiN9		80	1
1901	EUR	91.05	91.05	0.00	pi_3OKhhhHc7saDO3Vo0WRRvtdN		81	1
1902	EUR	10.28	10.28	0.00	pi_3OKhk2Hc7saDO3Vo1ZJPjWs3		82	1
1903	EUR	10.28	10.28	0.00	1I8-znfsH1VJPJ_p		83	1
1904	EUR	91.05	91.05	0.00	pcdcL3Vk_J_mH16b		84	1
1905	EUR	10.28	10.28	0.00	loSaCBS7xBlviFO7		85	1
1906	EUR	10.28	10.28	0.00	{'transaction_secret': 'YdrTPlgjW3_k0lTw', 'pi': 'pi_3OKiQrHc7saDO3Vo1H8PdF22'}		86	1
1907	EUR	5.44	5.44	0.00	{'transaction_secret': 'yALQFPvED5r1au57', 'pi': 'pi_3OKijGHc7saDO3Vo0z2FsmfY'}		87	1
1908	EUR	5.44	5.44	0.00	{'transaction_secret': 'P8l6sYyiavVinjO7', 'pi': 'pi_3OKilgHc7saDO3Vo0YWeaNe3'}		88	1
1909	EUR	5.44	5.44	0.00	{'transaction_secret': 'n1x-vdwe622xcUQP', 'pi': 'pi_3OKintHc7saDO3Vo1eyi9F5g'}		89	1
1910	EUR	10.88	10.88	0.00	{'transaction_secret': 'YM6cRaEoed_3IgV-', 'pi': 'pi_3OKiqOHc7saDO3Vo111XwvvC'}		90	1
1911	EUR	5.44	5.44	0.00	{'transaction_secret': 'OnuRpiaBWm8j_XXB', 'pi': 'pi_3OKirQHc7saDO3Vo13TjosGz'}		91	1
1912	EUR	5.44	5.44	0.00	{'transaction_secret': 'Rg8EvF2d5H0S-9xD', 'pi': 'pi_3OKit5Hc7saDO3Vo0vtzmQfV'}		92	1
1913	EUR	5.44	5.44	0.00	{'transaction_secret': '3a8MsRVqaq9MgNhT', 'pi': 'pi_3OKix9Hc7saDO3Vo1U0WJAOx'}		93	1
1914	EUR	5.44	5.44	0.00	{'transaction_secret': 'JLM3beYilhtFDb_4', 'pi': 'pi_3OKiy6Hc7saDO3Vo0Ru4I5a2'}		94	1
1915	EUR	5.44	5.44	0.00	{'transaction_secret': 'IvIYYJ2RdQbeUJKk', 'pi': 'pi_3OKj4XHc7saDO3Vo0axSB7Bi'}		95	1
1916	EUR	5.44	5.44	0.00	{'transaction_secret': 'vogvGVocD5xNS4MW', 'pi': 'pi_3OKj5oHc7saDO3Vo1Uhw6d8E'}		96	1
1917	EUR	5.44	5.44	0.00	{'transaction_secret': 'MYKbilG9NkS4_pIC', 'pi': 'pi_3OKjBRHc7saDO3Vo1xQwwCDq'}		97	1
1918	EUR	5.44	5.44	0.00	{'transaction_secret': 'GoEdgeV8klJhHyWJ', 'pi': 'pi_3OKjCrHc7saDO3Vo0YgMjegv'}		98	1
1919	EUR	5.44	5.44	0.00	{'transaction_secret': '2YR-yelqq7maTwIC', 'pi': 'pi_3OKjFCHc7saDO3Vo1pJnrcNT'}		99	1
1920	EUR	5.44	5.44	0.00	{'transaction_secret': 'cYimoT22bZiRsMG1', 'pi': 'pi_3OKjGhHc7saDO3Vo1uOLRczW'}		100	1
1921	EUR	10.88	10.88	0.00	{'transaction_secret': '4CXwqPjLO86ursej', 'pi': 'pi_3OKjKjHc7saDO3Vo1aik2Crn'}		101	1
3	EUR	107.07	29.72	0.00			3	1
1922	EUR	5.44	5.44	0.00	{'transaction_secret': 'HraskIeF-F03cZWA', 'pi': 'pi_3OKjMBHc7saDO3Vo0eQwV10O'}		102	1
1923	EUR	5.44	5.44	0.00	{'transaction_secret': 'QkeoZULDcUIW7_Tk', 'pi': 'pi_3OKjP5Hc7saDO3Vo0gmwdDmZ'}		103	1
1924	EUR	5.44	5.44	0.00	{'transaction_secret': '4LxV6FjduUCM5z9o', 'pi': 'pi_3OKjRqHc7saDO3Vo07TZPRtY'}		104	1
1925	EUR	91.05	91.05	0.00	{'transaction_secret': 'vxrilEjw9Kc7OMU-', 'pi': 'pi_3OKjWHHc7saDO3Vo1OLV3Sfq'}		105	1
1926	EUR	91.05	91.05	0.00	{'transaction_secret': '9NtmwIOtOpRPS125', 'pi': 'pi_3OKjZVHc7saDO3Vo1Wv2nCQK'}		106	1
1927	EUR	5.44	5.44	0.00	{'transaction_secret': 'BOgy752cfUBAod72', 'pi': 'pi_3OKjcbHc7saDO3Vo0dR5swI3'}		107	1
1928	EUR	91.05	91.05	0.00	{'transaction_secret': 'fLyRU71lJtHyFHhI', 'pi': 'pi_3OKjkBHc7saDO3Vo0ppzwBI8'}		108	1
1929	EUR	10.28	10.28	0.00	{'transaction_secret': 'P3JWa_ya16LpQj3n', 'pi': 'pi_3OKjm0Hc7saDO3Vo1Jnf6dVA'}		109	1
1930	EUR	5.44	5.44	0.00	{'transaction_secret': 'j02UWYjGAxddcCxC', 'pi': 'pi_3OKjnuHc7saDO3Vo13Zfp384'}		110	1
1931	EUR	91.05	91.05	0.00	{'transaction_secret': 'ahpYodRPx93LpOM1', 'pi': 'pi_3OKjtDHc7saDO3Vo0pa4rhWA'}		111	1
1932	EUR	91.05	91.05	0.00	{'transaction_secret': '6S70MdaLFqzTQ5E8', 'pi': 'pi_3OKjudHc7saDO3Vo1fC1vf6W'}		112	1
1933	EUR	10.28	10.28	0.00	{'transaction_secret': 'f7U3K2DUotw6eIhV', 'pi': 'pi_3OKjvxHc7saDO3Vo1cjlr78X'}		113	1
1934	EUR	91.05	91.05	0.00	{'transaction_secret': 'UqaYFZuo6RNhxAHK', 'pi': 'pi_3OKjyRHc7saDO3Vo0aTF3er4'}		114	1
1935	EUR	5.44	5.44	0.00	{'transaction_secret': 'yWSb-DH93zh2iOpv', 'pi': 'pi_3OKkNzHc7saDO3Vo0RZKUC0g'}		115	1
1936	EUR	5.44	5.44	0.00	{'transaction_secret': 'fW6pcGFjBuA2mNhU', 'pi': 'pi_3OKkPrHc7saDO3Vo0ZcQF3J1'}		116	1
1937	EUR	5.44	5.44	0.00	{'transaction_secret': 'ji1QdXXUI3KND3iO', 'pi': 'pi_3OKkT2Hc7saDO3Vo1iqLAdru'}		117	1
1938	EUR	5.44	5.44	0.00	{'transaction_secret': 'NQvMR6m3XWLy7KJK', 'pi': 'pi_3OKkUEHc7saDO3Vo06f9AVYQ'}		118	1
1939	EUR	91.05	91.05	0.00	{'transaction_secret': 'Bw6Kp_71na56twa3', 'pi': 'pi_3OKkV7Hc7saDO3Vo1McnDTkO'}		119	1
1940	EUR	10.28	10.28	0.00	{'transaction_secret': 'pnzXpkLiE1d3T5II', 'pi': 'pi_3OKkWnHc7saDO3Vo0vGaALBk'}		120	1
1941	EUR	10.28	10.28	0.00	{'transaction_secret': 'BRbZQBl-SVCfkmsH', 'pi': 'pi_3OKkYHHc7saDO3Vo15LJ0cT2'}		121	1
1942	EUR	5.44	5.44	0.00	{'transaction_secret': 's1CfTiQ9iYL5pm8l', 'pi': 'pi_3OKkcSHc7saDO3Vo0HhiB0D7'}		122	1
1943	EUR	91.05	91.05	0.00	{'transaction_secret': '8EjXmUpn9tWTY8be', 'pi': 'pi_3OKkedHc7saDO3Vo0PgYeyUH'}		123	1
1944	EUR	10.28	10.28	0.00	{'transaction_secret': 'Fh5kLataxCR5TqPL', 'pi': 'pi_3OKkfKHc7saDO3Vo0IqVbWwh'}		124	1
1945	EUR	91.05	91.05	0.00	{'transaction_secret': 'mqCt9T7adVJW4zxj', 'pi': 'pi_3OKkgIHc7saDO3Vo1D1JHaN9'}		125	1
1946	EUR	10.28	10.28	0.00	{'transaction_secret': '4fuerMXl374gwTY6', 'pi': 'pi_3OKkhwHc7saDO3Vo1YVpnEjw'}		126	1
1947	EUR	10.28	10.28	0.00	{'transaction_secret': 'Vh8tsMiA5enzovFY', 'pi': 'pi_3OKkiwHc7saDO3Vo0aq6lnlI'}		127	1
1948	EUR	10.28	10.28	0.00	{'transaction_secret': 'wav0va6aGcOR5e07', 'pi': 'pi_3OKklYHc7saDO3Vo0c2iZz1N'}		128	1
1949	EUR	10.28	10.28	0.00	{'transaction_secret': 'YeRSPL9jwRMGVzUu', 'pi': 'pi_3OKknmHc7saDO3Vo0JVVYIm7'}		129	1
1950	EUR	10.28	10.28	0.00	{'transaction_secret': 'cOds3XmQ8TeFHNwN', 'pi': 'pi_3OKkweHc7saDO3Vo0M2OKw02'}		130	1
1951	EUR	91.05	91.05	0.00	{'transaction_secret': 'QYPFpgeHJZjgQLrw', 'pi': 'pi_3OKnZUHc7saDO3Vo19O6sjpD'}		131	1
1952	EUR	10.28	10.28	0.00	{'transaction_secret': '5IWA9t4AcTvjmNe2', 'pi': 'pi_3OKnbkHc7saDO3Vo0oioX7wi'}		132	1
1953	EUR	10.28	10.28	0.00	{'transaction_secret': 'u7QhshgY8bJyPlAw', 'pi': 'pi_3OKndIHc7saDO3Vo1Gk6ymjP'}		133	1
1954	EUR	10.28	10.28	0.00	{'transaction_secret': '6n-jWzdmuIu0lOrT', 'pi': 'pi_3OKnflHc7saDO3Vo0aDwKF3V'}		134	1
1955	EUR	10.28	10.28	0.00	{'transaction_secret': '6eEnlaM6AoX-vgDK', 'pi': 'pi_3OKniEHc7saDO3Vo1LHNbD30'}		135	1
1956	EUR	10.28	10.28	0.00	{'transaction_secret': 'GcxSlA6_iW5uY1P_', 'pi': 'pi_3OKnkrHc7saDO3Vo14Lx3eOq'}		136	1
1957	EUR	10.28	10.28	0.00	{'transaction_secret': 'Rqr0T9g6xHRMUPtn', 'pi': 'pi_3OKnmxHc7saDO3Vo0HAvay5O'}		137	1
1958	EUR	91.05	91.05	0.00	{'transaction_secret': 'QPHuhl1OlaFX2Ax1', 'pi': 'pi_3OKnqBHc7saDO3Vo1kVnv5hr'}		138	1
1959	EUR	91.05	91.05	0.00	{'transaction_secret': 'zz04mSa8ZdmH1lw7', 'pi': 'pi_3OKnrVHc7saDO3Vo0v67RxLe'}		139	1
1960	EUR	182.10	182.10	0.00	{'transaction_secret': 'j2NvYGt2B_XTzuDE', 'pi': 'pi_3OKntQHc7saDO3Vo09eIn3RG'}		140	1
1961	EUR	5.44	5.44	0.00	{'transaction_secret': '3eqJ460UITsSamSh', 'pi': 'pi_3OKnwiHc7saDO3Vo0RNaq5Tz'}		141	1
1962	EUR	5.44	5.44	0.00	{'transaction_secret': 'FrT3PNaWJqKF5xwb', 'pi': 'pi_3OKnxyHc7saDO3Vo0jn770kS'}		142	1
1963	EUR	91.05	91.05	0.00	{'transaction_secret': 'hUo3klLg5EZxrwsk', 'pi': 'pi_3OKnzaHc7saDO3Vo11JNEh4A'}		143	1
1964	EUR	5.44	5.44	0.00	{'transaction_secret': 'ix-EMPmHSzcNYi7n', 'pi': 'pi_3OKo3VHc7saDO3Vo1XD4jWmC'}		144	1
1965	EUR	91.05	91.05	0.00	{'transaction_secret': 'kb7wtfp80FomFE_E', 'pi': 'pi_3OKo4fHc7saDO3Vo1CfGgu8r'}		145	1
1966	EUR	10.28	10.28	0.00	{'transaction_secret': 'khRLxa6EhCSJEMwI', 'pi': 'pi_3OKo7YHc7saDO3Vo1XrdP6eF'}		146	1
1967	EUR	10.28	10.28	0.00	{'transaction_secret': '9loc9fDyIkOmcgvo', 'pi': 'pi_3OKoANHc7saDO3Vo0s2vcdsT'}		147	1
1968	EUR	5.44	5.44	0.00	{'transaction_secret': 'GMI3fSWFqR_ZoPhS', 'pi': 'pi_3OKz1fHc7saDO3Vo0lvM4pyo'}		148	1
1969	EUR	5.44	5.44	0.00	{'transaction_secret': 'QqNf6TcaPmXoXVf-', 'pi': 'pi_3OKz7HHc7saDO3Vo0n6p7eX4'}		149	1
1970	EUR	5.44	5.44	0.00	{"transaction_secret": "Vzt8nZl-IMcUwos-", "pi": "pi_3OKzA6Hc7saDO3Vo1rx7Wm0w"}		150	1
1971	EUR	91.05	91.05	0.00	{"transaction_secret": "rGeHcmbG4N0YsK0I", "pi": "pi_3OKzCSHc7saDO3Vo1vLtdf8z"}		151	1
1972	EUR	21.78	21.78	0.00	{"transaction_secret": "qoO631KXyOoo3HxY", "pi": "pi_3OKzEvHc7saDO3Vo0DlmTXTV"}		152	1
1973	EUR	5.44	5.44	0.00	{"transaction_secret": "jh2SBmamD0LOVBeL", "pi": "pi_3OKzVvHc7saDO3Vo0MfmI9sF"}		153	1
1974	EUR	5.44	5.44	0.00	{"transaction_secret": "LaFiIe6Ew_sMSN83", "pi": "pi_3OKzXhHc7saDO3Vo11XDIWMb"}		154	1
1975	EUR	5.44	5.44	0.00	{"transaction_secret": "XcP-Gv56Q2CAJBWb", "pi": "pi_3OKzmFHc7saDO3Vo1LK4WLKu"}		155	1
1976	EUR	91.05	91.05	0.00	{"transaction_secret": "ahxssoaNt7YZlLXF", "pi": "pi_3OKznYHc7saDO3Vo09dv4x8p"}		156	1
1977	EUR	91.05	91.05	0.00	{"transaction_secret": "BM7Z_VNMMpRqHIek", "pi": "pi_3OL00zHc7saDO3Vo0O5foe8L"}		157	1
1978	EUR	91.05	91.05	0.00	{"transaction_secret": "Mg6NdDUjkjcvYOjG", "pi": "pi_3OL01nHc7saDO3Vo1wjHAXoI"}		158	1
1979	EUR	91.05	91.05	0.00	{"transaction_secret": "8wOs-XcBV1y03IPf", "pi": "pi_3OL02THc7saDO3Vo188DJhYp"}		159	1
1980	EUR	15.42	15.42	0.00	{"transaction_secret": "MzQq36OLKzGJuVOy", "pi": "pi_3OL03JHc7saDO3Vo0rw9mxbN"}		160	1
1981	EUR	21.78	21.78	0.00	{"transaction_secret": "mDJTLP3-p5U9ySxh", "pi": "pi_3OL07yHc7saDO3Vo1ouZMAyK"}		161	1
1982	EUR	21.78	21.78	0.00	{"transaction_secret": "pqjJ15DeAB7Cow5r", "pi": "pi_3OL0AyHc7saDO3Vo1BjaZ4IL"}		162	1
1983	EUR	21.78	21.78	0.00	{"transaction_secret": "4BttyPdlOv0FCYDQ", "pi": "pi_3OL0D6Hc7saDO3Vo12UMZglt"}		163	1
1984	EUR	21.78	21.78	0.00	{"transaction_secret": "t8QJjfOz6-N3V9NZ", "pi": "pi_3OL0IsHc7saDO3Vo00fjY6G8"}		164	1
1985	EUR	91.05	91.05	0.00	{"transaction_secret": "aJDi1_B_ILsyGhU9", "pi": "pi_3OM5U7Hc7saDO3Vo1e2coZq6"}		165	1
1986	EUR	10.28	10.28	0.00	{"transaction_secret": "rJGfZO9D2pTyr_b8", "pi": "pi_3OM5WVHc7saDO3Vo1OnpZGMS"}		166	1
1987	EUR	10.28	10.28	0.00	{"transaction_secret": "6XXKXr3fzvHSQr8D", "pi": "pi_3OM5aSHc7saDO3Vo1CEdMC0u"}		167	1
1988	EUR	10.28	10.28	0.00	{"transaction_secret": "9JvYCg7FL55vNJt3", "pi": "pi_3OM5byHc7saDO3Vo1BVCSU9o"}		168	1
1989	EUR	10.28	10.28	0.00	{"transaction_secret": "rDmQFB7O2j-HJFbs", "pi": "pi_3OM5gfHc7saDO3Vo0dFn9Xri"}		169	1
1990	EUR	10.28	10.28	0.00	{"transaction_secret": "4haf9zmKqvwCg1Oa", "pi": "pi_3OM5k2Hc7saDO3Vo1vZuE9BD"}		170	1
1991	EUR	10.28	10.28	0.00	{"transaction_secret": "LFPrsaKgSAlNEEnD", "pi": "pi_3OM5zOHc7saDO3Vo1A1du2PF"}		171	1
1992	EUR	10.28	10.28	0.00	{"transaction_secret": "EyY22_QXjfkllUi_", "pi": "pi_3OM63lHc7saDO3Vo0C1MoVck"}		172	1
1993	EUR	10.28	10.28	0.00	{"transaction_secret": "rcOaQ5Xu43NZjAaz", "pi": "pi_3OM68xHc7saDO3Vo0eW6QF2d"}		173	1
1994	EUR	10.28	10.28	0.00	{"transaction_secret": "8Dax9obDowP9Em1U", "pi": "pi_3OM6AbHc7saDO3Vo1SkKBq7I"}		174	1
1995	EUR	10.28	10.28	0.00	{"transaction_secret": "K6xhxxNLdv4WM1ad", "pi": "pi_3OM6DRHc7saDO3Vo1IAdCJRt"}		175	1
1996	EUR	10.28	10.28	0.00	{"transaction_secret": "8rz4brVK_pVd6iXo", "pi": "pi_3OM6GaHc7saDO3Vo1BOL7ILc"}		176	1
1997	EUR	91.05	91.05	0.00	{"transaction_secret": "Ga-SanIcoyyUqLm7", "pi": "pi_3OM6SlHc7saDO3Vo1QT2QncY"}		177	1
1998	EUR	10.28	10.28	0.00	{"transaction_secret": "VoFN4F_mcsBtDZr1", "pi": "pi_3OM6WbHc7saDO3Vo0fwR1WeE"}		178	1
1999	EUR	10.28	10.28	0.00	{"transaction_secret": "napguXoAuNm83B22", "pi": "pi_3OM6YtHc7saDO3Vo1OXsjyTd"}		179	1
2000	EUR	10.28	10.28	0.00	{"transaction_secret": "pLMBRQ7cCH8l0Z5s", "pi": "pi_3OM6dkHc7saDO3Vo0OUxiAqw"}		180	1
2001	EUR	10.28	10.28	0.00	{"transaction_secret": "74-pz2xty4QIcvWi", "pi": "pi_3OM6euHc7saDO3Vo13utGlz8"}		181	1
2002	EUR	10.28	10.28	0.00	{"transaction_secret": "p-vLGmSUcTXkQzV3", "pi": "pi_3OM6g8Hc7saDO3Vo1G9T4brj"}		182	1
2003	EUR	10.28	10.28	0.00	{"transaction_secret": "zRwrJnnhiwZWfDu5", "pi": "pi_3OM6hlHc7saDO3Vo1ykVrWqY"}		183	1
2004	EUR	10.28	10.28	0.00	{"transaction_secret": "cMQVWjphefEOVB20", "pi": "pi_3OM6kRHc7saDO3Vo1E6L8Stm"}		184	1
2005	EUR	10.28	10.28	0.00	{"transaction_secret": "_KFtf6wkkfDb4Omu", "pi": "pi_3OM6o0Hc7saDO3Vo0pyoppZO"}		185	1
2006	EUR	101.33	101.33	0.00	{"transaction_secret": "6554l_zIJ1Rn_FKq", "pi": "pi_3OM7FyHc7saDO3Vo1GD915YD"}		186	1
2007	EUR	10.28	10.28	0.00	{"transaction_secret": "3MoGOAyIBp8rhsrH", "pi": "pi_3OM7HRHc7saDO3Vo1pTNHhtL"}		187	1
2008	EUR	10.28	10.28	0.00	{"transaction_secret": "RLIMOb6uSnGfT_0l", "pi": "pi_3OM7KHHc7saDO3Vo10rYGs3E"}		188	1
2009	EUR	10.28	10.28	0.00	{"transaction_secret": "cILMnAYiXL-BHOJk", "pi": "pi_3OM7OCHc7saDO3Vo06WdufRo"}		189	1
2010	EUR	10.28	10.28	0.00	{"transaction_secret": "gxLZ848XS0ihteNy", "pi": "pi_3OM7PCHc7saDO3Vo0YNVSlT8"}		190	1
2011	EUR	10.28	10.28	0.00	{"transaction_secret": "f1yuOLGL9orEeoEH", "pi": "pi_3OM7REHc7saDO3Vo15reUrzM"}		191	1
2012	EUR	10.28	10.28	0.00	{"transaction_secret": "pfyBTjYbCgI5lvY4", "pi": "pi_3OM7SsHc7saDO3Vo0704aw2M"}		192	1
2013	EUR	10.28	10.28	0.00	{"transaction_secret": "9PpW96RZBAHJ0UEl", "pi": "pi_3OM7dnHc7saDO3Vo1IyJiySC"}		193	1
2014	EUR	10.28	10.28	0.00	{"transaction_secret": "5UsF_4rqUxK8pwzP", "pi": "pi_3OM7ffHc7saDO3Vo0Dnp593y"}		194	1
2015	EUR	10.28	10.28	0.00	{"transaction_secret": "P_e_fvqQosI8Yczs", "pi": "pi_3OM7jxHc7saDO3Vo0zB3tX0Z"}		195	1
2016	EUR	91.05	91.05	0.00	{"transaction_secret": "94HBNJZL6rmxhzNt", "pi": "pi_3OM7ljHc7saDO3Vo0XlwtXGN"}		196	1
2017	EUR	91.05	91.05	0.00	{"transaction_secret": "X8fnwDSKWwFBPUDf", "pi": "pi_3OM7qBHc7saDO3Vo0fbWrfcS"}		197	1
2018	EUR	91.05	91.05	0.00	{"transaction_secret": "NJvV3UnYDtsQPUPk", "pi": "pi_3OM8P5Hc7saDO3Vo0KGF2hJm"}		198	1
2019	EUR	10.28	10.28	0.00	{"transaction_secret": "KXLmu4Rx0IMNTGmP", "pi": "pi_3OM8QkHc7saDO3Vo0NYrhzg0"}		199	1
2020	EUR	10.28	10.28	0.00	{"transaction_secret": "KOovQTrhkF553OXu", "pi": "pi_3OM8TfHc7saDO3Vo0BJ25MiJ"}		200	1
2021	EUR	91.05	91.05	0.00	{"transaction_secret": "NrvgnPWChVI9WHwG", "pi": "pi_3OM8aPHc7saDO3Vo0A23elhv"}		201	1
2022	EUR	91.05	91.05	0.00	{"transaction_secret": "L3v-4d2X27i8eUYK", "pi": "pi_3OM8dcHc7saDO3Vo0zX9AFk2"}		202	1
2023	EUR	10.28	10.28	0.00	{"transaction_secret": "hTbXE1E2XQOHjldB", "pi": "pi_3OM8j1Hc7saDO3Vo07kt1o0Q"}		203	1
2024	EUR	91.05	91.05	0.00	{"transaction_secret": "iuNMtZVqsR0m1lp5", "pi": "pi_3OM8kPHc7saDO3Vo09oP8b87"}		204	1
2025	EUR	10.28	10.28	0.00	{"transaction_secret": "hWD2aM175j1qnZGo", "pi": "pi_3OM8lVHc7saDO3Vo1knKhxdS"}		205	1
2026	EUR	182.10	182.10	0.00	{"transaction_secret": "T428jaldgRsRvoPU", "pi": "pi_3OM8o3Hc7saDO3Vo1TXkqbMm"}		206	1
2027	EUR	10.28	10.28	0.00	{"transaction_secret": "0uuVuWAcS6LSMSf-", "pi": "pi_3OM8rMHc7saDO3Vo12nDHK3C"}		207	1
2028	EUR	5.44	5.44	0.00	{"transaction_secret": "vg9ebFURMXgB9ow3", "pi": "pi_3OM8uiHc7saDO3Vo11soWVoW"}		208	1
2029	EUR	5.44	5.44	0.00	{"transaction_secret": "n_611NTr4ZeSEGWD", "pi": "pi_3OM8zUHc7saDO3Vo0RChi8td"}		209	1
2030	EUR	5.44	5.44	0.00	{"transaction_secret": "layqtZDrXYWoGZMU", "pi": "pi_3OM96HHc7saDO3Vo1Nn45Jnt"}		210	1
2031	EUR	5.44	5.44	0.00	{"transaction_secret": "jv6hgL8Nf4LOog3G", "pi": "pi_3OM98tHc7saDO3Vo1IKsTA4B"}		211	1
2032	EUR	5.44	5.44	0.00	{"transaction_secret": "_oofQ5z7DVrO_Sf_", "pi": "pi_3OM9HHHc7saDO3Vo0X0IJV8p"}		212	1
2033	EUR	5.44	5.44	0.00	{"transaction_secret": "bv7q08ws72ZPgoKV", "pi": "pi_3OM9R6Hc7saDO3Vo0n4tHxj8"}		213	1
2034	EUR	5.44	5.44	0.00	{"transaction_secret": "JtTh_k7nQ6k-KT-i", "pi": "pi_3OM9WbHc7saDO3Vo1pHaXNGP"}		214	1
2035	EUR	5.44	5.44	0.00	{"transaction_secret": "MuzmEw2ecIYFNOBd", "pi": "pi_3OM9ZxHc7saDO3Vo0byTxvwN"}		215	1
2036	EUR	5.44	5.44	0.00	{"transaction_secret": "z6e0CdJmHF-NPRmg", "pi": "pi_3OM9eBHc7saDO3Vo0u6FgkkM"}		216	1
2037	EUR	5.44	5.44	0.00	{"transaction_secret": "Swf3k3Uyt5yK--Wf", "pi": "pi_3OM9gwHc7saDO3Vo0H9RnybF"}		217	1
2038	EUR	5.44	5.44	0.00	{"transaction_secret": "hSPuJG_bYSaga01u", "pi": "pi_3OM9ogHc7saDO3Vo10Ec27Dj"}		218	1
2039	EUR	5.44	5.44	0.00	{"transaction_secret": "TgaZLrCOekdDDr9u", "pi": "pi_3OM9vhHc7saDO3Vo0VhQ7rjM"}		219	1
2040	EUR	5.44	5.44	0.00	{"transaction_secret": "Q6m0mSfUomz8eTOc", "pi": "pi_3OMA3QHc7saDO3Vo1UE5bwoB"}		220	1
2041	EUR	5.44	5.44	0.00	{"transaction_secret": "aeEV-wMf7PPmumXz", "pi": "pi_3OMA9PHc7saDO3Vo0dWbtS6r"}		221	1
2042	EUR	5.44	5.44	0.00	{"transaction_secret": "Y5RSIG9e-ONO6Urq", "pi": "pi_3OMAAuHc7saDO3Vo15M1loOK"}		222	1
2043	EUR	5.44	5.44	0.00	{"transaction_secret": "JQKoQhMFXaIsusGg", "pi": "pi_3OMADvHc7saDO3Vo1GqjzVKk"}		223	1
2044	EUR	5.44	5.44	0.00	{"transaction_secret": "x7T0Kt7kFhKUBX2s", "pi": "pi_3OMAG6Hc7saDO3Vo0vqHjWB9"}		224	1
2045	EUR	5.44	5.44	0.00	{"transaction_secret": "NX4NvFffC5llcHGb", "pi": "pi_3OMAHaHc7saDO3Vo0rfODL68"}		225	1
2046	EUR	5.44	5.44	0.00	{"transaction_secret": "PiOm19k9Bo-zQVN2", "pi": "pi_3OMAJEHc7saDO3Vo1ftkvcH7"}		226	1
2047	EUR	5.44	5.44	0.00	{"transaction_secret": "fxgwlXpfBtaZMvO3", "pi": "pi_3OMAO6Hc7saDO3Vo0zQcD3rp"}		227	1
2048	EUR	5.44	5.44	0.00	{"transaction_secret": "hVvnzr4bVj9jfE3p", "pi": "pi_3OMAUPHc7saDO3Vo1cQuF86K"}		228	1
2049	EUR	5.44	5.44	0.00	{"transaction_secret": "53dWwai5qDYO0E-7", "pi": "pi_3OMo20Hc7saDO3Vo0iNUErIC"}		229	1
2050	EUR	5.44	5.44	0.00	{"transaction_secret": "OSo0Ntw2myJQjE8P", "pi": "pi_3OMoLDHc7saDO3Vo1rj7MGV0"}		230	1
2051	EUR	91.05	91.05	0.00	{"transaction_secret": "uZTU1Z6UuqvyqTdC", "pi": "pi_3OMoxbHc7saDO3Vo12lqlOB7"}		231	1
2052	EUR	10.28	10.28	0.00	{"transaction_secret": "Va4A_YLUVEpJQwUC", "pi": "pi_3OMp3OHc7saDO3Vo0lqpbzpX"}		232	1
2053	EUR	10.28	10.28	0.00	{"transaction_secret": "MGtEww4U1YtecvmL", "pi": "pi_3OMp5lHc7saDO3Vo0cSspggm"}		233	1
2054	EUR	10.28	10.28	0.00	{"transaction_secret": "WyiZlHEVaKE9O0rq", "pi": "pi_3OMp8XHc7saDO3Vo0K29uB0x"}		234	1
2055	EUR	10.28	10.28	0.00	{"transaction_secret": "HGHn3yVdU1Oai7uU", "pi": "pi_3OMpE3Hc7saDO3Vo0E44a7Nv"}		235	1
2056	EUR	10.28	10.28	0.00	{"transaction_secret": "l4dnfx4mwgoMzH33", "pi": "pi_3OMpIxHc7saDO3Vo1tv1dwPu"}		236	1
2057	EUR	10.28	10.28	0.00	{"transaction_secret": "iv8bx1rekeaxrl8M", "pi": "pi_3OMpOcHc7saDO3Vo02WH3fm4"}		237	1
2058	EUR	91.05	91.05	0.00	{"transaction_secret": "spdVyGIwx5-EDmub", "pi": "pi_3OMpZcHc7saDO3Vo0N76bQd5"}		238	1
2059	EUR	10.28	10.28	0.00	{"transaction_secret": "OB7rSB_uSDn578AH", "pi": "pi_3OMpaYHc7saDO3Vo0XDi9LWD"}		239	1
2060	EUR	10.28	10.28	0.00	{"transaction_secret": "btUC6aPUyoSVQwAc", "pi": "pi_3OMpdcHc7saDO3Vo02VGfKvr"}		240	1
2061	EUR	10.28	10.28	0.00	{"transaction_secret": "bmzBJrxi1zfKMiHl", "pi": "pi_3OMpeHHc7saDO3Vo1oEOHdUP"}		241	1
2062	EUR	91.05	91.05	0.00	{"transaction_secret": "nimBasRUtKkmr1H_", "pi": "pi_3OMpfwHc7saDO3Vo0byDXkWg"}		242	1
2063	EUR	10.28	10.28	0.00	{"transaction_secret": "CZjFUdhZA3NRXiuS", "pi": "pi_3ONAGRHc7saDO3Vo0EeX0sSK"}		243	1
2064	EUR	10.28	10.28	0.00	{"transaction_secret": "yZWQi0wAoaLHO1--", "pi": "pi_3ONAS0Hc7saDO3Vo1UHVxQzA"}		244	1
2065	EUR	10.28	10.28	0.00	{"transaction_secret": "FLGdDJl2v4LaB2ip", "pi": "pi_3ONAaXHc7saDO3Vo1ZLBuNEQ"}		245	1
2066	EUR	10.28	10.28	0.00	{"transaction_secret": "Pt9W7tzBVtKnJN9x", "pi": "pi_3ONB8vHc7saDO3Vo1NEsq7xk"}		246	1
2067	EUR	15.72	15.72	0.00	{"transaction_secret": "OGo15CYfWk9Jz4Fy", "pi": "pi_3ONBBQHc7saDO3Vo098JJMzO"}		247	1
2068	EUR	91.05	91.05	0.00	{"transaction_secret": "d4SXHGSVpD47_wXt", "pi": "pi_3ONBI8Hc7saDO3Vo1X67tfDS"}		248	1
2069	EUR	91.05	91.05	0.00	{"transaction_secret": "Vku7qz5J_n4gJX1Y", "pi": "pi_3ONBKFHc7saDO3Vo0MaSN4o5"}		249	1
2070	EUR	91.05	91.05	0.00	{"transaction_secret": "M064F-7mudT54rcH", "pi": "pi_3ONBO3Hc7saDO3Vo1ROdyjAC"}		250	1
2071	EUR	91.05	91.05	0.00	{"transaction_secret": "PjsipPFCzc2rapxw", "pi": "pi_3ONBVVHc7saDO3Vo1hRwD07e"}		251	1
2072	EUR	91.05	91.05	0.00	{"transaction_secret": "hUx-84W9ZnEu6XHx", "pi": "pi_3ONBYNHc7saDO3Vo1GqrAKVG"}		252	1
2073	EUR	5.44	5.44	0.00	{"transaction_secret": "UhLzM1yI0A-fXDP_", "pi": "pi_3ONBbRHc7saDO3Vo0Q2qMDFz"}		253	1
2074	EUR	5.44	5.44	0.00	{"transaction_secret": "yKqihrE7O7SBlrWF", "pi": "pi_3ONBgzHc7saDO3Vo0dA2w4e5"}		254	1
2075	EUR	91.05	91.05	0.00	{"transaction_secret": "WL7y6GzQa6C1v--X", "pi": "pi_3ONBmQHc7saDO3Vo1OnUAIa5"}		255	1
2076	EUR	5.44	5.44	0.00	{"transaction_secret": "u-6OZlDI3eDptO4j", "pi": "pi_3ONBuCHc7saDO3Vo1qXSSCLe"}		256	1
2077	EUR	5.44	5.44	0.00	{"transaction_secret": "-uXMqksNpZNL3FzS", "pi": "pi_3ONByOHc7saDO3Vo0dNhb7qU"}		257	1
2078	EUR	5.44	5.44	0.00	{"transaction_secret": "358uVT-Qop2a1KFY", "pi": "pi_3ONC0KHc7saDO3Vo11hWTS45"}		258	1
2079	EUR	91.05	91.05	0.00	{"transaction_secret": "ecCoNwxXxqPEZ6aN", "pi": "pi_3ONC1BHc7saDO3Vo0gIxVt7e"}		259	1
2080	EUR	91.05	91.05	0.00	{"transaction_secret": "c9Zs4KiB_AS774Ct", "pi": "pi_3ONCIXHc7saDO3Vo1YTScMZr"}		260	1
2081	EUR	91.05	91.05	0.00	{"transaction_secret": "c4tGiqM7O4esN5fa", "pi": "pi_3ONCUWHc7saDO3Vo17gCyxo9"}		261	1
2082	EUR	91.05	91.05	0.00	{"transaction_secret": "ZWP5I9ceVIBSMPz1", "pi": "pi_3ONCb5Hc7saDO3Vo0Tf9BYo6"}		262	1
2083	EUR	91.05	91.05	0.00	{"transaction_secret": "CRcTM8RKRnXZbXis", "pi": "pi_3ONCk6Hc7saDO3Vo0f60svcz"}		263	1
2084	EUR	91.05	91.05	0.00	{"transaction_secret": "4Gi_3ojr_tb1EJqb", "pi": "pi_3ONCmVHc7saDO3Vo01DxzfMu"}		264	1
2085	EUR	91.05	91.05	0.00	{"transaction_secret": "XZyY03Nxg45nKeE-", "pi": "pi_3ONCnOHc7saDO3Vo0vL88906"}		265	1
2086	EUR	91.05	91.05	0.00	{"transaction_secret": "IDb_7T8DCQJ1jykE", "pi": "pi_3ONCqdHc7saDO3Vo0yqBwcxY"}		266	1
2087	EUR	91.05	91.05	0.00	{"transaction_secret": "oqERyt7de4-wIrgZ", "pi": "pi_3ONCtkHc7saDO3Vo0RBVNSzb"}		267	1
2088	EUR	91.05	91.05	0.00	{"transaction_secret": "-wNlus-emq0xr1dj", "pi": "pi_3ONCvoHc7saDO3Vo0PL0AzaS"}		268	1
2089	EUR	91.05	91.05	0.00	{"transaction_secret": "_QMDMZb_C9NtRBcP", "pi": "pi_3ONCx3Hc7saDO3Vo1SWCVE7W"}		269	1
2090	EUR	91.05	91.05	0.00	{"transaction_secret": "GmrRIu_IVovvuGEs", "pi": "pi_3OND02Hc7saDO3Vo1EHSW0h8"}		270	1
2091	EUR	91.05	91.05	0.00	{"transaction_secret": "d6wB2lluV7Du-DVP", "pi": "pi_3ONGEXHc7saDO3Vo0a6LVlIf"}		271	1
2092	EUR	91.05	91.05	0.00	{"transaction_secret": "n3hzIlhC0hLgTld4", "pi": "pi_3ONGHsHc7saDO3Vo1Wm31A5U"}		272	1
2093	EUR	91.05	91.05	0.00	{"transaction_secret": "Bx7NUZTmAESYc29j", "pi": "pi_3ONGN8Hc7saDO3Vo1tnwrC7Q"}		273	1
2094	EUR	91.05	91.05	0.00	{"transaction_secret": "HYRyfP2ltPQxf0lb", "pi": "pi_3ONGOpHc7saDO3Vo1SyLD3U5"}		274	1
2095	EUR	91.05	91.05	0.00	{"transaction_secret": "REyYHdK7rPt8wzsA", "pi": "pi_3ONGjNHc7saDO3Vo1SAxUl7Z"}		275	1
2096	EUR	91.05	91.05	0.00	{"transaction_secret": "JI5WU_kZj9ggDa2T", "pi": "pi_3ONH1MHc7saDO3Vo0476D8Lo"}		276	1
2097	EUR	91.05	91.05	0.00	{"transaction_secret": "DWxqvkeey3XiMBWj", "pi": "pi_3ONH44Hc7saDO3Vo0tP2QGoH"}		277	1
2098	EUR	91.05	91.05	0.00	{"transaction_secret": "H2o9HMN7LBux1MxH", "pi": "pi_3ONXM4Hc7saDO3Vo0hmCX3MW"}		278	1
2099	EUR	91.05	91.05	0.00	{"transaction_secret": "sXG05i0uJekJI6dd", "pi": "pi_3ONXNuHc7saDO3Vo0SFhzS88"}		279	1
2100	EUR	91.05	91.05	0.00	{"transaction_secret": "8u1GJMRfyLm253bq", "pi": "pi_3ONXVDHc7saDO3Vo1Drf8lpk"}		280	1
2101	EUR	91.05	91.05	0.00	{"transaction_secret": "V1RzxR9aeFQqTxz9", "pi": "pi_3ONXW5Hc7saDO3Vo1zwkk9hF"}		281	1
2102	EUR	91.05	91.05	0.00	{"transaction_secret": "qVDRXwUcn6Yjbdr2", "pi": "pi_3ONXWtHc7saDO3Vo0X8WPYXf"}		282	1
2103	EUR	91.05	91.05	0.00	{"transaction_secret": "SMYp_xh4I8GvvddJ", "pi": "pi_3ONXppHc7saDO3Vo19NvHzoc"}		283	1
2104	EUR	91.05	91.05	0.00	{"transaction_secret": "p3LEtpkDa1fUp0Dl", "pi": "pi_3ONY4rHc7saDO3Vo1Y7Gh7Q1"}		284	1
2105	EUR	91.05	91.05	0.00	{"transaction_secret": "4j2_-Ro4muOugfmG", "pi": "pi_3ONYQ4Hc7saDO3Vo0HU3hSlW"}		285	1
2106	EUR	91.05	91.05	0.00	{"transaction_secret": "uAzE-0KSbQq6tXD5", "pi": "pi_3ONYURHc7saDO3Vo01GaKm2k"}		286	1
2107	EUR	91.05	91.05	0.00	{"transaction_secret": "oaO7oqG-H1yIN09G", "pi": "pi_3ONYV8Hc7saDO3Vo1XoyLyV8"}		287	1
2108	EUR	5.44	5.44	0.00	{"transaction_secret": "On3t7ntsrMTYPM-F", "pi": "pi_3ONYa6Hc7saDO3Vo0EmgzdvO"}		288	1
2109	EUR	5.44	5.44	0.00	{"transaction_secret": "aruoVQp6MJlYh6gM", "pi": "pi_3ONaG3Hc7saDO3Vo1tjZz4hw"}		289	1
2110	EUR	97.10	97.10	0.00	{"transaction_secret": "VrHgMd5MDddm6_WO", "pi": "pi_3OOfcVHc7saDO3Vo0M26kwz3"}		290	1
2111	EUR	51.28	51.28	0.00	{"transaction_secret": "aSZVQmf0ciHGeVNR", "pi": "pi_3OP8CsHc7saDO3Vo0ZP9YNFQ"}		291	1
2112	EUR	8.77	8.77	0.00	{"transaction_secret": "LaFc_PA-GOsLoyta", "pi": "pi_3OPirOHc7saDO3Vo1aJLGfRL"}		292	1
2113	EUR	5.98	5.98	0.00	{"transaction_secret": "IrFglEgS3bBPjgy3", "pi": "pi_3OSl1hHc7saDO3Vo1jbiB3Z5"}		293	1
2114	EUR	22.22	22.22	0.00	{"transaction_secret": "uKTLlwlqvlJEIk5Q", "pi": "pi_3OSmEcHc7saDO3Vo038OOA9z"}		294	1
2115	EUR	21.39	21.39	0.00	{"transaction_secret": "lWhTXuUb08xzK4wa", "pi": "pi_3OSmJ5Hc7saDO3Vo1qp3DWTB"}		295	1
2116	EUR	30.24	30.24	0.00	{"transaction_secret": "W8ulFnypZBurzO6v", "pi": "pi_3OT0p8Hc7saDO3Vo1bdgGg2W"}		296	1
2117	EUR	112.95	112.95	0.00	{"transaction_secret": "phQ1ipRFVkrC1Uiv", "pi": "pi_3OVDICHc7saDO3Vo01ZReQC9"}		297	1
2118	EUR	114.95	114.95	0.00	{"transaction_secret": "pso-ipntie-oNFOR", "pi": "pi_3OVDMCHc7saDO3Vo1fZETBeO"}		298	1
2119	EUR	114.95	114.95	0.00	{"transaction_secret": "ahSJD5IvM_Evefdn", "pi": "pi_3OVDRNHc7saDO3Vo1DEbYk65"}		299	1
2120	EUR	229.90	229.90	0.00	{"transaction_secret": "5SqwEg6cOWCOj6L4", "pi": "pi_3OVDTlHc7saDO3Vo1FtWHeP4"}		300	1
2121	EUR	114.95	114.95	0.00	{"transaction_secret": "e68JuknX-U1VIPfX", "pi": "pi_3OVERNHc7saDO3Vo0frQDxmC"}		301	1
2122	EUR	10.12	10.12	0.00	{"transaction_secret": "40AlckbI-vhdrk9P", "pi": "pi_3OVET1Hc7saDO3Vo0hOk2pqy"}		302	1
2123	EUR	25.24	25.24	0.00	{"transaction_secret": "UjMWMfASl7BqVMMF", "pi": "pi_3OVFLOHc7saDO3Vo0BMYlkEq"}		303	1
2124	EUR	112.95	112.95	0.00	{"transaction_secret": "S5G49lzyRpKMPgXb", "pi": "pi_3OVyxeHc7saDO3Vo1B0Dmk2A"}		304	1
2125	EUR	22.22	22.22	0.00	{"transaction_secret": "QL-a41_NVMAR0yar", "pi": "pi_3OVz2BHc7saDO3Vo0UJ5wCtO"}		305	1
2126	EUR	20.99	20.99	0.00	{"transaction_secret": "U9ygg5dT-moqbjXQ", "pi": "pi_3OVz4MHc7saDO3Vo00gnzmtJ"}		306	1
2127	EUR	18.15	18.15	0.00	{"transaction_secret": "jnGQ13KsP83fvhQr", "pi": "pi_3OVzBbHc7saDO3Vo0bj00ypM"}		307	1
2128	EUR	91.05	91.05	0.00	{"transaction_secret": "kR-PSZVzNQYtPhp0", "pi": "pi_3OVzOyHc7saDO3Vo1ziFbPNv"}		308	1
2129	EUR	15.12	15.12	0.00	{"transaction_secret": "fau0pkIbt3BnleoJ", "pi": "pi_3OVzR3Hc7saDO3Vo19zzI7vj"}		309	1
2130	EUR	5.44	5.44	0.00	{"transaction_secret": "szUACMG8q7CxddrC", "pi": "pi_3OVzT0Hc7saDO3Vo0xNag1WV"}		310	1
2131	EUR	15.12	15.12	0.00	{"transaction_secret": "QQbj7HCpfS28OFTx", "pi": "pi_3OVzXiHc7saDO3Vo1lhv7Syv"}		311	1
2132	EUR	91.05	91.05	0.00	{"transaction_secret": "jwWR06xCS_9JIr-i", "pi": "pi_3OVzZLHc7saDO3Vo04WE8d31"}		312	1
2133	EUR	6.05	6.05	0.00	{"transaction_secret": "scnsb7_eBdQ2rv5P", "pi": "pi_3OVzbRHc7saDO3Vo0lDcrubT"}		313	1
2134	EUR	6.05	6.05	0.00	{"transaction_secret": "TT_e_XWt8t_ZJL8m", "pi": "pi_3OVzgcHc7saDO3Vo0GMb1nx4"}		314	1
2135	EUR	15.12	15.12	0.00	{"transaction_secret": "iAZucpVI0CjNiNS7", "pi": "pi_3OVzhnHc7saDO3Vo0X8ZuYv0"}		315	1
2136	EUR	28.26	28.26	0.00	{"transaction_secret": "hi3vlI5Xj6LpDX3Z", "pi": "pi_3OmXowHc7saDO3Vo0k4o5ZQ8"}		316	1
2137	EUR	27.03	27.03	0.00	{"transaction_secret": "ysiKOrIXCda1qX8k", "pi": "pi_3OmXs3Hc7saDO3Vo1QlnFWuT"}		317	1
2138	EUR	20.99	20.99	0.00	{"transaction_secret": "tAO_TnFlVVqOmr34", "pi": "pi_3OmXykHc7saDO3Vo0yeEQGsm"}		318	1
2139	EUR	16.32	16.32	0.00	{"transaction_secret": "HFL6PoGPATUZPJHh", "pi": "pi_3OmZnGHc7saDO3Vo05SjerfK"}		319	1
2140	EUR	272.85	272.85	0.00	{"transaction_secret": "bIALkbxx-BCbb32N", "pi": "pi_3OmzGZHc7saDO3Vo0G8eaeds"}		320	1
2141	EUR	37.50	37.50	0.00	{"transaction_secret": "F5IRV86SVhNOVc06", "pi": "pi_3OnLB2Hc7saDO3Vo012ChNQH"}		321	1
2142	EUR	48.46	48.46	0.00	{"transaction_secret": "zaDUtS4V1cy307v9", "pi": "pi_3OoMwJHc7saDO3Vo1kP88g58"}		323	1
2143	EUR	44.17	44.17	0.00	{"transaction_secret": "gRYd5gn2cGYPct6B", "pi": "pi_3OoO3DHc7saDO3Vo1QuxHEi0"}		324	1
2144	EUR	40.81	40.81	0.00	{"transaction_secret": "5yvcbA-z-WF2MAxT", "pi": "pi_3OopfLHc7saDO3Vo0VKtEWod"}		325	1
2145	EUR	49.14	49.14	0.00	{"transaction_secret": "_HoCQZ5woSUqiytM", "pi": "pi_3Op84UHc7saDO3Vo0dpgYmFm"}		326	1
2146	EUR	36.88	36.88	0.00	{"transaction_secret": "HNO9xMFOltQJaJG0sNU", "pi": "pi_3OpAuaHc7saDO3Vo0dvRxJXK"}		327	1
2147	EUR	23.10	23.10	0.00	{"transaction_secret": "DuwZks9AnATa9z9IKV0", "pi": "pi_3OqZL5Hc7saDO3Vo0gwZDkYS"}		328	1
2148	EUR	18.26	18.26	0.00	{"transaction_secret": "ZhYM8QSFgwNrNconXWc", "pi": "pi_3OqvPJHc7saDO3Vo1pYPawFZ"}		329	1
2149	EUR	11.16	11.16	0.00	{"transaction_secret": "pIYxU6OSka46XzF2HqE", "pi": "pi_3OqvQbHc7saDO3Vo1JDDqBCv"}		330	1
2150	EUR	91.05	91.05	0.00	{"transaction_secret": "zufNRai-286fnbhMBSg", "pi": "pi_3OqxoJHc7saDO3Vo1dUAsyog"}		331	1
2151	EUR	91.05	91.05	0.00	{"transaction_secret": "TlVveG4yVP3pIBC88RQ", "pi": "pi_3OrgSHHc7saDO3Vo07NMSYCD"}		332	1
2152	EUR	18.26	18.26	0.00	{"transaction_secret": "uRM4zAFju1UURaHM6N0", "pi": "pi_3OrgVCHc7saDO3Vo0tBwRzoc"}		333	1
2153	EUR	11.16	11.16	0.00	{"transaction_secret": "ZQoPsz08zy65DpjobJs", "pi": "pi_3OrgWLHc7saDO3Vo0Z8MrTr4"}		334	1
2154	EUR	91.05	91.05	0.00	{"transaction_secret": "aUwpOmzLbjfEyWkt0rY", "pi": "pi_3OrgsPHc7saDO3Vo1odH42tB"}		335	1
2155	EUR	90.75	90.75	0.00	{"transaction_secret": "ikf1j1282u6KgTkv5Gc", "pi": "pi_3OrgvMHc7saDO3Vo0FcyzfW5"}		336	1
2156	EUR	27.03	27.03	0.00	{"transaction_secret": "GYzIce6zkBsPe7cuGfo", "pi": "pi_3OrgyMHc7saDO3Vo1XLVMPVt"}		337	1
2157	EUR	16.60	16.60	0.00	{"transaction_secret": "4s8CILhZR-8Et2wbwiQ", "pi": "pi_3OrhEWHc7saDO3Vo1KwR2Ue8"}		338	1
2158	EUR	103.27	103.27	0.00	{"transaction_secret": "gPLoqN0xUxemV6CPeY4", "pi": "pi_3OrhILHc7saDO3Vo18yCJ7Is"}		339	1
2159	EUR	12.09	12.09	0.00	{"transaction_secret": "wkQ_3bAzxdfaqPAbLWo", "pi": "pi_3OrhSnHc7saDO3Vo0tLf4yfl"}		340	1
2160	EUR	28.26	28.26	0.00	{"transaction_secret": "tVsA1W2f7LqQts04bjY", "pi": "pi_3OrhkAHc7saDO3Vo1KYVNXRM"}		341	1
2161	EUR	28.26	28.26	0.00	{"transaction_secret": "Kg5dr1pygSuVxvSr68w", "pi": "pi_3Orhl1Hc7saDO3Vo14BkCYCk"}		342	1
2162	EUR	12.09	12.09	0.00	{"transaction_secret": "QhjiUezKlvXO893kQ_U", "pi": "pi_3OrhmvHc7saDO3Vo1quNLYFf"}		343	1
2163	EUR	28.26	28.26	0.00	{"transaction_secret": "JV2sqlHuRgg05XdWnjI", "pi": "pi_3OrhtjHc7saDO3Vo0sj9npuz"}		344	1
2164	EUR	91.05	91.05	0.00	{"transaction_secret": "r1WlDckncvKx-C-2-Fk", "pi": "pi_3Ori3FHc7saDO3Vo1mosMn78"}		345	1
2165	EUR	16.32	16.32	0.00	{"transaction_secret": "bGo8M19EJZYYQ1VhPjY", "pi": "pi_3Ori6kHc7saDO3Vo1ZV5bIof"}		346	1
2166	EUR	16.32	16.32	0.00	{"transaction_secret": "M_cw0KxSAx8x3-8kd5Q", "pi": "pi_3OriN9Hc7saDO3Vo09vHZTGU"}		347	1
2167	EUR	12.09	12.09	0.00	{"transaction_secret": "yuLhMtHgL4uzqpP6ubk", "pi": "pi_3OriQgHc7saDO3Vo1oUgn5s6"}		348	1
2168	EUR	21.16	21.16	0.00	{"transaction_secret": "jVaAPHbBaMFthBVTjAQ", "pi": "pi_3OriTmHc7saDO3Vo0BAchbjY"}		349	1
2169	EUR	28.26	28.26	0.00	{"transaction_secret": "nfIQDWiuXe7PQVoifGU", "pi": "pi_3OriWXHc7saDO3Vo0zBIpNyL"}		350	1
2170	EUR	12.09	12.09	0.00	{"transaction_secret": "SK79sQxiQH8XXBvn35g", "pi": "pi_3OriYnHc7saDO3Vo0pI7Spjf"}		351	1
2171	EUR	80.73	80.73	0.00	{"transaction_secret": "bb2AxG73t4mvhQWVfig", "pi": "pi_3Os4zlHc7saDO3Vo0GOB2jqj"}		352	1
2172	EUR	16.32	16.32	0.00	{"transaction_secret": "wx6YKleUPPg-LeBMHeU", "pi": "pi_3Ot4G8Hc7saDO3Vo0LaYBRZH"}		353	1
2173	EUR	16.32	16.32	0.00	{"transaction_secret": "iLIutGs_EShqiIg_X-M", "pi": "pi_3Ot4aDHc7saDO3Vo0EeZZw3a"}		354	1
2174	EUR	101.33	101.33	0.00	{"transaction_secret": "XwZt1HQn5lZ9tYcMo5k", "pi": "pi_3OtQf6Hc7saDO3Vo1OGlQ2tx"}		355	1
2175	EUR	113.27	113.27	0.00	{"transaction_secret": "Pm8CdMgrjCt0HN56Zv0", "pi": "pi_3OtQneHc7saDO3Vo1kNgXblm"}		356	1
2176	EUR	26.04	26.04	0.00	{"transaction_secret": "0blx2barjquFJgaD370", "pi": "pi_3OtUb1Hc7saDO3Vo0aUjclch"}		357	1
2177	EUR	26.04	26.04	0.00	{"transaction_secret": "4qxwRpzJI37oOKPLbZw", "pi": "pi_3OtXWHHc7saDO3Vo0zcOigQi"}		358	1
2178	EUR	26.04	26.04	0.00	{"transaction_secret": "fD0Fc_1minkXzQPGhWw", "pi": "pi_3OuEfxHc7saDO3Vo1rL1NosR"}		359	1
2179	EUR	27.03	27.03	0.00	{"transaction_secret": "pJMZO-NJi9RP5AIuj6Y", "pi": "pi_3OuEieHc7saDO3Vo1zs8HBd2"}		360	1
2180	EUR	50.25	50.25	0.00	{"transaction_secret": "9IpN9xvgjmR_10YoeJ4", "pi": "pi_3OvbS5Hc7saDO3Vo0pa4KHhF"}		361	1
2181	EUR	30.25	30.25	0.00	{"transaction_secret": "cCgU_P2Qr_mvVp9MxWo", "pi": "pi_3Ovc0FHc7saDO3Vo0Aouc9u5"}		362	1
2182	EUR	30.25	30.25	0.00	{"transaction_secret": "lq0KOQiTY3OTbHzHc0s", "pi": "pi_3Ovc48Hc7saDO3Vo1a9Y90TU"}		363	1
2183	EUR	30.25	30.25	0.00	{"transaction_secret": "1lxO_MGaiNaseIzR-Gg", "pi": "pi_3Ovc8PHc7saDO3Vo1ge4Qfgf"}		364	1
2184	EUR	30.25	30.25	0.00	{"transaction_secret": "9BjtE-wFKFpR-85Gi80", "pi": "pi_3OvcAgHc7saDO3Vo0LuofT3U"}		365	1
2185	EUR	27.03	27.03	0.00	{"transaction_secret": "8iLP0atVjl6fQ7bXvF0", "pi": "pi_3OvcHLHc7saDO3Vo1i5cD9kw"}		366	1
2186	EUR	27.03	27.03	0.00	{"transaction_secret": "ozdSSk_VKmfJ5DJrYF0", "pi": "pi_3OvcS3Hc7saDO3Vo0eOPsnxU"}		367	1
2187	EUR	19.65	19.65	0.00	{"transaction_secret": "QQNkVHqH1w_v3yCDfO4", "pi": "pi_3OvdHcHc7saDO3Vo0pxfavQa"}		368	1
2188	EUR	19.65	19.65	0.00	{"transaction_secret": "yAbpXU1g8agyytWiz7k", "pi": "pi_3OvdJVHc7saDO3Vo16sUWrPk"}		369	1
2189	EUR	26.04	26.04	0.00	{"transaction_secret": "T9oLevZQ-MFyqMrw0Sg", "pi": "pi_3OvdL9Hc7saDO3Vo0ehpC5rn"}		370	1
2190	EUR	33.61	33.61	0.00	{"transaction_secret": "gDnTQv1lZn5BEtpWKxo", "pi": "pi_3OvdQSHc7saDO3Vo1C00v4AU"}		371	1
2191	EUR	33.61	33.61	0.00	{"transaction_secret": "Y2vMqrc5qTbUML5djw0", "pi": "pi_3OvdiyHc7saDO3Vo0Y7QEofu"}		372	1
2192	EUR	96.19	96.19	0.00	{"transaction_secret": "m60a_TbPjPWBZEa_JmM", "pi": "pi_3OvdonHc7saDO3Vo17b9R9JH"}		373	1
2193	EUR	22.36	22.36	0.00	{"transaction_secret": "gX_VbcuaOPO3zDUrapE", "pi": "pi_3OvdubHc7saDO3Vo0jpQiaG3"}		374	1
2194	EUR	22.36	22.36	0.00	{"transaction_secret": "mG3jlbJL5xGm12aZvdg", "pi": "pi_3Ovdx8Hc7saDO3Vo0Xos0u5E"}		375	1
2195	EUR	91.05	91.05	0.00	{"transaction_secret": "juYt0o7bnwyd990bSHs", "pi": "pi_3Ove7NHc7saDO3Vo1JPF1iBc"}		376	1
2196	EUR	11.48	11.48	0.00	{"transaction_secret": "fxz9sp7DuMhR1y6oS8Y", "pi": "pi_3Ove9tHc7saDO3Vo1KJFlGTX"}		377	1
2197	EUR	12.09	12.09	0.00	{"transaction_secret": "ntlx_6X6SHN_JMoSubA", "pi": "pi_3OveGrHc7saDO3Vo1iuWBtdz"}		378	1
2198	EUR	12.09	12.09	0.00	{"transaction_secret": "SR36d9iB73H364vclfc", "pi": "pi_3OveIUHc7saDO3Vo1O5DRWYY"}		379	1
2199	EUR	90.75	90.75	0.00	{"transaction_secret": "uiZmt50W5Vy_VC3q38A", "pi": "pi_3Ovfi2Hc7saDO3Vo12P05JG1"}		380	1
2200	EUR	27.03	27.03	0.00	{"transaction_secret": "XxJHEVEYwgjN-76_atM", "pi": "pi_3OvfkGHc7saDO3Vo1MBg0lqN"}		381	1
2201	EUR	12.09	12.09	0.00	{"transaction_secret": "Mmlw3C44b55k4X0O744", "pi": "pi_3Ovft8Hc7saDO3Vo0KuKWLQu"}		382	1
2202	EUR	90.75	90.75	0.00	{"transaction_secret": "fnwTvvPaBU9PSH1HtqI", "pi": "pi_3OvfuTHc7saDO3Vo0GAOsAlh"}		383	1
2203	EUR	27.03	27.03	0.00	{"transaction_secret": "rGB9fkLacbPjkFhp25g", "pi": "pi_3Ovg0NHc7saDO3Vo1rVP4GxL"}		384	1
2204	EUR	19.65	19.65	0.00	{"transaction_secret": "BGN4Jrm3fA3Oa_okigU", "pi": "pi_3Ovg2cHc7saDO3Vo0pNhHJez"}		385	1
2205	EUR	91.05	91.05	0.00	{"transaction_secret": "If-jIonvODx5FF4J_ZA", "pi": "pi_3Ovg3eHc7saDO3Vo1EUUFTvF"}		386	1
2206	EUR	11.48	11.48	0.00	{"transaction_secret": "clvg4Ax873wkoaz7MOc", "pi": "pi_3Ovg54Hc7saDO3Vo1abYyXrm"}		387	1
2207	EUR	19.65	19.65	0.00	{"transaction_secret": "xBEJ0EY9OHVK0gpNXVA", "pi": "pi_3Ovg94Hc7saDO3Vo1rNZmjl1"}		388	1
2208	EUR	19.65	19.65	0.00	{"transaction_secret": "xJoeZqD6cc6ddeN5h8A", "pi": "pi_3OvgDwHc7saDO3Vo1ouzYnqB"}		389	1
2209	EUR	11.48	11.48	0.00	{"transaction_secret": "oM1foibGPIJrE1ZxSdg", "pi": "pi_3OvgKRHc7saDO3Vo0XoLHFGs"}		390	1
2210	EUR	26.04	26.04	0.00	{"transaction_secret": "wZk2nl4jCCll0NV3i9g", "pi": "pi_3OvhyxHc7saDO3Vo0Sn1RW8r"}		391	1
2211	EUR	26.04	26.04	0.00	{"transaction_secret": "Mf7hwQER53UyDxm6QK8", "pi": "pi_3OviBNHc7saDO3Vo1RPo8C4Z"}		392	1
2212	EUR	26.04	26.04	0.00	{"transaction_secret": "7nlabg7IUTSOwOgYHhw", "pi": "pi_3OviCRHc7saDO3Vo00NoXMQo"}		393	1
2213	EUR	26.04	26.04	0.00	{"transaction_secret": "S34u-iKfV1iRvYtka2g", "pi": "pi_3OviDuHc7saDO3Vo1Uw57DRH"}		394	1
2214	EUR	11.48	11.48	0.00	{"transaction_secret": "dZbFjCaUn3IOKuFd3gE", "pi": "pi_3OwKGOHc7saDO3Vo1uHajktn"}		395	1
2215	EUR	26.04	26.04	0.00	{"transaction_secret": "UyI-43KRDyyS-F2itRI", "pi": "pi_3OwKHfHc7saDO3Vo0Kt0ehs1"}		396	1
2216	EUR	26.04	26.04	0.00	{"transaction_secret": "Q9YAKskokLwx3qi2dhk", "pi": "pi_3OwKywHc7saDO3Vo1IA69iND"}		397	1
2217	EUR	34.60	34.60	0.00	{"transaction_secret": "0ZEqeg5rXOMiEsBs7gA", "pi": "pi_3OwMLgHc7saDO3Vo05FpYZDG"}		398	1
2218	EUR	21.16	21.16	0.00	{"transaction_secret": "tqhnQiSpgPd4bXkCKso", "pi": "pi_3OwMTEHc7saDO3Vo0DOVdXoq"}		399	1
2219	EUR	19.65	19.65	0.00	{"transaction_secret": "usf-NAdQkmh-KVX6FD4", "pi": "pi_3OwMhEHc7saDO3Vo0fxig0q1"}		400	16
2220	EUR	19.65	19.65	0.00	{"transaction_secret": "Wcq3ORYjOSjSn37USzY", "pi": "pi_3OwMi1Hc7saDO3Vo1VpS8fES"}		401	16
2221	EUR	19.65	19.65	0.00	{"transaction_secret": "LhvtoFK0gKhaZYydzgM", "pi": "pi_3OwMieHc7saDO3Vo0MXNHgeR"}		402	16
2222	EUR	30.25	30.25	0.00	{"transaction_secret": "O2MG6k3aPcEPLg04xzc", "pi": "pi_3OwMv3Hc7saDO3Vo15d04bA7"}		403	16
2223	EUR	30.25	30.25	0.00	{"transaction_secret": "ldpmE5-7srAx2FLlcI8", "pi": "pi_3OwMvgHc7saDO3Vo0v98uxTy"}		404	16
2224	EUR	19.65	19.65	0.00	{"transaction_secret": "YMQZ375RRAvxiUOJx5Y", "pi": "pi_3OwN10Hc7saDO3Vo0hlAoAXS"}		405	16
2225	EUR	30.25	30.25	0.00	{"transaction_secret": "21a8x-Jok14A2TpM0_0", "pi": "pi_3OwN3pHc7saDO3Vo1ohbg95D"}		406	16
2226	EUR	30.25	30.25	0.00	{"transaction_secret": "gGrFqwVSfn1yVF3nl1k", "pi": "pi_3OwN4UHc7saDO3Vo1I2bBAcI"}		407	16
2227	EUR	30.25	30.25	0.00	{"transaction_secret": "6W_cPXkznki-1-KET6g", "pi": "pi_3OwOGHHc7saDO3Vo1dK8wu9u"}		408	16
2228	EUR	19.65	19.65	0.00	{"transaction_secret": "vpZyMwswOBpphxsdYr0", "pi": "pi_3OwOGxHc7saDO3Vo18cbwdDt"}		409	16
2229	EUR	151.25	151.25	0.00	{"transaction_secret": "7E9c1ea8ud0YVUz2AxA", "pi": "pi_3OwiufHc7saDO3Vo0WjccI40"}		410	16
2230	EUR	40.83	40.83	0.00	{"transaction_secret": "N9IILgcs30Ts7iT14X0", "pi": "pi_3OwiwCHc7saDO3Vo1Y3cgjwz"}		411	16
2231	EUR	68.04	68.04	0.00	{"transaction_secret": "ZIPrQJ5raaxqmjLJvzs", "pi": "pi_3OwiwyHc7saDO3Vo1OleIn1p"}		412	16
2232	EUR	26.04	26.04	0.00	{"transaction_secret": "hLMjTMq0LVs3q1vHxIw", "pi": "pi_3OwixiHc7saDO3Vo0oGf3TzY"}		413	16
2233	EUR	71.15	71.15	0.00	{"transaction_secret": "XTsj8cBUKDNRZ3cI-i8", "pi": "pi_3OzKKKHc7saDO3Vo1bNQwuoP"}		414	16
2234	EUR	716.92	716.92	0.00	{"transaction_secret": "mXWQlg_HqM_RqpB4CcU", "pi": "pi_3P1nW803gn5ieKEY1dsJHqX8"}		415	16
2235	EUR	447.70	447.70	0.00	{"transaction_secret": "ir7PwI_8gI_eKviQUg8", "pi": "pi_3P1nWj03gn5ieKEY1CUr1BZO"}		416	16
2236	EUR	447.70	447.70	0.00	{"transaction_secret": "5tLibelNARS9-6Fq49o", "pi": "pi_3P1oUV03gn5ieKEY0iXZ2Cil"}		417	16
2237	EUR	399.30	399.30	0.00	{"transaction_secret": "V9YWxkIHEwanI9mi9Ho", "pi": "pi_3P1pGN03gn5ieKEY1GkypiYr"}		418	16
2238	EUR	447.70	447.70	0.00	{"transaction_secret": "hjlXVSjOWmLHwP1ocCs", "pi": "pi_3P1pqR03gn5ieKEY1OKAml5V"}		419	16
2239	EUR	28.26	28.26	0.00	{"transaction_secret": "0hEyNgvVMEnK6993RL8", "pi": "pi_3P1q94D5MxbKbo1A02UaEa7j"}		420	16
2240	EUR	447.70	447.70	0.00	{"transaction_secret": "c26TBuQoFsauKtNMfyE", "pi": "pi_3P1qrLQYxitEVdMa02S8P2gV"}		421	16
2241	EUR	399.30	399.30	0.00	{"transaction_secret": "ch26vVT75Z53N9WfwtA", "pi": "pi_3P1qtuQYxitEVdMa0Tf9FzNL"}		422	16
2242	EUR	302.50	302.50	0.00	{"transaction_secret": "GMgDTCCHi1cg1BCVJWE", "pi": "pi_3P1r9qEJyYNW0joe1rwyKdsQ"}		423	16
2243	EUR	399.30	399.30	0.00	{"transaction_secret": "JDYn57y91JkCCeTe92M", "pi": "pi_3P1rUMEJyYNW0joe1KTUXZcJ"}		424	16
2244	EUR	399.30	399.30	0.00	{"transaction_secret": "ziTO6oZMjHQ0laaYE1o", "pi": "pi_3P1rVmEJyYNW0joe0xqBY5cK"}		425	16
2245	EUR	302.50	302.50	0.00	{"transaction_secret": "xOBME9Yi5GduUOcbOpg", "pi": "pi_3P1rjoEJyYNW0joe054mPz8L"}		426	16
2246	EUR	447.70	447.70	0.00	{"transaction_secret": "TDM9UJdc6Fbpg0xvgKU", "pi": "pi_3P1rqOEJyYNW0joe0QqXBaI3"}		427	16
2247	EUR	447.70	447.70	0.00	{"transaction_secret": "WL8wyOwjylrSXkR8M5k", "pi": "pi_3P1sKsEJyYNW0joe1lAeP298"}		428	16
2248	EUR	30.24	30.24	0.00	{"transaction_secret": "4OE7Tv8mVq1_O_x8UCA", "pi": "pi_3P1sn703gn5ieKEY0rlbQl9Q"}		429	16
2249	EUR	447.70	447.70	0.00	{"transaction_secret": "a-UMhDvNQrY2SAfjO7s", "pi": "pi_3P1tAI03gn5ieKEY14vY534Z"}		430	16
2250	EUR	447.70	447.70	0.00	{"transaction_secret": "ahM9IXMyA63O6igrETY", "pi": "pi_3P1tCvEJyYNW0joe0wjGSWWM"}		431	16
2251	EUR	30.24	30.24	0.00	{"transaction_secret": "qxUs-f6KJf1kaYJI1h4", "pi": "pi_3P1tIWEJyYNW0joe1K4qfXxb"}		432	16
2252	EUR	21.16	21.16	0.00	{"transaction_secret": "3HNpXLaTGy-vOYuQdbg", "pi": "pi_3P1tKiEJyYNW0joe0mgu06nl"}		433	16
2253	EUR	44.44	44.44	0.00	{"transaction_secret": "54TpckVy7zRLkRRtxaA", "pi": "pi_3P1tMlHc7saDO3Vo1F7l2Pt0"}		434	16
2254	EUR	44.44	44.44	0.00	{"transaction_secret": "j_fwv0jk2Borw-R4DZo", "pi": "pi_3P1uF6EJyYNW0joe1sPGaeOs"}		435	16
2255	EUR	28.26	28.26	0.00	{"transaction_secret": "Sh8MI7TZS51i_9Ir0Es", "pi": "pi_3P1uJtEJyYNW0joe1glUb1lo"}		436	16
2256	EUR	447.70	447.70	0.00	{"transaction_secret": "0Sij24EKCfS01fo0Px8", "pi": "pi_3P1uVyEJyYNW0joe1G1PMumE"}		437	16
2257	EUR	21.16	21.16	0.00	{"transaction_secret": "sKUJwPd-ifQVfLef-Ek", "pi": "pi_3P1ulWEJyYNW0joe1ZEvXEQG"}		438	16
2258	EUR	44.44	44.44	0.00	{"transaction_secret": "D66KfRHFVQe52eoqX7w", "pi": "pi_3P1urMEJyYNW0joe0luzyU77"}		439	16
2259	EUR	21.16	21.16	0.00	{"transaction_secret": "eEcGVon3UN-aOteDrPU", "pi": "pi_3P270oEJyYNW0joe1SNN14AF"}		440	16
2260	EUR	21.16	21.16	0.00	{"transaction_secret": "ekJowxxE5ai2VOisMuc", "pi": "pi_3P27ECEJyYNW0joe0dMFneVQ"}		441	16
2261	EUR	21.16	21.16	0.00	{"transaction_secret": "HOpQcRLuzx-50NSd1p4", "pi": "pi_3P27JYEJyYNW0joe1rSLq1MM"}		442	16
2262	EUR	21.16	21.16	0.00	{"transaction_secret": "C6vFa6kFt6_0q8MsO0c", "pi": "pi_3P27TLEJyYNW0joe0el4841f"}		443	16
2263	EUR	21.16	21.16	0.00	{"transaction_secret": "Kj3NRkisvtYZzpv5lQM", "pi": "pi_3P27cmEJyYNW0joe0b89KOHM"}		444	16
2264	EUR	21.16	21.16	0.00	{"transaction_secret": "jXdxWeP9omZ2N1-A4wQ", "pi": "pi_3P27kZEJyYNW0joe1Qg31XSv"}		445	16
2265	EUR	28.26	28.26	0.00	{"transaction_secret": "1Tj5Kc7MFCldDn8N6l8", "pi": "pi_3P27qsEJyYNW0joe1ixsf4C3"}		446	16
2266	EUR	28.26	28.26	0.00	{"transaction_secret": "PMNCzYWALg4hPM9yJic", "pi": "pi_3P27tbEJyYNW0joe1F3FU0V8"}		447	16
2267	EUR	28.26	28.26	0.00	{"transaction_secret": "x04qnSjZEtIb_2RJTsU", "pi": "pi_3P28Q4EJyYNW0joe07ldgz8D"}		448	16
2268	EUR	302.50	302.50	0.00	{"transaction_secret": "2Pip8WxsEluZaQm94Xc", "pi": "pi_3P28TZEJyYNW0joe01s9j8x7"}		449	16
2269	EUR	447.70	447.70	0.00	{"transaction_secret": "hhVVYQqByy7GZB0Y4fo", "pi": "pi_3P28shEJyYNW0joe1kVDA6dL"}		450	16
2270	EUR	28.26	28.26	0.00	{"transaction_secret": "BUyZeVgqJuTiBQrkBxY", "pi": "pi_3P28zFEJyYNW0joe1AmVorVx"}		451	16
2271	EUR	28.26	28.26	0.00	{"transaction_secret": "kLKGtnqBMac7HU9b_wg", "pi": "pi_3P293BEJyYNW0joe11W4xRIB"}		452	16
2272	EUR	28.26	28.26	0.00	{"transaction_secret": "nAiqp4LUkaxzJQ8v68o", "pi": "pi_3P294dEJyYNW0joe0sMfsPJR"}		453	16
2273	EUR	28.26	28.26	0.00	{"transaction_secret": "X4RcCTNM2Qrp46-ovGY", "pi": "pi_3P29CAEJyYNW0joe17wakOCQ"}		454	16
2274	EUR	90.75	90.75	0.00	{"transaction_secret": "OUgUnfcTAccl85kGblI", "pi": "pi_3P29kpEJyYNW0joe1PURyXnG"}		455	16
2275	EUR	28.26	28.26	0.00	{"transaction_secret": "vp5M62wgTu15GtOMKPU", "pi": "pi_3P2CrdEJyYNW0joe1mIqm9FQ"}		456	16
2276	EUR	90.75	90.75	0.00	{"transaction_secret": "bhw1lGQeCOIGQ-Bi9xc", "pi": "pi_3P2DOoEJyYNW0joe0WNjaG2i"}		457	16
2277	EUR	302.50	302.50	0.00	{"transaction_secret": "ShJcW3CNyM7Vxms_Uw8", "pi": "pi_3P2UeVEJyYNW0joe11V9wA6A"}		458	16
2278	EUR	112.97	112.97	0.00	{"transaction_secret": "Q4UMLZW-LJMnVu0tAj8", "pi": "pi_3P3CJ7EJyYNW0joe13KyYFHP"}		459	16
2279	EUR	28.26	28.26	0.00	{"transaction_secret": "2FAFScl04qM2yyiCJW0", "pi": "pi_3P3x1qEJyYNW0joe1sYtktiD"}		460	16
2280	EUR	28.26	28.26	0.00	{"transaction_secret": "_P0oeMVSJhlj3DhbuWM", "pi": "pi_3P4eIPEJyYNW0joe1dVFjycP"}		461	16
2281	EUR	387.20	387.20	0.00	{"transaction_secret": "bOE-82Duv5160pq7V5s", "pi": "pi_3P5sGCEJyYNW0joe1odVZcaH"}		462	16
2282	EUR	55.13	55.13	0.00	{"transaction_secret": "scuARbHPWUbczxQ6uKs", "pi": "pi_3P95KaEJyYNW0joe1LGltXeC"}		463	16
2283	EUR	37.35	37.35	0.00	{"transaction_secret": "bbotUw56bJ-yv3dHyr0", "pi": "pi_3P95R8EJyYNW0joe0bUPSHLz"}		464	16
2284	EUR	37.35	37.35	0.00	{"transaction_secret": "2KWhqiWn_q0FuGXlT7Q", "pi": "pi_3P95bsEJyYNW0joe05xjwktI"}		465	16
2285	EUR	25.25	25.25	0.00	{"transaction_secret": "BshQw8nzeM4GMjoON2Y", "pi": "pi_3P95gVEJyYNW0joe1Hx9PbLs"}		466	16
2286	EUR	37.35	37.35	0.00	{"transaction_secret": "mGPVeTibAucT1XI_hcw", "pi": "pi_3P95w2EJyYNW0joe0sAu51J9"}		467	16
2287	EUR	387.20	387.20	0.00	{"transaction_secret": "h8tDVkoYjn4rhBk2zZE", "pi": "pi_3P960DEJyYNW0joe1Ml2hGz1"}		468	16
2288	EUR	37.35	37.35	0.00	{"transaction_secret": "JewtM__MkXJd702T8jE", "pi": "pi_3P9643EJyYNW0joe1teUY9Ld"}		469	16
2289	EUR	387.20	387.20	0.00	{"transaction_secret": "KVTQ2DFfaP1qxzTvprI", "pi": "pi_3P965kEJyYNW0joe0XyQtPyf"}		470	16
2290	EUR	387.20	387.20	0.00	{"transaction_secret": "lF7erBgsyZQUvpJ3E8w", "pi": "pi_3P969tEJyYNW0joe0o0IMZCK"}		471	16
2291	EUR	25.25	25.25	0.00	{"transaction_secret": "xeTu9qJ2nxt4haelGws", "pi": "pi_3P96IcEJyYNW0joe1oI3Uptl"}		472	16
2292	EUR	25.25	25.25	0.00	{"transaction_secret": "LzHgiQiLgiZpWSEWESU", "pi": "pi_3P96MhEJyYNW0joe1cX1AwDl"}		473	16
2293	EUR	25.25	25.25	0.00	{"transaction_secret": "KO4ljyZ8UE_zirRGKU0", "pi": "pi_3P96OnEJyYNW0joe0EJt1Rox"}		474	16
2294	EUR	25.25	25.25	0.00	{"transaction_secret": "2rSO2978Uz7MUZVk4Ug", "pi": "pi_3P96ctEJyYNW0joe1LnvWWRM"}		475	16
2295	EUR	25.25	25.25	0.00	{"transaction_secret": "hEGUen7ix7NDdNU3Bdk", "pi": "pi_3P96lmEJyYNW0joe1KPE3y82"}		476	16
2296	EUR	25.25	25.25	0.00	{"transaction_secret": "7DcOx-9Jlms5rG3pjOo", "pi": "pi_3P96qlEJyYNW0joe1HQK10Ud"}		477	16
2297	EUR	25.25	25.25	0.00	{"transaction_secret": "FUvnHUsRa5RYvIZQJHg", "pi": "pi_3P975vEJyYNW0joe0MflrXwi"}		478	16
2298	EUR	25.25	25.25	0.00	{"transaction_secret": "whd54R8ddhejNLA91pI", "pi": "pi_3P97TAEJyYNW0joe0CVDPFDu"}		479	16
2299	EUR	25.25	25.25	0.00	{"transaction_secret": "VQCYwUgzMeFkTcBHVto", "pi": "pi_3P97UTEJyYNW0joe0tJ8acbU"}		480	16
2300	EUR	37.35	37.35	0.00	{"transaction_secret": "mNOOjmn-5_3ie8fLrlM", "pi": "pi_3P97YaEJyYNW0joe0eOMgFcg"}		481	16
2301	EUR	31.30	31.30	0.00	{"transaction_secret": "5hcQQiOJYSj0HFma7Hg", "pi": "pi_3P97hNEJyYNW0joe1eXLS21E"}		482	16
2302	EUR	484.00	484.00	0.00	{"transaction_secret": "-IIF10VOgv_0vIrGbSQ", "pi": "pi_3PDNYrEJyYNW0joe0qMkgeGc"}		483	16
2303	EUR	484.00	484.00	0.00	{"transaction_secret": "yF5VlukjFWCEtcB2K7k", "pi": "pi_3PE6heEJyYNW0joe1GgJlKMx"}		484	16
2304	EUR	43.40	43.40	0.00	{"transaction_secret": "FqFjAegXuDR-wPsFK7Y", "pi": "pi_3PE8g9EJyYNW0joe120dGc6r"}		485	16
2305	EUR	39.75	39.75	0.00	{"transaction_secret": "IC5QPIW7ytENiSSFnaQ", "pi": "pi_3PH2LnEJyYNW0joe0tQGHASC"}		486	16
2306	EUR	39.51	39.51	0.00	{"transaction_secret": "DggQpwzoVvvUttph-TM", "pi": "pi_3PHMNTEJyYNW0joe1iGpJgYf"}		487	16
2307	EUR	37.03	37.03	0.00	{"transaction_secret": "y4k-jbAGxstilsUV-Qo", "pi": "pi_3PHNmMEJyYNW0joe1VJvz0l6"}		488	16
2308	EUR	39.13	39.13	0.00	{"transaction_secret": "ZJCOig_pQLt26jcmNTM", "pi": "pi_3PHNsPEJyYNW0joe0sq8vHwT"}		489	16
2309	EUR	39.89	39.89	0.00	{"transaction_secret": "xKgx__Yzc90DX1LBdSE", "pi": "pi_3PHP9SEJyYNW0joe0jJ4Wmdz"}		490	16
2310	EUR	10.44	10.44	0.00	{"transaction_secret": "LWtu-sWSq6r9gf4sLUg", "pi": "pi_3PHQ7MEJyYNW0joe0dNuBffk"}		491	16
2311	EUR	39.89	39.89	0.00	{"transaction_secret": "r5-KIySKDeB-b6RtMvU", "pi": "pi_3PHQAYEJyYNW0joe1acxQnrj"}		492	16
2312	EUR	39.89	39.89	0.00	{"transaction_secret": "1EOuvdPF3x1KcfK_AsQ", "pi": "pi_3PHQRQEJyYNW0joe1pPGrv7q"}		493	16
2313	EUR	10.44	10.44	0.00	{"transaction_secret": "rEbNBgMhK-T5V-gFsY8", "pi": "pi_3PHQviEJyYNW0joe07sIGpyZ"}		494	16
2314	EUR	10.44	10.44	0.00	{"transaction_secret": "d4sUEgECgjy0FiGIXcw", "pi": "pi_3PHRCxEJyYNW0joe0my4iIOx"}		495	16
2315	EUR	10.44	10.44	0.00	{"transaction_secret": "pOSjlEBbv5Pt_yPm01Y", "pi": "pi_3PHRZlEJyYNW0joe1HVIPt9G"}		496	16
2316	EUR	19.24	19.24	0.00	{"transaction_secret": "Vx_-ctrt5E_0fI4E98o", "pi": "pi_3PHRbkEJyYNW0joe0AwaCI6t"}		497	16
2317	EUR	27.09	27.09	0.00	{"transaction_secret": "DHbZ5qlko9loZBZCiPA", "pi": "pi_3PHRdcEJyYNW0joe0ffNgFKp"}		498	16
2318	EUR	20.18	20.18	0.00	{"transaction_secret": "e0iL8Yqx4sbg7n1RiBY", "pi": "pi_3PHRi6EJyYNW0joe0yg8W4Kz"}		499	16
2319	EUR	19.60	19.60	0.00	{"transaction_secret": "sL0hx3MZLJle5N4kv9o", "pi": "pi_3PHRl4EJyYNW0joe0qLIxakX"}		500	16
2320	EUR	14.84	14.84	0.00	{"transaction_secret": "HAwfRC9HiSSG965irO4", "pi": "pi_3PHS20EJyYNW0joe1QYNvtm7"}		501	16
2321	EUR	27.09	27.09	0.00	{"transaction_secret": "fZG4r3hgspPZ53j5Usw", "pi": "pi_3PHS3DEJyYNW0joe04mYnNWV"}		502	16
2322	EUR	27.49	27.49	0.00	{"transaction_secret": "A6FWAf_crh4JrKOgDWg", "pi": "pi_3PHSclEJyYNW0joe09UM6FSq"}		503	16
2323	EUR	385.00	385.00	0.00	{"transaction_secret": "OyxwmYzHHDUABjP2tPw", "pi": "pi_3PHSw6EJyYNW0joe1Jls9W8X"}		504	16
2324	EUR	45.00	45.00	0.00	{"transaction_secret": "RRJA0B3zEP-_FuFkgIo", "pi": "pi_3PHSxOEJyYNW0joe0okeypkL"}		505	16
2325	EUR	45.00	45.00	0.00	{"transaction_secret": "yb3AdgOL895UI366V38", "pi": "pi_3PHSylEJyYNW0joe0ERTgsxq"}		506	16
2326	EUR	39.51	39.51	0.00	{"transaction_secret": "aDGP_9feO-R7SQ2lYYg", "pi": "pi_3PHlxiEJyYNW0joe13207sgn"}		507	16
2327	EUR	28.60	28.60	0.00	{"transaction_secret": "fyqhx5wVPcQw-vkw-Bc", "pi": "pi_3PHmD3EJyYNW0joe1l2rPNnY"}		508	16
2328	EUR	24.19	24.19	0.00	{"transaction_secret": "ygA666T1a1v_Nl1XJ6k", "pi": "pi_3PHmyLEJyYNW0joe09682FQw"}		509	16
2329	EUR	30.24	30.24	0.00	{"transaction_secret": "HyNWCxTWKYjdWIxZzps", "pi": "pi_3PHnWrEJyYNW0joe11jmNs7W"}		510	16
2330	EUR	34.65	34.65	0.00	{"transaction_secret": "UcEqCQrcLlQnBNt5US8", "pi": "pi_3PIXIKEJyYNW0joe1tZTQoRp"}		511	16
2331	EUR	28.62	28.62	0.00	{"transaction_secret": "NnE1yeha0gsbsf4VRJc", "pi": "pi_3PJB3sEJyYNW0joe0dIc78Gu"}		512	16
2332	EUR	79.01	79.01	0.00	{"transaction_secret": "VvP9_5EGqpme96uTizE", "pi": "pi_3PJXnIEJyYNW0joe1vo2SBQf"}		513	16
2333	EUR	39.89	39.89	0.00	{"transaction_secret": "4xkPUFh2GoS9yJIWJ8Y", "pi": "pi_3PLjIlEJyYNW0joe1aLrLYLS"}		514	16
2334	EUR	21.81	21.81	0.00	{"transaction_secret": "x6_XPl7SpXOWnJGS1o8", "pi": "pi_3PLjL0EJyYNW0joe1BCXNRcU"}		515	16
2335	EUR	99.43	99.43	0.00	{"transaction_secret": "Uo_7F7QKz2bOml3WNdo", "pi": "pi_3PM3aFEJyYNW0joe0AkhrTRR"}		516	16
2336	EUR	484.00	484.00	0.00	{"transaction_secret": "Rdqu7yzeTB8s7_r17Ro", "pi": "pi_3PNrUKEJyYNW0joe0IETGxqz"}		517	16
2337	EUR	399.30	399.30	0.00	{"transaction_secret": "XjctJmMSryKBAKf9aT0", "pi": "pi_3PNrr6EJyYNW0joe0Y9MAFTb"}		518	16
2338	EUR	29.04	29.04	0.00	{"transaction_secret": "i4tNGCz_7B6oKUE6UPg", "pi": "pi_3PNrwaEJyYNW0joe14I9XNmN"}		519	16
2339	EUR	423.50	423.50	0.00	{"transaction_secret": "wfS3EW0j4jgH-mgPPwA", "pi": "pi_3PNsTXEJyYNW0joe1BrWySXk"}		520	16
2340	EUR	787.65	787.65	0.00	{"transaction_secret": "16PJZ-oGZ31-osd9OhY", "pi": "pi_3PP7zVEJyYNW0joe00Rj9yZW"}		521	16
2341	EUR	31.46	31.46	0.00	{"transaction_secret": "DWwwDgot1ORNPqqFan0", "pi": "pi_3PP80xEJyYNW0joe0lN9O5dq"}		522	16
2342	EUR	29.04	29.04	0.00	{"transaction_secret": "urw3QRQKhIwE924sgG8", "pi": "pi_3PP83vEJyYNW0joe1nENRdjl"}		523	16
2343	EUR	26.50	26.50	0.00	{"transaction_secret": "hujUbTXd-7CQvEmFVps", "pi": "pi_3PQlcaEJyYNW0joe09RJDL9e"}		524	16
2344	EUR	39.89	39.89	0.00	{"transaction_secret": "CpoqL-cprMs16iPQzaM", "pi": "pi_3PQlf0EJyYNW0joe0r22nQAI"}		525	16
2345	EUR	145.20	145.20	0.00	{"transaction_secret": "AOOErd8eHMMNXfIpOE0", "pi": "pi_3PQnx8EJyYNW0joe1uOouP2o"}		526	16
2346	EUR	36.30	36.30	0.00	{"transaction_secret": "-eeVcRmzmx9WrAC532w", "pi": "pi_3PQsvZEJyYNW0joe0ukALI8l"}		527	16
2347	EUR	39.89	39.89	0.00	{"transaction_secret": "B3dP810JHfHCc0CqGSc", "pi": "pi_3PQt6lEJyYNW0joe0XitYctA"}		528	16
2348	EUR	39.89	39.89	0.00	{"transaction_secret": "n3zf3Tq5Q7z7xPm-dMk", "pi": "pi_3PRUftEJyYNW0joe1N0aOLvx"}		529	16
2349	EUR	302.50	302.50	0.00	{"transaction_secret": "2vQghLYRHOidWFVh_BM", "pi": "pi_3PRUxsEJyYNW0joe00wb6cWU"}		530	16
2350	EUR	16.01	16.01	0.00	{"transaction_secret": "ccrkpdsVndY_q5MDmZc", "pi": "pi_3PRV1pEJyYNW0joe1BwDE987"}		531	16
2351	EUR	20.25	20.25	0.00	{"transaction_secret": "6LDhVNSjCj8WIeVnlZ0", "pi": "pi_3PRV8JEJyYNW0joe1e4gcOiW"}		532	16
2352	EUR	20.25	20.25	0.00	{"transaction_secret": "O_iHo3tYftMcO3KUl3c", "pi": "pi_3PRVFREJyYNW0joe0BR8ymv2"}		533	16
2353	EUR	20.25	20.25	0.00	{"transaction_secret": "R0MIrwMPix8G7gAMTh0", "pi": "pi_3PRVYzEJyYNW0joe1fPJljPp"}		534	16
2354	EUR	20.25	20.25	0.00	{"transaction_secret": "8o3JfcC90ly01r28rJQ", "pi": "pi_3PRVnsEJyYNW0joe1PX1Kp4G"}		535	16
2355	EUR	302.50	302.50	0.00	{"transaction_secret": "vfYzseZSsrVKvMwYB8U", "pi": "pi_3PRVshEJyYNW0joe05qK5VwL"}		536	16
2356	EUR	11.77	11.77	0.00	{"transaction_secret": "hvyKR_bo8Sx4ZQybWAg", "pi": "pi_3PRaC5EJyYNW0joe01E9ad5y"}		537	16
2357	EUR	20.25	20.25	0.00	{"transaction_secret": "_83BTYsa03Jv39dT1rs", "pi": "pi_3PRaILEJyYNW0joe0JK2q5Qt"}		538	16
2358	EUR	302.50	302.50	0.00	{"transaction_secret": "88dAsJwr4gsiL6DqTWo", "pi": "pi_3PRaKxEJyYNW0joe1o9rrDUC"}		539	16
2359	EUR	39.89	39.89	0.00	{"transaction_secret": "Ot99XKsjqQ654wh2NLs", "pi": "pi_3PRaOCEJyYNW0joe0xpGpY5M"}		540	16
2360	EUR	42.35	42.35	0.00	{"transaction_secret": "xXr7_Zq_vcPpK0TLS8E", "pi": "pi_3PRaR3EJyYNW0joe0mYmFTMD"}		541	16
2361	EUR	36.30	36.30	0.00	{"transaction_secret": "rPlfTXhtAwaqG7_yf-s", "pi": "pi_3PRafbEJyYNW0joe1Rmeiovh"}		542	16
2362	EUR	36.30	36.30	0.00	{"transaction_secret": "GG9fIFxn6nfSlHntWjg", "pi": "pi_3PRaiJEJyYNW0joe151szp17"}		543	16
2363	EUR	39.89	39.89	0.00	{"transaction_secret": "4VX9kUKoF8_H_YiXzk0", "pi": "pi_3PRanDEJyYNW0joe1xNSQ55p"}		544	16
2364	EUR	39.75	39.75	0.00	{"transaction_secret": "w49PpCIHklt8MYKrliI", "pi": "pi_3PRap2EJyYNW0joe0gm6IbbS"}		545	16
2365	EUR	31.46	31.46	0.00	{"transaction_secret": "9IARnxdOrEbTCt0stvc", "pi": "pi_3PRawhEJyYNW0joe00CvU9DR"}		546	16
2366	EUR	20.25	20.25	0.00	{"transaction_secret": "RDiCJIMxGxUknlkaxjU", "pi": "pi_3PRbTyEJyYNW0joe0mpVcypf"}		547	16
2367	EUR	25.15	25.15	0.00	{"transaction_secret": "_2aKdCBWMus7kGb7WBY", "pi": "pi_3PRyX0EJyYNW0joe0JU6ZsPx"}		548	16
2368	EUR	93.17	93.17	0.00	{"transaction_secret": "ARJZXgTkbP9CulIrTAQ", "pi": "pi_3PT6h7EJyYNW0joe1eFWJdO8"}		549	16
2369	EUR	72.60	72.60	0.00	{"transaction_secret": "H0ZV4MoZ23WsgE2_YsM", "pi": "pi_3PTIZwEJyYNW0joe0Zc0HCl4"}		550	16
2370	EUR	36.30	36.30	0.00	{"transaction_secret": "R1UYq6S_9HiPg2WgBlc", "pi": "pi_3PTIi3EJyYNW0joe0zik4dZB"}		551	16
2371	EUR	36.30	36.30	0.00	{"transaction_secret": "fNrvH9DJE4gV8BFyw98", "pi": "pi_3PTIwWEJyYNW0joe1RLBk1WV"}		552	16
2372	EUR	27.57	27.57	0.00	{"transaction_secret": "biIGnkP4eZYQlXKkc58", "pi": "pi_3PTJAlEJyYNW0joe1AXahPbL"}		553	16
2373	EUR	27.57	27.57	0.00	{"transaction_secret": "nxf6F5n2r0zDUqxyZ4Q", "pi": "pi_3PTJD3EJyYNW0joe1mHNJc2V"}		554	16
2374	EUR	27.57	27.57	0.00	{"transaction_secret": "Qq3bkh4h9RtOe3KLTS8", "pi": "pi_3PTJH2EJyYNW0joe0V7hSd0I"}		555	16
2375	EUR	114.95	114.95	0.00	{"transaction_secret": "OSyevrcn411RLj3V184", "pi": "pi_3PY2KhEJyYNW0joe17SQCsBO"}		556	16
2376	EUR	16.01	16.01	0.00	{"transaction_secret": "AJN0Kd3Qga56ayielOc", "pi": "pi_3PY2gBEJyYNW0joe1UWTywUH"}		557	16
2377	EUR	36.30	36.30	0.00	{"transaction_secret": "dF0FQXhi438dQzojG-E", "pi": "pi_3PY3CFEJyYNW0joe13BFyyXo"}		558	16
2378	EUR	79.77	79.77	0.00	{"transaction_secret": "4wavgHYvh5n-NaN-aB0", "pi": "pi_3PY3LqEJyYNW0joe0WOL4L9a"}		559	16
2379	EUR	40.88	40.88	0.00	{"transaction_secret": "o_dOFs-pg3BoMYB-psk", "pi": "pi_3PY3WCEJyYNW0joe1kZexlco"}		560	16
2380	EUR	40.88	40.88	0.00	{"transaction_secret": "0glf68IW7NyaHHLr15o", "pi": "pi_3PYr6MEJyYNW0joe0iSGcKOt"}		561	16
2381	EUR	387.20	387.20	0.00	{"transaction_secret": "-_IRkBG__5lAIr_PuBY", "pi": "pi_3PYtACEJyYNW0joe0YbZdtyk"}		562	16
2382	EUR	39.89	39.89	0.00	{"transaction_secret": "zCNQTIAZxFRr9OoYOzg", "pi": "pi_3PYtJWEJyYNW0joe0TRhqSyT"}		563	16
2383	EUR	39.89	39.89	0.00	{"transaction_secret": "HrD2nR0TvSoJ30vBPHA", "pi": "pi_3PYtO7EJyYNW0joe1MB2PbKu"}		564	16
2384	EUR	27.57	27.57	0.00	{"transaction_secret": "yLD_G8e5cFXkDzxHV1A", "pi": "pi_3PYuS3EJyYNW0joe19fNy5u7"}		565	16
2385	EUR	36.30	36.30	0.00	{"transaction_secret": "Tu9SSSPNCVz94wKMX5k", "pi": "pi_3PYuU5EJyYNW0joe0uZFz5cq"}		566	16
2386	EUR	39.89	39.89	0.00	{"transaction_secret": "aBeIGrux3EkMyNJHmkU", "pi": "pi_3PYuYkEJyYNW0joe1DjziYV3"}		567	16
2387	EUR	16.01	16.01	0.00	{"transaction_secret": "aA4Ma-pI1zOyoriuzig", "pi": "pi_3PaDwQEJyYNW0joe0iyzX7h7"}		568	16
2388	EUR	302.50	302.50	0.00	{"transaction_secret": "MgdD0fV0sPnnuR-7DnA", "pi": "pi_3PaE05EJyYNW0joe1aI6zVsS"}		569	16
2389	EUR	16.01	16.01	0.00	{"transaction_secret": "TITYvk_Xf6EiT0OA5xA", "pi": "pi_3PaE4uEJyYNW0joe17LH0bq9"}		570	16
2390	EUR	387.20	387.20	0.00	{"transaction_secret": "Bm85dH0xyTBY1TU7MXQ", "pi": "pi_3PaE9XEJyYNW0joe15wJEQ7H"}		571	16
2391	EUR	39.89	39.89	0.00	{"transaction_secret": "gVttavhqF7y4s379HvQ", "pi": "pi_3PaECnEJyYNW0joe1EUjxGy4"}		572	16
2392	EUR	39.89	39.89	0.00	{"transaction_secret": "lP0kjznYByrsluXyZ1A", "pi": "pi_3PaERcEJyYNW0joe01k6VDB1"}		573	16
2393	EUR	11.77	11.77	0.00	{"transaction_secret": "xdHwZ2i8oenHd4RnCnQ", "pi": "pi_3PaEVnEJyYNW0joe0e20yCMw"}		574	16
2394	EUR	39.89	39.89	0.00	{"transaction_secret": "Pur9_DaYNL7GBckjGO8", "pi": "pi_3PaEZiEJyYNW0joe0C6M8mfq"}		575	16
2395	EUR	423.50	423.50	0.00	{"transaction_secret": "8XH0PRIsi6vMfNrvato", "pi": "pi_3PawI5EJyYNW0joe0wI6uC52"}		576	16
2396	EUR	39.89	39.89	0.00	{"transaction_secret": "3_8rb3xSGJDqI5TVO6g", "pi": "pi_3PawcMEJyYNW0joe13rNCswB"}		577	16
2397	EUR	40.88	40.88	0.00	{"transaction_secret": "yUJbeu_MCh2_8b-fer0", "pi": "pi_3Pbdq6EJyYNW0joe1UOHtAu1"}		578	16
2398	EUR	39.89	39.89	0.00	{"transaction_secret": "-c6F_tHqBRZ7rhIZQdA", "pi": "pi_3PbeU7EJyYNW0joe1nt3P0cX"}		579	16
2399	EUR	16.01	16.01	0.00	{"transaction_secret": "PeEWKc-xAozALFrGTsE", "pi": "pi_3PbebVEJyYNW0joe1IELHjOv"}		580	16
2400	EUR	16.01	16.01	0.00	{"transaction_secret": "haZdu9rIGdxcQzZ7MUY", "pi": "pi_3PbelHEJyYNW0joe0vJ2lT6d"}		581	16
2401	EUR	39.89	39.89	0.00	{"transaction_secret": "dgFUb93FELTdReTB2X4", "pi": "pi_3PbjvcEJyYNW0joe1iPm5smf"}		582	16
2402	EUR	76.19	76.19	0.00	{"transaction_secret": "wfN0OhFLpP4yvgDhAE8", "pi": "pi_3PblDjEJyYNW0joe1X1W2ot4"}		583	16
2403	EUR	399.30	399.30	0.00	{"transaction_secret": "hNzCAsNkUVYUAA-ZzR0", "pi": "pi_3PblO9EJyYNW0joe1ev9VLn3"}		584	16
2404	EUR	36.30	36.30	0.00	{"transaction_secret": "XnarVF4aYZMzsU663S0", "pi": "pi_3PblQqEJyYNW0joe0EO41Xcq"}		585	16
2405	EUR	16.01	16.01	0.00	{"transaction_secret": "T3I5n39VsynAFukhH3I", "pi": "pi_3PblSfEJyYNW0joe16ckMCO1"}		586	16
2406	EUR	39.89	39.89	0.00	{"transaction_secret": "VCZwxcbKW-x8ONUgCxQ", "pi": "pi_3PbpFtEJyYNW0joe0te7icek"}		587	16
2407	EUR	27.57	27.57	0.00	{"transaction_secret": "OztTGcKsAjd-mXnEVZ0", "pi": "pi_3Pc14eEJyYNW0joe0RbNuPjn"}		588	16
2408	EUR	16.01	16.01	0.00	{"transaction_secret": "mZ0hy1kIaisEzjhdl6A", "pi": "pi_3Pc15eEJyYNW0joe1IvQj5MQ"}		589	16
2409	EUR	11.77	11.77	0.00	{"transaction_secret": "bNMCvAZOpNPlB41IpQA", "pi": "pi_3Pc18jEJyYNW0joe0KEOEPnW"}		590	16
2410	EUR	28.18	28.18	0.00	{"transaction_secret": "6k1BnvMLpD6KpsfyHAg", "pi": "pi_3Pc1TmEJyYNW0joe0X8Ifl2z"}		591	16
2411	EUR	11.77	11.77	0.00	{"transaction_secret": "etNkDISx48ijGOpMStY", "pi": "pi_3PcDoiEJyYNW0joe0jgee48B"}		592	16
2412	EUR	39.89	39.89	0.00	{"transaction_secret": "mmSmiAQBZ9bpu1VaCzc", "pi": "pi_3PcYRdEJyYNW0joe0awXAOzX"}		593	16
2413	EUR	20.25	20.25	0.00	{"transaction_secret": "4kKvZ7tPwF9sThrZFqA", "pi": "pi_3PdAEuEJyYNW0joe0bnOcH17"}		594	16
2414	EUR	39.89	39.89	0.00	{"transaction_secret": "XyzYnPcsKu8wgxjXUV8", "pi": "pi_3PdANmEJyYNW0joe1FgxqpLe"}		595	16
2415	EUR	484.00	484.00	0.00	{"transaction_secret": "EE8aLbXGtmZjshOqWg0", "pi": "pi_3PdAVgEJyYNW0joe0uQyrp9c"}		596	16
2416	EUR	39.75	39.75	0.00	{"transaction_secret": "m7eUYzLowf1oIqhDZDU", "pi": "pi_3PdAY7EJyYNW0joe10Iz1nQ5"}		597	16
2417	EUR	39.89	39.89	0.00	{"transaction_secret": "eC0PMu4zjr9YvdUFKqA", "pi": "pi_3PdD1vEJyYNW0joe16dMcUmf"}		598	16
2418	EUR	39.89	39.89	0.00	{"transaction_secret": "_4To-s1pM3VJKtT6hfA", "pi": "pi_3PdD4OEJyYNW0joe0mQsqhUk"}		599	16
2419	EUR	11.77	11.77	0.00	{"transaction_secret": "TbxWWfMkeyrlyQLQpz0", "pi": "pi_3PeCV5EJyYNW0joe0jT2kAuz"}		600	16
2420	EUR	39.89	39.89	0.00	{"transaction_secret": "wqc_7qqHaohoBrJMzPI", "pi": "pi_3PeJW4EJyYNW0joe1zZZYRMb"}		601	16
2421	EUR	94.38	94.38	0.00	{"transaction_secret": "NdHN7j69trx6cBr5d-o", "pi": "pi_3PfhuUEJyYNW0joe0JG233x2"}		602	16
2422	EUR	132.14	132.14	0.00	{"transaction_secret": "mFbPO4U9kllEkNNZX3Y", "pi": "pi_3Pfi0uEJyYNW0joe0sIvdpsR"}		603	16
2423	EUR	30.24	30.24	0.00	{"transaction_secret": "wL52ad3CKSINgzjU-f8", "pi": "pi_3PgRFnEJyYNW0joe1z95ecjZ"}		604	16
2424	EUR	20.25	20.25	0.00	{"transaction_secret": "wGlVQm4XGNv4cUoWBo4", "pi": "pi_3PjcuVEJyYNW0joe0bjwcSD7"}		605	16
2425	EUR	20.25	20.25	0.00	{"transaction_secret": "ndTtsXVvKAyk6vnMXtU", "pi": "pi_3PjcwvEJyYNW0joe0kNLI6MU"}		606	16
2426	EUR	20.25	20.25	0.00	{"transaction_secret": "NqfVW2DDsi38rj4brLI", "pi": "pi_3PlQdGEJyYNW0joe00xI8OMu"}		607	16
2427	EUR	20.25	20.25	0.00	{"transaction_secret": "YfCBlWbGnCbeHC-hi2A", "pi": "pi_3PlQilEJyYNW0joe0XO7kvlU"}		608	16
2428	EUR	20.25	20.25	0.00	{"transaction_secret": "Mmoe_ZK5iC64fDskn7M", "pi": "pi_3PlQlkEJyYNW0joe14BTJnc4"}		609	16
2429	EUR	31.46	31.46	0.00	{"transaction_secret": "Mu_PJ8DH0W2op8qs6R4", "pi": "pi_3Pn1ITEJyYNW0joe1nhKwUty"}		610	16
2430	EUR	29.04	29.04	0.00	{"transaction_secret": "AuNC0Iq6toueTVn_px4", "pi": "pi_3Po695EJyYNW0joe0AMOp4N5"}		611	16
2431	EUR	40.47	40.47	0.00	{"transaction_secret": "0N8dloOZZJRxfsFW6JQ", "pi": "pi_3PpRoSEJyYNW0joe1bSJPP0a"}		612	16
2432	EUR	39.89	39.89	0.00	{"transaction_secret": "q_QJ00Wlu8z7dAqyOJk", "pi": "pi_3PpRrxEJyYNW0joe0kh8J0qx"}		613	16
2433	EUR	29.04	29.04	0.00	{"transaction_secret": "wz5N4bfHPRgDmXTo1E0", "pi": "pi_3PpSVhEJyYNW0joe0QmlmCon"}		614	16
2434	EUR	25.15	25.15	0.00	{"transaction_secret": "qG3vIvAm0QHvYAJMqVs", "pi": "pi_3PqZwiEJyYNW0joe1Pj9agPM"}		615	16
2435	EUR	20.25	20.25	0.00	{"transaction_secret": "9gbF9WFn6p1wp5ls_zQ", "pi": "pi_3Pt7KSEJyYNW0joe0sm23Hxm"}		616	16
2436	EUR	28.26	28.26	0.00	{"transaction_secret": "rqy6zg7zqoVgP84gcO0", "pi": "pi_3PurMTEJyYNW0joe0ftkBU96"}		617	16
2437	EUR	20.25	20.25	0.00	{"transaction_secret": "Sxj27LbHWprcBIqTMZ8", "pi": "pi_3PureGEJyYNW0joe0iK1LSzk"}		618	16
2438	EUR	39.89	39.89	0.00	{"transaction_secret": "c1KVzrpycjLfa4gbnDc", "pi": "pi_3Pw6EaEJyYNW0joe0tzx1u6N"}		619	16
2439	EUR	39.89	39.89	0.00	{"transaction_secret": "70puSUF2GCV3NmPxE7k", "pi": "pi_3Px5zEEJyYNW0joe0Lb9TGpx"}		620	16
2440	EUR	29.26	29.26	0.00	{"transaction_secret": "IZjx5m8lGFDuoQWCr-M", "pi": "pi_3PxAVkHc7saDO3Vo1GQPdIOG"}		621	16
2441	EUR	16.01	16.01	0.00	{"transaction_secret": "07S5_ZsE-I3lm0jfn_s", "pi": "pi_3PxAY8CzZB2hd4fv1Vb90K2o"}		622	16
2442	EUR	16.01	16.01	0.00	{"transaction_secret": "xhPoIo4vJUID_XrdsYY", "pi": "pi_3PxAbCLB6OrKC68n1XhVIYCd"}		623	16
2443	EUR	28.26	28.26	0.00	{"transaction_secret": "ReEWNn_GEWo2oCqFEok", "pi": "pi_3PxD1YLB6OrKC68n0KeNBZPl"}		624	16
2444	EUR	28.26	28.26	0.00	{"transaction_secret": "GL5MVAdWzyBtwcckids", "pi": "pi_3PxDk1LB6OrKC68n1qbQGumL"}		625	16
2445	EUR	31.46	31.46	0.00	{"transaction_secret": "ptgH3z8onHXNLRcR5Pk", "pi": "pi_3PxORJLB6OrKC68n1WFk3mYu"}		626	16
2446	EUR	16.01	16.01	0.00	{"transaction_secret": "PJ9b3Eq6o6ZDc5jci7s", "pi": "pi_3PxOlLLB6OrKC68n0CZpyF56"}		627	16
2447	EUR	39.89	39.89	0.00	{"transaction_secret": "yPl2QoCsFGzPwHaWA9c", "pi": "pi_3PxP1mLB6OrKC68n0DmVPI2T"}		628	16
2448	EUR	20.25	20.25	0.00	{"transaction_secret": "CyvGSvsxzmAYh60zZP0", "pi": "pi_3PxP8QLB6OrKC68n038l4Opr"}		629	16
2449	EUR	16.01	16.01	0.00	{"transaction_secret": "hnjbL-6EJF4RC_EYrsk", "pi": "pi_3PxPV7LB6OrKC68n1BCGmnpJ"}		630	16
2450	EUR	16.01	16.01	0.00	{"transaction_secret": "Vv3aOkccKtONEbJDV00", "pi": "pi_3PxPa1LB6OrKC68n0ah4Bjam"}		631	16
2451	EUR	39.89	39.89	0.00	{"transaction_secret": "XLh71fS3OfhHC1tNnhI", "pi": "pi_3PxVgDLB6OrKC68n0PmNx7Wn"}		632	16
2452	EUR	28.26	28.26	0.00	{"transaction_secret": "wm7-Zn1bnrPXXpO_If8", "pi": "pi_3PyD9bLB6OrKC68n1jUmeqkz"}		633	16
2453	EUR	28.26	28.26	0.00	{"transaction_secret": "OFiCN5LpCtsLtQV-5c8", "pi": "pi_3PyDAOLB6OrKC68n1EpPQsGV"}		634	16
2454	EUR	39.89	39.89	0.00	{"transaction_secret": "Xp0u52qAxRDMXgud8cc", "pi": "pi_3PyYpBLB6OrKC68n09cEBICL"}		635	16
2455	EUR	16.01	16.01	0.00	{"transaction_secret": "lNg66tvCdpWT8wlFHDs", "pi": "pi_3Q02QpLB6OrKC68n14QHJq8E"}		636	16
2456	EUR	39.89	39.89	0.00	{"transaction_secret": "ryN--zq8NIrAJEFhsIA", "pi": "pi_3Q15nKLB6OrKC68n10HjCRvK"}		637	16
2457	EUR	39.89	39.89	0.00	{"transaction_secret": "I2HDv48owxXBDMb-Cq0", "pi": "pi_3Q1r5ULB6OrKC68n1jt0yjZ3"}		638	16
2458	EUR	11.77	11.77	0.00	{"transaction_secret": "IYf6Zsv7IdBreqheRms", "pi": "pi_3Q26mkLB6OrKC68n0btk38wz"}		639	16
2459	EUR	27.57	27.57	0.00	{"transaction_secret": "Xe0OiWOjTp0LQj1Z0-g", "pi": "pi_3Q2WrGLB6OrKC68n0Zl2YuzU"}		640	16
2460	EUR	28.26	28.26	0.00	{"transaction_secret": "yJMC88D2G5-4RCrWwmA", "pi": "pi_3Q3urxLB6OrKC68n1SfgJ3SH"}		641	16
2461	EUR	387.20	387.20	0.00	{"transaction_secret": "NZbPBLtyRoSNw9cqMY0", "pi": "pi_3Q50VaLB6OrKC68n0BUKLHSO"}		642	16
2462	EUR	39.89	39.89	0.00	{"transaction_secret": "gdJxTVv73cIY-bMBxec", "pi": "pi_3Q5UfCLB6OrKC68n1doXzbDJ"}		643	16
2463	EUR	38.92	38.92	0.00	{"transaction_secret": "mFg7FZk5XxOuMCHQ_hA", "pi": "pi_3Q5ueTLB6OrKC68n0Q9CVUdT"}		644	16
2464	EUR	16.01	16.01	0.00	{"transaction_secret": "-S7dCE3t93jlHwg3Gyo", "pi": "pi_3Q6CBxLB6OrKC68n0b7ZSxLz"}		645	16
2465	EUR	30.02	30.02	0.00	{"transaction_secret": "VbqixuZXDGZstrv120w", "pi": "pi_3Q6CN0LB6OrKC68n1dPsWHTV"}		646	16
2466	EUR	26.46	26.46	0.00	{"transaction_secret": "PgMNUjXi3dV5jfww-h0", "pi": "pi_3Q6CZOLB6OrKC68n11BIdbus"}		647	16
2467	EUR	16.01	16.01	0.00	{"transaction_secret": "SbV8uaJFijGph0iPNZE", "pi": "pi_3Q6UcELB6OrKC68n0J7SsRxE"}		648	16
2468	EUR	26.46	26.46	0.00	{"transaction_secret": "8BaeF5d_S3gBKfoakVw", "pi": "pi_3Q7ej2LB6OrKC68n0EUzHEdt"}		649	16
2469	EUR	26.46	26.46	0.00	{"transaction_secret": "Iz4chlEy3SNrek9Hkb0", "pi": "pi_3Q7fV1LB6OrKC68n16gY26nu"}		650	16
2470	EUR	26.46	26.46	0.00	{"transaction_secret": "xpb_qgPB46gJBDEx0kc", "pi": "pi_3Q7fs7LB6OrKC68n0GCQhEjF"}		651	16
2471	EUR	26.46	26.46	0.00	{"transaction_secret": "Cu9b2F40uiUFlpNSq2M", "pi": "pi_3Q7u7QLB6OrKC68n0OlvK9Cp"}		652	16
2472	EUR	26.46	26.46	0.00	{"transaction_secret": "9ITNqF2yfi_PYH0tDuU", "pi": "pi_3Q7uO5LB6OrKC68n0k6BZj04"}		653	16
2473	EUR	40.72	40.72	0.00	{"transaction_secret": "hz2Ztpb8iz2rClv4PFM", "pi": "pi_3Q7uR0LB6OrKC68n1F1rZpW4"}		654	16
2474	EUR	28.26	28.26	0.00	{"transaction_secret": "fWa35L9xznwNG1bpHL4", "pi": "pi_3Q7ujWLB6OrKC68n0OjnYtZ0"}		655	16
2475	EUR	28.26	28.26	0.00	{"transaction_secret": "ooZqza0lbRWRiBNDYdE", "pi": "pi_3Q8GXOLB6OrKC68n17KW2TCp"}		656	16
2476	EUR	28.26	28.26	0.00	{"transaction_secret": "XVjQAjB1fnFeLIgx8Rk", "pi": "pi_3Q8I84LB6OrKC68n0Lm0KBKv"}		657	16
2477	EUR	27.93	27.93	0.00	{"transaction_secret": "g90TQKpSoSRz3zlduzY", "pi": "pi_3Q8f6ZLB6OrKC68n1RyHnSNa"}		658	16
2478	EUR	17.48	17.48	0.00	{"transaction_secret": "ZyB2zWgCZ1mYqUy9vX8", "pi": "pi_3Q8fJ7LB6OrKC68n0YsWXF8O"}		659	16
2479	EUR	17.48	17.48	0.00	{"transaction_secret": "J5O6NYh83HbRCTi1Lfg", "pi": "pi_3Q8fOOLB6OrKC68n0hwgJOTz"}		660	16
2480	EUR	17.48	17.48	0.00	{"transaction_secret": "B3takYLngYu6XToAyDU", "pi": "pi_3Q8foJLB6OrKC68n0IKSM3pm"}		661	16
2481	EUR	17.48	17.48	0.00	{"transaction_secret": "E_EeAFzRPyYRjMdQe9o", "pi": "pi_3Q8iF3LB6OrKC68n08iVDnD3"}		662	16
2482	EUR	17.48	17.48	0.00	{"transaction_secret": "1gXOXqqz1Ts1oA3UDxo", "pi": "pi_3Q8jJDLB6OrKC68n1IgN6BZX"}		663	16
2483	EUR	17.48	17.47	0.00	{"transaction_secret": "kGxYY3U5aSakL9d4NC8", "pi": "pi_3Q8jL4LB6OrKC68n0NYtS1vw"}		664	16
2484	EUR	17.48	17.47	0.00	{"transaction_secret": "r0BhGoJivE8N5HdImRw", "pi": "pi_3Q8jXALB6OrKC68n0QPOfHSz"}		665	16
2485	EUR	17.48	17.48	0.00	{"transaction_secret": "Ahs71vjLAsZmCOwBeFo", "pi": "pi_3Q9qhqLB6OrKC68n0uuL3N8o"}		666	16
2486	EUR	26.62	26.62	0.00	{"transaction_secret": "Hwlfo28uG9AiS1aBpw0", "pi": "pi_3Q9suCLB6OrKC68n1qdPvbVW"}		667	16
2487	EUR	17.48	17.48	0.00	{"transaction_secret": "iN5fMbXgXRYfr6UE_sU", "pi": "pi_3QA9MjLB6OrKC68n1L2aviCR"}		668	16
2488	EUR	17.48	17.48	0.00	{"transaction_secret": "38lQOPzH0_-jQceXY1Y", "pi": "pi_3QA9fLLB6OrKC68n11SXEgZB"}		669	16
2489	EUR	17.48	17.48	0.00	{"transaction_secret": "VuCjcrQCVOea3aAWC-k", "pi": "pi_3QA9hLLB6OrKC68n1FlLP08e"}		670	16
2490	EUR	39.89	39.89	0.00	{"transaction_secret": "VyvsRYU27BhQ60lf7w4", "pi": "pi_3QBIkPLB6OrKC68n1vPx8Wgj"}		671	16
2501	EUR	17.48	17.48	0.00	{"transaction_secret": "mGmbF3B6Iz8XxYHE4vo", "pi": "pi_3QDjv1LB6OrKC68n0Eg8xrcx"}		682	16
2491	EUR	13.24	13.24	0.00	{"transaction_secret": "NkLqECnggV7L8rgtKBw", "pi": "pi_3QCyqHLB6OrKC68n1o2GQati"}		672	16
2492	EUR	13.24	13.24	0.00	{"transaction_secret": "CmSYwWaJlCMAtT4V98k", "pi": "pi_3QCzKELB6OrKC68n1IKvLa9K"}		673	16
2493	EUR	29.73	29.73	0.00	{"transaction_secret": "ExwwoRiP2DVA3Fm35tU", "pi": "pi_3QD0WOLB6OrKC68n0IAXEbZX"}		674	16
2494	EUR	484.00	484.00	0.00	{"transaction_secret": "6s_oWDPmIfKRRo31Ipk", "pi": "pi_3QDADNLB6OrKC68n1RpiVEiv"}		675	16
2495	EUR	484.00	484.00	0.00	{"transaction_secret": "aOE1pBhmAniNuZ8wsRA", "pi": "pi_3QDP1eLB6OrKC68n0evgyeEh"}		676	16
2496	EUR	484.00	484.00	0.00	{"transaction_secret": "mJJer-p5fZKC5C60u7s", "pi": "pi_3QDPDxLB6OrKC68n0F8BRqfd"}		677	16
2498	EUR	484.00	484.00	0.00	{"transaction_secret": "q6z-1GHKdDbOud2O8Iw", "pi": "pi_3QDPVwLB6OrKC68n1NkkfcH8"}		679	16
2499	EUR	32.54	32.54	0.00	{"transaction_secret": "AuMaRjaOUZ2lwjR7_TQ", "pi": "pi_3QDPb6LB6OrKC68n0kJJjiCe"}		680	16
2497	EUR	484.00	484.00	0.00	{"transaction_secret": "ySTjBSQnPlj2EGkw8Xc", "pi": "pi_3QDPRaLB6OrKC68n0DzXRddB"}		678	16
2500	EUR	17.48	17.48	0.00	{"transaction_secret": "XrcIbmEKlawH1dpJA0U", "pi": "pi_3QDVtNLB6OrKC68n0KjtqNjn"}		681	16
2502	EUR	21.72	21.72	0.00	{"transaction_secret": "fpA8fTOTs32DoBxp-AI", "pi": "pi_3QDtutLB6OrKC68n1tmqJcba"}		683	16
2503	EUR	13.24	0.00	0.00	{"transaction_secret": "GjQnApJDnOAmXZFbSec", "pi": "pi_3QEDJwLB6OrKC68n1DiZZHn4"}		684	16
2508	EUR	48.22	0.00	0.00	{"transaction_secret": "xz1okfhuTri1W_DAOBM", "pi": "pi_3QEFeuLB6OrKC68n0gD4r1tp"}		689	16
2512	EUR	159.12	0.00	0.00	{"transaction_secret": "IxzxLXbxGWJbwEwO620", "pi": "pi_3QEQOmLB6OrKC68n08r9Vtlb"}		693	16
2504	EUR	13.24	0.00	0.00	{"transaction_secret": "Ua6_h1V8vmFBvHfawn0", "pi": "pi_3QEDRKLB6OrKC68n1RHzA3Qc"}		685	16
2505	EUR	29.73	29.73	0.00	{"transaction_secret": "dFrxBVHOLHSXuX4o_ZA", "pi": "pi_3QEDbPLB6OrKC68n0pN4zOU3"}		686	16
2506	EUR	48.22	0.00	0.00	{"transaction_secret": "dndRl3XNtQlqO9CTip0", "pi": "pi_3QEDfRLB6OrKC68n1IBhuEEK"}		687	16
2515	EUR	29.73	29.73	0.00	{"transaction_secret": "8vRzzpTp-I_B2rbZlTQ", "pi": "pi_3QEpCXLB6OrKC68n1OEYZlXQ"}		696	16
2507	EUR	54.41	0.00	0.00	{"transaction_secret": "qe-qCeMbH4p3cTOxupU", "pi": "pi_3QEDkGLB6OrKC68n0tXk47k2"}		688	16
2513	EUR	492.47	492.47	0.00	{"transaction_secret": "XYrbdHwmPUDFgtZoYFY", "pi": "pi_3QEQVuLB6OrKC68n0b2I1YTl"}		694	16
2509	EUR	431.97	431.97	0.00	{"transaction_secret": "dgBJGnTe8oLUelGIC6E", "pi": "pi_3QEH12LB6OrKC68n0f3xdA4Q"}		690	16
2510	EUR	17.48	0.00	0.00	{"transaction_secret": "uNOB4B-06EPc4k390IA", "pi": "pi_3QEHR9LB6OrKC68n1QYBsJCl"}		691	16
2511	EUR	17.48	17.48	0.00	{"transaction_secret": "MtjqnEHVOPm95_KnqUc", "pi": "pi_3QEHTxLB6OrKC68n1HGJX6Wi"}		692	16
2514	EUR	29.73	29.73	0.00	{"transaction_secret": "Bf3aPJzxHbkimZerj84", "pi": "pi_3QEcNGLB6OrKC68n0TDJwYzT"}		695	16
2516	EUR	29.73	29.73	0.00	{"transaction_secret": "PH9oKFSAfLA3yG7xxJg", "pi": "pi_3QFBEWLB6OrKC68n18yZg6iH"}		697	16
2517	EUR	24.82	24.82	0.00	{"transaction_secret": "0pF_aJU2MHcNqJS4uZU", "pi": "pi_3QHMGhLB6OrKC68n0If3yL9W"}		698	16
2518	EUR	29.04	29.04	0.00	{"transaction_secret": "WvoDqjpuoW54eEe6FyE", "pi": "pi_3QIZdYLB6OrKC68n1zzBiEQ8"}		699	16
2519	EUR	19.92	19.92	0.00	{"transaction_secret": "W-MXwtW1wC9htIgrpIc", "pi": "pi_3QJgBuLB6OrKC68n1odGmhZl"}		700	16
2520	EUR	19.92	19.92	0.00	{"transaction_secret": "_8nDOEFa9ByCufwu1LE", "pi": "pi_3QJsXwLB6OrKC68n1ywpJG6u"}		701	16
2521	EUR	37.51	37.51	0.00	{"transaction_secret": "w9Z5BXPfvyjas3NqojA", "pi": "pi_3QJtrBLB6OrKC68n098oT3vq"}		702	16
2522	EUR	40.63	40.63	0.00	{"transaction_secret": "-U98WMOtXNnGsfUxO7E", "pi": "pi_3QJtyeLB6OrKC68n1gWhh1Xe"}		703	16
2523	EUR	19.92	19.92	0.00	{"transaction_secret": "WwgTbuHdUHEcH5VTHe0", "pi": "pi_3QMuAYLB6OrKC68n05cg613g"}		704	16
2524	EUR	493.49	493.49	0.00	{"transaction_secret": "tBuKW2J8gN6t_rzEw0c", "pi": "pi_3QOjUeLB6OrKC68n15zpYdJ2"}		705	16
2525	EUR	21.72	21.72	0.00	{"transaction_secret": "ZDvYk3ar9dQ-MJv687A", "pi": "pi_3QOyUPLB6OrKC68n112fnEMr"}		706	16
2526	EUR	102.52	102.52	0.00	{"transaction_secret": "ShQj2QDtsaPOOmldS90", "pi": "pi_3QPTrGLB6OrKC68n1VhKLqn0"}		707	16
2527	EUR	188.92	188.92	0.00	{"transaction_secret": "XrlkP9be-mfAQ_7zKN8", "pi": "pi_3QPh8hLB6OrKC68n1JUAun1L"}		708	16
2528	EUR	456.17	456.17	0.00	{"transaction_secret": "edPZKzAvse7O1RFGl4M", "pi": "pi_3QPmmKLB6OrKC68n0iQ69M3U"}		709	16
2529	EUR	27.93	27.93	0.00	{"transaction_secret": "CYME0uQNzBggOZKQ3c0", "pi": "pi_3QQ5JELB6OrKC68n0s3F5i56"}		710	16
2530	EUR	21.72	0.00	0.00	{"transaction_secret": "8SDRH_-LXZOX-hkKk_Q", "pi": "pi_3QQ5KkLB6OrKC68n0Qwh9SoE"}		711	16
2531	EUR	27.93	27.93	0.00	{"transaction_secret": "ITQgv-ryKnMwwkHMQQE", "pi": "pi_3QRUJuLB6OrKC68n0uLyonDV"}		712	16
2532	EUR	27.93	27.93	0.00	{"transaction_secret": "hh5CfmKOPlVvc7y_lFo", "pi": "pi_3QT1mTLB6OrKC68n0VaozFLK"}		713	16
2533	EUR	469.80	469.80	0.00	{"transaction_secret": "xTk4U67P67fcUpa8cPQ", "pi": "pi_3QTAGDLB6OrKC68n1WaFowNH"}		714	16
2534	EUR	475.12	475.12	0.00	{"transaction_secret": "9DBnejYviBi-LpayGEs", "pi": "pi_3QTLsaLB6OrKC68n13Kjn3WT"}		715	16
2535	EUR	97.65	0.00	0.00	{"transaction_secret": "jYKIJApIkoEMvTDJMsc", "pi": "pi_3QeYpLLB6OrKC68n17zATDQO"}		716	16
2536	EUR	79.77	0.00	0.00	{"transaction_secret": "GyWKjr_qhw7TCoY3e54", "pi": "pi_3Qj1xMLB6OrKC68n1ZPtOr3a"}		717	16
\.


--
-- Data for Name: payment_sourcetype; Type: TABLE DATA; Schema: public; Owner: postgres
--

COPY public.payment_sourcetype (id, name, code) FROM stdin;
1	Stripe	stripe
16	STRIPE	stripe-2
\.


--
-- Data for Name: payment_transaction; Type: TABLE DATA; Schema: public; Owner: postgres
--

COPY public.payment_transaction (id, txn_type, amount, reference, status, date_created, source_id) FROM stdin;
\.


--
-- Data for Name: reviews_productreview; Type: TABLE DATA; Schema: public; Owner: postgres
--

COPY public.reviews_productreview (id, score, title, body, name, email, homepage, status, total_votes, delta_votes, date_created, product_id, user_id) FROM stdin;
3	4	Tasty!	The best beer ever!				1	0	0	2024-03-12 08:37:53.139359+00	8	3
4	4	Wow!	delicious!				1	0	0	2024-03-12 08:39:12.65955+00	2	3
1	5	Awsome	very good cake!				1	2	2	2023-12-05 10:07:56.621792+00	2	2
2	5	Wondeful product	Reminds me of home!				1	1	1	2024-03-08 15:26:31.215606+00	9	2
5	4	ብሉጽ መጽሓፍ	ብቐሊሉ ዝምህር መጽሓፍ				1	0	0	2024-11-04 09:12:54.417519+00	39	1
\.


--
-- Data for Name: reviews_vote; Type: TABLE DATA; Schema: public; Owner: postgres
--

COPY public.reviews_vote (id, delta, date_created, review_id, user_id) FROM stdin;
1	1	2024-03-11 08:02:02.41834+00	1	1
2	1	2024-03-12 08:42:37.113068+00	1	3
3	1	2024-03-27 17:11:17.413904+00	2	3
\.


--
-- Data for Name: shipping_orderanditemcharges; Type: TABLE DATA; Schema: public; Owner: postgres
--

COPY public.shipping_orderanditemcharges (id, code, name, description, price_per_order, price_per_item, free_shipping_threshold) FROM stdin;
\.


--
-- Data for Name: shipping_orderanditemcharges_countries; Type: TABLE DATA; Schema: public; Owner: postgres
--

COPY public.shipping_orderanditemcharges_countries (id, orderanditemcharges_id, country_id) FROM stdin;
\.


--
-- Data for Name: shipping_weightband; Type: TABLE DATA; Schema: public; Owner: postgres
--

COPY public.shipping_weightband (id, upper_limit, charge, method_id) FROM stdin;
1	5.000	7.00	1
2	10.000	12.00	1
3	20.000	22.00	1
5	30.000	27.00	1
\.


--
-- Data for Name: shipping_weightbased; Type: TABLE DATA; Schema: public; Owner: postgres
--

COPY public.shipping_weightbased (id, code, name, description, default_weight, name_en, name_la, name_nl, name_ti) FROM stdin;
1	weight-shipping-cost	ልሙድ መስደዲ		2.000	Regular Shipping	\N	Standaard verzending	ልሙድ መስደዲ
\.


--
-- Data for Name: shipping_weightbased_countries; Type: TABLE DATA; Schema: public; Owner: postgres
--

COPY public.shipping_weightbased_countries (id, weightbased_id, country_id) FROM stdin;
1	1	BE
2	1	DE
3	1	NL
\.


--
-- Data for Name: shopfront_banner; Type: TABLE DATA; Schema: public; Owner: wenani_wereja
--

COPY public.shopfront_banner (id, title, banner, start_date, end_date, priority, partner_id, link) FROM stdin;
\.


--
-- Data for Name: shopfront_notice; Type: TABLE DATA; Schema: public; Owner: wenani_wereja
--

COPY public.shopfront_notice (id, title, title_en, title_ti, title_nl, title_la, content, content_en, content_ti, content_nl, content_la, start_date, end_date, priority, partner_id) FROM stdin;
\.


--
-- Data for Name: shopfront_socialmedia; Type: TABLE DATA; Schema: public; Owner: wenani_wereja
--

COPY public.shopfront_socialmedia (id, name, url, partner_id) FROM stdin;
\.


--
-- Data for Name: socialaccount_socialaccount; Type: TABLE DATA; Schema: public; Owner: wenani_wereja
--

COPY public.socialaccount_socialaccount (id, provider, uid, last_login, date_joined, extra_data, user_id) FROM stdin;
1	google	108947751589439075611	2024-11-22 08:42:32.315624+00	2024-11-22 08:41:28.110675+00	{"aud": "349871519852-e10iadi4d01qmh5h89m9uvuip9s0i9c2.apps.googleusercontent.com", "azp": "349871519852-e10iadi4d01qmh5h89m9uvuip9s0i9c2.apps.googleusercontent.com", "exp": 1732268552, "iat": 1732264952, "iss": "https://accounts.google.com", "sub": "108947751589439075611", "name": "Isaak Yosief", "email": "isaakyosief@gmail.com", "at_hash": "mNV0dnBJNvlXeYNZDx9Dxg", "picture": "https://lh3.googleusercontent.com/a/ACg8ocIBCIYBXK0OFaM4TjfnIK487vm7krGXaAIGPv9uMnMm5aV2Ww=s96-c", "given_name": "Isaak", "family_name": "Yosief", "email_verified": true}	19
\.


--
-- Data for Name: socialaccount_socialapp_sites; Type: TABLE DATA; Schema: public; Owner: wenani_wereja
--

COPY public.socialaccount_socialapp_sites (id, socialapp_id, site_id) FROM stdin;
\.


--
-- Data for Name: voucher_voucher; Type: TABLE DATA; Schema: public; Owner: postgres
--

COPY public.voucher_voucher (id, name, code, usage, start_datetime, end_datetime, num_basket_additions, num_orders, total_discount, date_created, voucher_set_id) FROM stdin;
1	incidental discount at checkout	SDAC24	Multi-use	2024-01-05 13:15:00+00	2024-12-31 14:15:00+00	4	2	4.00	2024-01-05 13:16:24.8505+00	\N
2	voucher 2024 - 1	W3J3-3PC8-G6SL	Single use	2024-06-10 13:45:00+00	2024-07-31 16:00:00+00	0	0	0.00	2024-06-10 13:57:41.769654+00	1
3	voucher 2024 - 2	JNTB-8WDP-52TW	Single use	2024-06-10 13:45:00+00	2024-07-31 16:00:00+00	0	0	0.00	2024-06-10 13:57:41.779873+00	1
4	voucher 2024 - 3	PTE6-JLPQ-FSP4	Single use	2024-06-10 13:45:00+00	2024-07-31 16:00:00+00	0	0	0.00	2024-06-10 13:57:41.781921+00	1
5	voucher 2024 - 4	XGSH-4ZBZ-PSBH	Single use	2024-06-10 13:45:00+00	2024-07-31 16:00:00+00	0	0	0.00	2024-06-10 13:57:41.784057+00	1
6	voucher 2024 - 5	6BRZ-9EN2-CLCV	Single use	2024-06-10 13:45:00+00	2024-07-31 16:00:00+00	0	0	0.00	2024-06-10 13:57:41.786932+00	1
7	voucher 2024 - 6	SYHA-LUJR-MQLJ	Single use	2024-06-10 13:45:00+00	2024-07-31 16:00:00+00	0	0	0.00	2024-06-10 13:57:41.790497+00	1
8	voucher 2024 - 7	NFFJ-4D4G-BEDQ	Single use	2024-06-10 13:45:00+00	2024-07-31 16:00:00+00	0	0	0.00	2024-06-10 13:57:41.792422+00	1
9	voucher 2024 - 8	TY9U-3ZUN-52LL	Single use	2024-06-10 13:45:00+00	2024-07-31 16:00:00+00	0	0	0.00	2024-06-10 13:57:41.794473+00	1
10	voucher 2024 - 9	UCN7-MRDP-SR8K	Single use	2024-06-10 13:45:00+00	2024-07-31 16:00:00+00	0	0	0.00	2024-06-10 13:57:41.7964+00	1
11	voucher 2024 - 10	MGVP-8J5S-5A42	Single use	2024-06-10 13:45:00+00	2024-07-31 16:00:00+00	2	0	0.00	2024-06-10 13:57:41.798292+00	1
\.


--
-- Data for Name: voucher_voucher_offers; Type: TABLE DATA; Schema: public; Owner: postgres
--

COPY public.voucher_voucher_offers (id, voucher_id, conditionaloffer_id) FROM stdin;
12	1	19
13	2	19
14	3	19
15	4	19
16	5	19
17	6	19
18	7	19
19	8	19
20	9	19
21	10	19
22	11	19
\.


--
-- Data for Name: voucher_voucherapplication; Type: TABLE DATA; Schema: public; Owner: postgres
--

COPY public.voucher_voucherapplication (id, date_created, order_id, user_id, voucher_id) FROM stdin;
1	2024-01-05 13:18:30.434223+00	297	2	1
2	2024-01-07 16:12:31.088233+00	304	2	1
\.


--
-- Data for Name: voucher_voucherset; Type: TABLE DATA; Schema: public; Owner: postgres
--

COPY public.voucher_voucherset (id, name, count, code_length, description, date_created, start_datetime, end_datetime) FROM stdin;
1	voucher 2024	10	12	incidental discount to be used in select circumstances.	2024-06-10 13:57:41.7551+00	2024-06-10 13:45:00+00	2024-07-31 16:00:00+00
\.


--
-- Data for Name: wishlists_line; Type: TABLE DATA; Schema: public; Owner: postgres
--

COPY public.wishlists_line (id, quantity, title, product_id, wishlist_id) FROM stdin;
1	1	cherry cake	\N	1
2	1	Fruits basket	1	2
3	1	መንደፈራ ዙርያ	37	4
4	1	ሜስ	9	3
5	1	Mes / Tej	9	5
6	2	Mes / Tej	9	6
7	1	Fruits basket	1	3
8	1	ዓቢ ተስፋ	38	3
\.


--
-- Data for Name: wishlists_wishlistsharedemail; Type: TABLE DATA; Schema: public; Owner: postgres
--

COPY public.wishlists_wishlistsharedemail (id, email, wishlist_id) FROM stdin;
\.



--
-- Name: account_emailaddress account_emailaddress_pkey; Type: CONSTRAINT; Schema: public; Owner: wenani_wereja
--

ALTER TABLE ONLY public.account_emailaddress
    ADD CONSTRAINT account_emailaddress_pkey PRIMARY KEY (id);


--
-- Name: account_emailaddress account_emailaddress_user_id_email_987c8728_uniq; Type: CONSTRAINT; Schema: public; Owner: wenani_wereja
--

ALTER TABLE ONLY public.account_emailaddress
    ADD CONSTRAINT account_emailaddress_user_id_email_987c8728_uniq UNIQUE (user_id, email);


--
-- Name: address_country address_country_pkey; Type: CONSTRAINT; Schema: public; Owner: postgres
--

ALTER TABLE ONLY public.address_country
    ADD CONSTRAINT address_country_pkey PRIMARY KEY (iso_3166_1_a2);


--
-- Name: analytics_productrecord analytics_productrecord_pkey; Type: CONSTRAINT; Schema: public; Owner: postgres
--

ALTER TABLE ONLY public.analytics_productrecord
    ADD CONSTRAINT analytics_productrecord_pkey PRIMARY KEY (id);


--
-- Name: analytics_productrecord analytics_productrecord_product_id_key; Type: CONSTRAINT; Schema: public; Owner: postgres
--

ALTER TABLE ONLY public.analytics_productrecord
    ADD CONSTRAINT analytics_productrecord_product_id_key UNIQUE (product_id);


--
-- Name: analytics_userproductview analytics_userproductview_pkey; Type: CONSTRAINT; Schema: public; Owner: postgres
--

ALTER TABLE ONLY public.analytics_userproductview
    ADD CONSTRAINT analytics_userproductview_pkey PRIMARY KEY (id);


--
-- Name: analytics_userrecord analytics_userrecord_pkey; Type: CONSTRAINT; Schema: public; Owner: postgres
--

ALTER TABLE ONLY public.analytics_userrecord
    ADD CONSTRAINT analytics_userrecord_pkey PRIMARY KEY (id);


--
-- Name: analytics_userrecord analytics_userrecord_user_id_key; Type: CONSTRAINT; Schema: public; Owner: postgres
--

ALTER TABLE ONLY public.analytics_userrecord
    ADD CONSTRAINT analytics_userrecord_user_id_key UNIQUE (user_id);


--
-- Name: analytics_usersearch analytics_usersearch_pkey; Type: CONSTRAINT; Schema: public; Owner: postgres
--

ALTER TABLE ONLY public.analytics_usersearch
    ADD CONSTRAINT analytics_usersearch_pkey PRIMARY KEY (id);


--
-- Name: auth_group auth_group_name_key; Type: CONSTRAINT; Schema: public; Owner: postgres
--

ALTER TABLE ONLY public.auth_group
    ADD CONSTRAINT auth_group_name_key UNIQUE (name);


--
-- Name: auth_group_permissions auth_group_permissions_group_id_permission_id_0cd325b0_uniq; Type: CONSTRAINT; Schema: public; Owner: postgres
--

ALTER TABLE ONLY public.auth_group_permissions
    ADD CONSTRAINT auth_group_permissions_group_id_permission_id_0cd325b0_uniq UNIQUE (group_id, permission_id);


--
-- Name: auth_group_permissions auth_group_permissions_pkey; Type: CONSTRAINT; Schema: public; Owner: postgres
--

ALTER TABLE ONLY public.auth_group_permissions
    ADD CONSTRAINT auth_group_permissions_pkey PRIMARY KEY (id);


--
-- Name: auth_group auth_group_pkey; Type: CONSTRAINT; Schema: public; Owner: postgres
--

ALTER TABLE ONLY public.auth_group
    ADD CONSTRAINT auth_group_pkey PRIMARY KEY (id);


--
-- Name: auth_permission auth_permission_content_type_id_codename_01ab375a_uniq; Type: CONSTRAINT; Schema: public; Owner: postgres
--

ALTER TABLE ONLY public.auth_permission
    ADD CONSTRAINT auth_permission_content_type_id_codename_01ab375a_uniq UNIQUE (content_type_id, codename);


--
-- Name: auth_permission auth_permission_pkey; Type: CONSTRAINT; Schema: public; Owner: postgres
--

ALTER TABLE ONLY public.auth_permission
    ADD CONSTRAINT auth_permission_pkey PRIMARY KEY (id);


--
-- Name: auth_user_groups auth_user_groups_pkey; Type: CONSTRAINT; Schema: public; Owner: postgres
--

ALTER TABLE ONLY public.auth_user_groups
    ADD CONSTRAINT auth_user_groups_pkey PRIMARY KEY (id);


--
-- Name: auth_user_groups auth_user_groups_user_id_group_id_94350c0c_uniq; Type: CONSTRAINT; Schema: public; Owner: postgres
--

ALTER TABLE ONLY public.auth_user_groups
    ADD CONSTRAINT auth_user_groups_user_id_group_id_94350c0c_uniq UNIQUE (user_id, group_id);


--
-- Name: auth_user_user_permissions auth_user_user_permissions_pkey; Type: CONSTRAINT; Schema: public; Owner: postgres
--

ALTER TABLE ONLY public.auth_user_user_permissions
    ADD CONSTRAINT auth_user_user_permissions_pkey PRIMARY KEY (id);


--
-- Name: auth_user_user_permissions auth_user_user_permissions_user_id_permission_id_14a6b632_uniq; Type: CONSTRAINT; Schema: public; Owner: postgres
--

ALTER TABLE ONLY public.auth_user_user_permissions
    ADD CONSTRAINT auth_user_user_permissions_user_id_permission_id_14a6b632_uniq UNIQUE (user_id, permission_id);


--
-- Name: basket_basket basket_basket_pkey; Type: CONSTRAINT; Schema: public; Owner: postgres
--

ALTER TABLE ONLY public.basket_basket
    ADD CONSTRAINT basket_basket_pkey PRIMARY KEY (id);


--
-- Name: basket_basket_vouchers basket_basket_vouchers_basket_id_voucher_id_0731eee2_uniq; Type: CONSTRAINT; Schema: public; Owner: postgres
--

ALTER TABLE ONLY public.basket_basket_vouchers
    ADD CONSTRAINT basket_basket_vouchers_basket_id_voucher_id_0731eee2_uniq UNIQUE (basket_id, voucher_id);


--
-- Name: basket_basket_vouchers basket_basket_vouchers_pkey; Type: CONSTRAINT; Schema: public; Owner: postgres
--

ALTER TABLE ONLY public.basket_basket_vouchers
    ADD CONSTRAINT basket_basket_vouchers_pkey PRIMARY KEY (id);


--
-- Name: basket_line basket_line_basket_id_line_reference_8977e974_uniq; Type: CONSTRAINT; Schema: public; Owner: postgres
--

ALTER TABLE ONLY public.basket_line
    ADD CONSTRAINT basket_line_basket_id_line_reference_8977e974_uniq UNIQUE (basket_id, line_reference);


--
-- Name: basket_line basket_line_pkey; Type: CONSTRAINT; Schema: public; Owner: postgres
--

ALTER TABLE ONLY public.basket_line
    ADD CONSTRAINT basket_line_pkey PRIMARY KEY (id);


--
-- Name: basket_lineattribute basket_lineattribute_pkey; Type: CONSTRAINT; Schema: public; Owner: postgres
--

ALTER TABLE ONLY public.basket_lineattribute
    ADD CONSTRAINT basket_lineattribute_pkey PRIMARY KEY (id);


--
-- Name: captcha_captchastore captcha_captchastore_hashkey_key; Type: CONSTRAINT; Schema: public; Owner: postgres
--

ALTER TABLE ONLY public.captcha_captchastore
    ADD CONSTRAINT captcha_captchastore_hashkey_key UNIQUE (hashkey);


--
-- Name: captcha_captchastore captcha_captchastore_pkey; Type: CONSTRAINT; Schema: public; Owner: postgres
--

ALTER TABLE ONLY public.captcha_captchastore
    ADD CONSTRAINT captcha_captchastore_pkey PRIMARY KEY (id);


--
-- Name: catalogue_attributeoption catalogue_attributeoption_code_key; Type: CONSTRAINT; Schema: public; Owner: postgres
--

ALTER TABLE ONLY public.catalogue_attributeoption
    ADD CONSTRAINT catalogue_attributeoption_code_key UNIQUE (code);


--
-- Name: catalogue_attributeoption catalogue_attributeoption_group_id_option_7a8f6c11_uniq; Type: CONSTRAINT; Schema: public; Owner: postgres
--

ALTER TABLE ONLY public.catalogue_attributeoption
    ADD CONSTRAINT catalogue_attributeoption_group_id_option_7a8f6c11_uniq UNIQUE (group_id, option);


--
-- Name: catalogue_attributeoption catalogue_attributeoption_pkey; Type: CONSTRAINT; Schema: public; Owner: postgres
--

ALTER TABLE ONLY public.catalogue_attributeoption
    ADD CONSTRAINT catalogue_attributeoption_pkey PRIMARY KEY (id);


--
-- Name: catalogue_attributeoptiongroup catalogue_attributeoptiongroup_code_key; Type: CONSTRAINT; Schema: public; Owner: postgres
--

ALTER TABLE ONLY public.catalogue_attributeoptiongroup
    ADD CONSTRAINT catalogue_attributeoptiongroup_code_key UNIQUE (code);


--
-- Name: catalogue_attributeoptiongroup catalogue_attributeoptiongroup_pkey; Type: CONSTRAINT; Schema: public; Owner: postgres
--

ALTER TABLE ONLY public.catalogue_attributeoptiongroup
    ADD CONSTRAINT catalogue_attributeoptiongroup_pkey PRIMARY KEY (id);


--
-- Name: catalogue_category catalogue_category_code_key; Type: CONSTRAINT; Schema: public; Owner: postgres
--

ALTER TABLE ONLY public.catalogue_category
    ADD CONSTRAINT catalogue_category_code_key UNIQUE (code);


--
-- Name: catalogue_category catalogue_category_path_key; Type: CONSTRAINT; Schema: public; Owner: postgres
--

ALTER TABLE ONLY public.catalogue_category
    ADD CONSTRAINT catalogue_category_path_key UNIQUE (path);


--
-- Name: catalogue_category catalogue_category_pkey; Type: CONSTRAINT; Schema: public; Owner: postgres
--

ALTER TABLE ONLY public.catalogue_category
    ADD CONSTRAINT catalogue_category_pkey PRIMARY KEY (id);


--
-- Name: catalogue_option catalogue_option_code_key; Type: CONSTRAINT; Schema: public; Owner: postgres
--

ALTER TABLE ONLY public.catalogue_option
    ADD CONSTRAINT catalogue_option_code_key UNIQUE (code);


--
-- Name: catalogue_option catalogue_option_pkey; Type: CONSTRAINT; Schema: public; Owner: postgres
--

ALTER TABLE ONLY public.catalogue_option
    ADD CONSTRAINT catalogue_option_pkey PRIMARY KEY (id);


--
-- Name: catalogue_product catalogue_product_pkey; Type: CONSTRAINT; Schema: public; Owner: postgres
--

ALTER TABLE ONLY public.catalogue_product
    ADD CONSTRAINT catalogue_product_pkey PRIMARY KEY (id);


--
-- Name: catalogue_product_product_options catalogue_product_produc_product_id_option_id_9b3abb31_uniq; Type: CONSTRAINT; Schema: public; Owner: postgres
--

ALTER TABLE ONLY public.catalogue_product_product_options
    ADD CONSTRAINT catalogue_product_produc_product_id_option_id_9b3abb31_uniq UNIQUE (product_id, option_id);


--
-- Name: catalogue_product_product_options catalogue_product_product_options_pkey; Type: CONSTRAINT; Schema: public; Owner: postgres
--

ALTER TABLE ONLY public.catalogue_product_product_options
    ADD CONSTRAINT catalogue_product_product_options_pkey PRIMARY KEY (id);


--
-- Name: catalogue_product catalogue_product_upc_key; Type: CONSTRAINT; Schema: public; Owner: postgres
--

ALTER TABLE ONLY public.catalogue_product
    ADD CONSTRAINT catalogue_product_upc_key UNIQUE (upc);


--
-- Name: catalogue_productattributevalue catalogue_productattribu_attribute_id_product_id_1e8e7112_uniq; Type: CONSTRAINT; Schema: public; Owner: postgres
--

ALTER TABLE ONLY public.catalogue_productattributevalue
    ADD CONSTRAINT catalogue_productattribu_attribute_id_product_id_1e8e7112_uniq UNIQUE (attribute_id, product_id);


--
-- Name: catalogue_productattributevalue_value_multi_option catalogue_productattribu_productattributevalue_id_a1760824_uniq; Type: CONSTRAINT; Schema: public; Owner: postgres
--

ALTER TABLE ONLY public.catalogue_productattributevalue_value_multi_option
    ADD CONSTRAINT catalogue_productattribu_productattributevalue_id_a1760824_uniq UNIQUE (productattributevalue_id, attributeoption_id);


--
-- Name: catalogue_productattribute catalogue_productattribute_code_product_class_id_82f69012_uniq; Type: CONSTRAINT; Schema: public; Owner: postgres
--

ALTER TABLE ONLY public.catalogue_productattribute
    ADD CONSTRAINT catalogue_productattribute_code_product_class_id_82f69012_uniq UNIQUE (code, product_class_id);


--
-- Name: catalogue_productattribute catalogue_productattribute_pkey; Type: CONSTRAINT; Schema: public; Owner: postgres
--

ALTER TABLE ONLY public.catalogue_productattribute
    ADD CONSTRAINT catalogue_productattribute_pkey PRIMARY KEY (id);


--
-- Name: catalogue_productattributevalue catalogue_productattributevalue_pkey; Type: CONSTRAINT; Schema: public; Owner: postgres
--

ALTER TABLE ONLY public.catalogue_productattributevalue
    ADD CONSTRAINT catalogue_productattributevalue_pkey PRIMARY KEY (id);


--
-- Name: catalogue_productattributevalue_value_multi_option catalogue_productattributevalue_value_multi_option_pkey; Type: CONSTRAINT; Schema: public; Owner: postgres
--

ALTER TABLE ONLY public.catalogue_productattributevalue_value_multi_option
    ADD CONSTRAINT catalogue_productattributevalue_value_multi_option_pkey PRIMARY KEY (id);


--
-- Name: catalogue_productcategory catalogue_productcategory_pkey; Type: CONSTRAINT; Schema: public; Owner: postgres
--

ALTER TABLE ONLY public.catalogue_productcategory
    ADD CONSTRAINT catalogue_productcategory_pkey PRIMARY KEY (id);


--
-- Name: catalogue_productcategory catalogue_productcategory_product_id_category_id_8f0dbfe2_uniq; Type: CONSTRAINT; Schema: public; Owner: postgres
--

ALTER TABLE ONLY public.catalogue_productcategory
    ADD CONSTRAINT catalogue_productcategory_product_id_category_id_8f0dbfe2_uniq UNIQUE (product_id, category_id);


--
-- Name: catalogue_productclass_options catalogue_productclass_o_productclass_id_option_i_2266c635_uniq; Type: CONSTRAINT; Schema: public; Owner: postgres
--

ALTER TABLE ONLY public.catalogue_productclass_options
    ADD CONSTRAINT catalogue_productclass_o_productclass_id_option_i_2266c635_uniq UNIQUE (productclass_id, option_id);


--
-- Name: catalogue_productclass_options catalogue_productclass_options_pkey; Type: CONSTRAINT; Schema: public; Owner: postgres
--

ALTER TABLE ONLY public.catalogue_productclass_options
    ADD CONSTRAINT catalogue_productclass_options_pkey PRIMARY KEY (id);


--
-- Name: catalogue_productclass catalogue_productclass_pkey; Type: CONSTRAINT; Schema: public; Owner: postgres
--

ALTER TABLE ONLY public.catalogue_productclass
    ADD CONSTRAINT catalogue_productclass_pkey PRIMARY KEY (id);


--
-- Name: catalogue_productclass catalogue_productclass_slug_en_key; Type: CONSTRAINT; Schema: public; Owner: postgres
--

ALTER TABLE ONLY public.catalogue_productclass
    ADD CONSTRAINT catalogue_productclass_slug_en_key UNIQUE (slug_en);


--
-- Name: catalogue_productclass catalogue_productclass_slug_key; Type: CONSTRAINT; Schema: public; Owner: postgres
--

ALTER TABLE ONLY public.catalogue_productclass
    ADD CONSTRAINT catalogue_productclass_slug_key UNIQUE (slug);


--
-- Name: catalogue_productclass catalogue_productclass_slug_la_key; Type: CONSTRAINT; Schema: public; Owner: postgres
--

ALTER TABLE ONLY public.catalogue_productclass
    ADD CONSTRAINT catalogue_productclass_slug_la_key UNIQUE (slug_la);


--
-- Name: catalogue_productclass catalogue_productclass_slug_nl_key; Type: CONSTRAINT; Schema: public; Owner: postgres
--

ALTER TABLE ONLY public.catalogue_productclass
    ADD CONSTRAINT catalogue_productclass_slug_nl_key UNIQUE (slug_nl);


--
-- Name: catalogue_productclass catalogue_productclass_slug_ti_key; Type: CONSTRAINT; Schema: public; Owner: postgres
--

ALTER TABLE ONLY public.catalogue_productclass
    ADD CONSTRAINT catalogue_productclass_slug_ti_key UNIQUE (slug_ti);


--
-- Name: catalogue_productimage catalogue_productimage_code_key; Type: CONSTRAINT; Schema: public; Owner: postgres
--

ALTER TABLE ONLY public.catalogue_productimage
    ADD CONSTRAINT catalogue_productimage_code_key UNIQUE (code);


--
-- Name: catalogue_productimage catalogue_productimage_pkey; Type: CONSTRAINT; Schema: public; Owner: postgres
--

ALTER TABLE ONLY public.catalogue_productimage
    ADD CONSTRAINT catalogue_productimage_pkey PRIMARY KEY (id);


--
-- Name: catalogue_productrecommendation catalogue_productrecomme_primary_id_recommendatio_da1fdf43_uniq; Type: CONSTRAINT; Schema: public; Owner: postgres
--

ALTER TABLE ONLY public.catalogue_productrecommendation
    ADD CONSTRAINT catalogue_productrecomme_primary_id_recommendatio_da1fdf43_uniq UNIQUE (primary_id, recommendation_id);


--
-- Name: catalogue_productrecommendation catalogue_productrecommendation_pkey; Type: CONSTRAINT; Schema: public; Owner: postgres
--

ALTER TABLE ONLY public.catalogue_productrecommendation
    ADD CONSTRAINT catalogue_productrecommendation_pkey PRIMARY KEY (id);


--
-- Name: cookie_consent_cookie cookie_consent_cookie_pkey; Type: CONSTRAINT; Schema: public; Owner: wenani_wereja
--

ALTER TABLE ONLY public.cookie_consent_cookie
    ADD CONSTRAINT cookie_consent_cookie_pkey PRIMARY KEY (id);


--
-- Name: cookie_consent_cookiegroup cookie_consent_cookiegroup_pkey; Type: CONSTRAINT; Schema: public; Owner: wenani_wereja
--

ALTER TABLE ONLY public.cookie_consent_cookiegroup
    ADD CONSTRAINT cookie_consent_cookiegroup_pkey PRIMARY KEY (id);


--
-- Name: cookie_consent_cookiegroup cookie_consent_cookiegroup_varname_322d11a0_uniq; Type: CONSTRAINT; Schema: public; Owner: wenani_wereja
--

ALTER TABLE ONLY public.cookie_consent_cookiegroup
    ADD CONSTRAINT cookie_consent_cookiegroup_varname_322d11a0_uniq UNIQUE (varname);


--
-- Name: cookie_consent_logitem cookie_consent_logitem_pkey; Type: CONSTRAINT; Schema: public; Owner: wenani_wereja
--

ALTER TABLE ONLY public.cookie_consent_logitem
    ADD CONSTRAINT cookie_consent_logitem_pkey PRIMARY KEY (id);


--
-- Name: communication_communicationeventtype customer_communicationeventtype_code_key; Type: CONSTRAINT; Schema: public; Owner: postgres
--

ALTER TABLE ONLY public.communication_communicationeventtype
    ADD CONSTRAINT customer_communicationeventtype_code_key UNIQUE (code);


--
-- Name: communication_communicationeventtype customer_communicationeventtype_pkey; Type: CONSTRAINT; Schema: public; Owner: postgres
--

ALTER TABLE ONLY public.communication_communicationeventtype
    ADD CONSTRAINT customer_communicationeventtype_pkey PRIMARY KEY (id);


--
-- Name: communication_email customer_email_pkey; Type: CONSTRAINT; Schema: public; Owner: postgres
--

ALTER TABLE ONLY public.communication_email
    ADD CONSTRAINT customer_email_pkey PRIMARY KEY (id);


--
-- Name: communication_notification customer_notification_pkey; Type: CONSTRAINT; Schema: public; Owner: postgres
--

ALTER TABLE ONLY public.communication_notification
    ADD CONSTRAINT customer_notification_pkey PRIMARY KEY (id);


--
-- Name: django_admin_log django_admin_log_pkey; Type: CONSTRAINT; Schema: public; Owner: postgres
--

ALTER TABLE ONLY public.django_admin_log
    ADD CONSTRAINT django_admin_log_pkey PRIMARY KEY (id);


--
-- Name: django_content_type django_content_type_app_label_model_76bd3d3b_uniq; Type: CONSTRAINT; Schema: public; Owner: postgres
--

ALTER TABLE ONLY public.django_content_type
    ADD CONSTRAINT django_content_type_app_label_model_76bd3d3b_uniq UNIQUE (app_label, model);


--
-- Name: django_content_type django_content_type_pkey; Type: CONSTRAINT; Schema: public; Owner: postgres
--

ALTER TABLE ONLY public.django_content_type
    ADD CONSTRAINT django_content_type_pkey PRIMARY KEY (id);


--
-- Name: django_flatpage django_flatpage_pkey; Type: CONSTRAINT; Schema: public; Owner: postgres
--

ALTER TABLE ONLY public.django_flatpage
    ADD CONSTRAINT django_flatpage_pkey PRIMARY KEY (id);


--
-- Name: django_flatpage_sites django_flatpage_sites_flatpage_id_site_id_0d29d9d1_uniq; Type: CONSTRAINT; Schema: public; Owner: postgres
--

ALTER TABLE ONLY public.django_flatpage_sites
    ADD CONSTRAINT django_flatpage_sites_flatpage_id_site_id_0d29d9d1_uniq UNIQUE (flatpage_id, site_id);


--
-- Name: django_flatpage_sites django_flatpage_sites_pkey; Type: CONSTRAINT; Schema: public; Owner: postgres
--

ALTER TABLE ONLY public.django_flatpage_sites
    ADD CONSTRAINT django_flatpage_sites_pkey PRIMARY KEY (id);


--
-- Name: django_migrations django_migrations_pkey; Type: CONSTRAINT; Schema: public; Owner: postgres
--

ALTER TABLE ONLY public.django_migrations
    ADD CONSTRAINT django_migrations_pkey PRIMARY KEY (id);


--
-- Name: django_redirect django_redirect_pkey; Type: CONSTRAINT; Schema: public; Owner: wenani_wereja
--

ALTER TABLE ONLY public.django_redirect
    ADD CONSTRAINT django_redirect_pkey PRIMARY KEY (id);


--
-- Name: django_redirect django_redirect_site_id_old_path_ac5dd16b_uniq; Type: CONSTRAINT; Schema: public; Owner: wenani_wereja
--

ALTER TABLE ONLY public.django_redirect
    ADD CONSTRAINT django_redirect_site_id_old_path_ac5dd16b_uniq UNIQUE (site_id, old_path);


--
-- Name: django_site django_site_domain_a2e37b91_uniq; Type: CONSTRAINT; Schema: public; Owner: postgres
--

ALTER TABLE ONLY public.django_site
    ADD CONSTRAINT django_site_domain_a2e37b91_uniq UNIQUE (domain);


--
-- Name: django_site django_site_pkey; Type: CONSTRAINT; Schema: public; Owner: postgres
--

ALTER TABLE ONLY public.django_site
    ADD CONSTRAINT django_site_pkey PRIMARY KEY (id);


--
-- Name: home_shopsocialmedia home_shopsocialmedia_name_key; Type: CONSTRAINT; Schema: public; Owner: wenani_wereja
--

ALTER TABLE ONLY public.home_shopsocialmedia
    ADD CONSTRAINT home_shopsocialmedia_name_key UNIQUE (name);


--
-- Name: home_shopsocialmedia home_shopsocialmedia_pkey; Type: CONSTRAINT; Schema: public; Owner: wenani_wereja
--

ALTER TABLE ONLY public.home_shopsocialmedia
    ADD CONSTRAINT home_shopsocialmedia_pkey PRIMARY KEY (id);


--
-- Name: mfa_authenticator mfa_authenticator_pkey; Type: CONSTRAINT; Schema: public; Owner: wenani_wereja
--

ALTER TABLE ONLY public.mfa_authenticator
    ADD CONSTRAINT mfa_authenticator_pkey PRIMARY KEY (id);


--
-- Name: cookie_consent_cookie natural_key; Type: CONSTRAINT; Schema: public; Owner: wenani_wereja
--

ALTER TABLE ONLY public.cookie_consent_cookie
    ADD CONSTRAINT natural_key UNIQUE (cookiegroup_id, name, domain);


--
-- Name: offer_benefit offer_benefit_pkey; Type: CONSTRAINT; Schema: public; Owner: postgres
--

ALTER TABLE ONLY public.offer_benefit
    ADD CONSTRAINT offer_benefit_pkey PRIMARY KEY (id);


--
-- Name: offer_condition offer_condition_pkey; Type: CONSTRAINT; Schema: public; Owner: postgres
--

ALTER TABLE ONLY public.offer_condition
    ADD CONSTRAINT offer_condition_pkey PRIMARY KEY (id);


--
-- Name: offer_conditionaloffer_combinations offer_conditionaloffer_c_from_conditionaloffer_id_2e3e9ffe_uniq; Type: CONSTRAINT; Schema: public; Owner: postgres
--

ALTER TABLE ONLY public.offer_conditionaloffer_combinations
    ADD CONSTRAINT offer_conditionaloffer_c_from_conditionaloffer_id_2e3e9ffe_uniq UNIQUE (from_conditionaloffer_id, to_conditionaloffer_id);


--
-- Name: offer_conditionaloffer_combinations offer_conditionaloffer_combinations_pkey; Type: CONSTRAINT; Schema: public; Owner: postgres
--

ALTER TABLE ONLY public.offer_conditionaloffer_combinations
    ADD CONSTRAINT offer_conditionaloffer_combinations_pkey PRIMARY KEY (id);


--
-- Name: offer_conditionaloffer offer_conditionaloffer_name_en_key; Type: CONSTRAINT; Schema: public; Owner: postgres
--

ALTER TABLE ONLY public.offer_conditionaloffer
    ADD CONSTRAINT offer_conditionaloffer_name_en_key UNIQUE (name_en);


--
-- Name: offer_conditionaloffer offer_conditionaloffer_name_fi_key; Type: CONSTRAINT; Schema: public; Owner: postgres
--

ALTER TABLE ONLY public.offer_conditionaloffer
    ADD CONSTRAINT offer_conditionaloffer_name_fi_key UNIQUE (name_la);


--
-- Name: offer_conditionaloffer offer_conditionaloffer_name_key; Type: CONSTRAINT; Schema: public; Owner: postgres
--

ALTER TABLE ONLY public.offer_conditionaloffer
    ADD CONSTRAINT offer_conditionaloffer_name_key UNIQUE (name);


--
-- Name: offer_conditionaloffer offer_conditionaloffer_name_nl_key; Type: CONSTRAINT; Schema: public; Owner: postgres
--

ALTER TABLE ONLY public.offer_conditionaloffer
    ADD CONSTRAINT offer_conditionaloffer_name_nl_key UNIQUE (name_nl);


--
-- Name: offer_conditionaloffer offer_conditionaloffer_name_ti_key; Type: CONSTRAINT; Schema: public; Owner: postgres
--

ALTER TABLE ONLY public.offer_conditionaloffer
    ADD CONSTRAINT offer_conditionaloffer_name_ti_key UNIQUE (name_ti);


--
-- Name: offer_conditionaloffer offer_conditionaloffer_pkey; Type: CONSTRAINT; Schema: public; Owner: postgres
--

ALTER TABLE ONLY public.offer_conditionaloffer
    ADD CONSTRAINT offer_conditionaloffer_pkey PRIMARY KEY (id);


--
-- Name: offer_conditionaloffer offer_conditionaloffer_slug_key; Type: CONSTRAINT; Schema: public; Owner: postgres
--

ALTER TABLE ONLY public.offer_conditionaloffer
    ADD CONSTRAINT offer_conditionaloffer_slug_key UNIQUE (slug);


--
-- Name: offer_range_classes offer_range_classes_pkey; Type: CONSTRAINT; Schema: public; Owner: postgres
--

ALTER TABLE ONLY public.offer_range_classes
    ADD CONSTRAINT offer_range_classes_pkey PRIMARY KEY (id);


--
-- Name: offer_range_classes offer_range_classes_range_id_productclass_id_28eeefae_uniq; Type: CONSTRAINT; Schema: public; Owner: postgres
--

ALTER TABLE ONLY public.offer_range_classes
    ADD CONSTRAINT offer_range_classes_range_id_productclass_id_28eeefae_uniq UNIQUE (range_id, productclass_id);


--
-- Name: offer_range_excluded_categories offer_range_excluded_cat_range_id_category_id_2f84ef27_uniq; Type: CONSTRAINT; Schema: public; Owner: wenani_wereja
--

ALTER TABLE ONLY public.offer_range_excluded_categories
    ADD CONSTRAINT offer_range_excluded_cat_range_id_category_id_2f84ef27_uniq UNIQUE (range_id, category_id);


--
-- Name: offer_range_excluded_categories offer_range_excluded_categories_pkey; Type: CONSTRAINT; Schema: public; Owner: wenani_wereja
--

ALTER TABLE ONLY public.offer_range_excluded_categories
    ADD CONSTRAINT offer_range_excluded_categories_pkey PRIMARY KEY (id);


--
-- Name: offer_range_excluded_products offer_range_excluded_products_pkey; Type: CONSTRAINT; Schema: public; Owner: postgres
--

ALTER TABLE ONLY public.offer_range_excluded_products
    ADD CONSTRAINT offer_range_excluded_products_pkey PRIMARY KEY (id);


--
-- Name: offer_range_excluded_products offer_range_excluded_products_range_id_product_id_eb1cfe87_uniq; Type: CONSTRAINT; Schema: public; Owner: postgres
--

ALTER TABLE ONLY public.offer_range_excluded_products
    ADD CONSTRAINT offer_range_excluded_products_range_id_product_id_eb1cfe87_uniq UNIQUE (range_id, product_id);


--
-- Name: offer_range_included_categories offer_range_included_cat_range_id_category_id_a661d336_uniq; Type: CONSTRAINT; Schema: public; Owner: postgres
--

ALTER TABLE ONLY public.offer_range_included_categories
    ADD CONSTRAINT offer_range_included_cat_range_id_category_id_a661d336_uniq UNIQUE (range_id, category_id);


--
-- Name: offer_range_included_categories offer_range_included_categories_pkey; Type: CONSTRAINT; Schema: public; Owner: postgres
--

ALTER TABLE ONLY public.offer_range_included_categories
    ADD CONSTRAINT offer_range_included_categories_pkey PRIMARY KEY (id);


--
-- Name: offer_range offer_range_name_en_key; Type: CONSTRAINT; Schema: public; Owner: postgres
--

ALTER TABLE ONLY public.offer_range
    ADD CONSTRAINT offer_range_name_en_key UNIQUE (name_en);


--
-- Name: offer_range offer_range_name_key; Type: CONSTRAINT; Schema: public; Owner: postgres
--

ALTER TABLE ONLY public.offer_range
    ADD CONSTRAINT offer_range_name_key UNIQUE (name);


--
-- Name: offer_range offer_range_name_la_key; Type: CONSTRAINT; Schema: public; Owner: postgres
--

ALTER TABLE ONLY public.offer_range
    ADD CONSTRAINT offer_range_name_la_key UNIQUE (name_la);


--
-- Name: offer_range offer_range_name_nl_key; Type: CONSTRAINT; Schema: public; Owner: postgres
--

ALTER TABLE ONLY public.offer_range
    ADD CONSTRAINT offer_range_name_nl_key UNIQUE (name_nl);


--
-- Name: offer_range offer_range_name_ti_key; Type: CONSTRAINT; Schema: public; Owner: postgres
--

ALTER TABLE ONLY public.offer_range
    ADD CONSTRAINT offer_range_name_ti_key UNIQUE (name_ti);


--
-- Name: offer_range offer_range_pkey; Type: CONSTRAINT; Schema: public; Owner: postgres
--

ALTER TABLE ONLY public.offer_range
    ADD CONSTRAINT offer_range_pkey PRIMARY KEY (id);


--
-- Name: offer_range offer_range_proxy_class_key; Type: CONSTRAINT; Schema: public; Owner: postgres
--

ALTER TABLE ONLY public.offer_range
    ADD CONSTRAINT offer_range_proxy_class_key UNIQUE (proxy_class);


--
-- Name: offer_range offer_range_slug_key; Type: CONSTRAINT; Schema: public; Owner: postgres
--

ALTER TABLE ONLY public.offer_range
    ADD CONSTRAINT offer_range_slug_key UNIQUE (slug);


--
-- Name: offer_rangeproduct offer_rangeproduct_pkey; Type: CONSTRAINT; Schema: public; Owner: postgres
--

ALTER TABLE ONLY public.offer_rangeproduct
    ADD CONSTRAINT offer_rangeproduct_pkey PRIMARY KEY (id);


--
-- Name: offer_rangeproduct offer_rangeproduct_range_id_product_id_c46b1be8_uniq; Type: CONSTRAINT; Schema: public; Owner: postgres
--

ALTER TABLE ONLY public.offer_rangeproduct
    ADD CONSTRAINT offer_rangeproduct_range_id_product_id_c46b1be8_uniq UNIQUE (range_id, product_id);


--
-- Name: offer_rangeproductfileupload offer_rangeproductfileupload_pkey; Type: CONSTRAINT; Schema: public; Owner: postgres
--

ALTER TABLE ONLY public.offer_rangeproductfileupload
    ADD CONSTRAINT offer_rangeproductfileupload_pkey PRIMARY KEY (id);


--
-- Name: order_billingaddress order_billingaddress_pkey; Type: CONSTRAINT; Schema: public; Owner: postgres
--

ALTER TABLE ONLY public.order_billingaddress
    ADD CONSTRAINT order_billingaddress_pkey PRIMARY KEY (id);


--
-- Name: order_communicationevent order_communicationevent_pkey; Type: CONSTRAINT; Schema: public; Owner: postgres
--

ALTER TABLE ONLY public.order_communicationevent
    ADD CONSTRAINT order_communicationevent_pkey PRIMARY KEY (id);


--
-- Name: order_line order_line_pkey; Type: CONSTRAINT; Schema: public; Owner: postgres
--

ALTER TABLE ONLY public.order_line
    ADD CONSTRAINT order_line_pkey PRIMARY KEY (id);


--
-- Name: order_lineattribute order_lineattribute_pkey; Type: CONSTRAINT; Schema: public; Owner: postgres
--

ALTER TABLE ONLY public.order_lineattribute
    ADD CONSTRAINT order_lineattribute_pkey PRIMARY KEY (id);


--
-- Name: order_lineprice order_lineprice_pkey; Type: CONSTRAINT; Schema: public; Owner: postgres
--

ALTER TABLE ONLY public.order_lineprice
    ADD CONSTRAINT order_lineprice_pkey PRIMARY KEY (id);


--
-- Name: order_order order_order_number_key; Type: CONSTRAINT; Schema: public; Owner: postgres
--

ALTER TABLE ONLY public.order_order
    ADD CONSTRAINT order_order_number_key UNIQUE (number);


--
-- Name: order_order order_order_pkey; Type: CONSTRAINT; Schema: public; Owner: postgres
--

ALTER TABLE ONLY public.order_order
    ADD CONSTRAINT order_order_pkey PRIMARY KEY (id);


--
-- Name: order_orderdiscount order_orderdiscount_pkey; Type: CONSTRAINT; Schema: public; Owner: postgres
--

ALTER TABLE ONLY public.order_orderdiscount
    ADD CONSTRAINT order_orderdiscount_pkey PRIMARY KEY (id);


--
-- Name: order_orderlinediscount order_orderlinediscount_pkey; Type: CONSTRAINT; Schema: public; Owner: postgres
--

ALTER TABLE ONLY public.order_orderlinediscount
    ADD CONSTRAINT order_orderlinediscount_pkey PRIMARY KEY (id);


--
-- Name: order_ordernote order_ordernote_pkey; Type: CONSTRAINT; Schema: public; Owner: postgres
--

ALTER TABLE ONLY public.order_ordernote
    ADD CONSTRAINT order_ordernote_pkey PRIMARY KEY (id);


--
-- Name: order_orderstatuschange order_orderstatuschange_pkey; Type: CONSTRAINT; Schema: public; Owner: postgres
--

ALTER TABLE ONLY public.order_orderstatuschange
    ADD CONSTRAINT order_orderstatuschange_pkey PRIMARY KEY (id);


--
-- Name: order_paymentevent order_paymentevent_pkey; Type: CONSTRAINT; Schema: public; Owner: postgres
--

ALTER TABLE ONLY public.order_paymentevent
    ADD CONSTRAINT order_paymentevent_pkey PRIMARY KEY (id);


--
-- Name: order_paymenteventquantity order_paymenteventquantity_event_id_line_id_765c5209_uniq; Type: CONSTRAINT; Schema: public; Owner: postgres
--

ALTER TABLE ONLY public.order_paymenteventquantity
    ADD CONSTRAINT order_paymenteventquantity_event_id_line_id_765c5209_uniq UNIQUE (event_id, line_id);


--
-- Name: order_paymenteventquantity order_paymenteventquantity_pkey; Type: CONSTRAINT; Schema: public; Owner: postgres
--

ALTER TABLE ONLY public.order_paymenteventquantity
    ADD CONSTRAINT order_paymenteventquantity_pkey PRIMARY KEY (id);


--
-- Name: order_paymenteventtype order_paymenteventtype_code_key; Type: CONSTRAINT; Schema: public; Owner: postgres
--

ALTER TABLE ONLY public.order_paymenteventtype
    ADD CONSTRAINT order_paymenteventtype_code_key UNIQUE (code);


--
-- Name: order_paymenteventtype order_paymenteventtype_name_en_key; Type: CONSTRAINT; Schema: public; Owner: postgres
--

ALTER TABLE ONLY public.order_paymenteventtype
    ADD CONSTRAINT order_paymenteventtype_name_en_key UNIQUE (name_en);


--
-- Name: order_paymenteventtype order_paymenteventtype_name_key; Type: CONSTRAINT; Schema: public; Owner: postgres
--

ALTER TABLE ONLY public.order_paymenteventtype
    ADD CONSTRAINT order_paymenteventtype_name_key UNIQUE (name);


--
-- Name: order_paymenteventtype order_paymenteventtype_name_la_key; Type: CONSTRAINT; Schema: public; Owner: postgres
--

ALTER TABLE ONLY public.order_paymenteventtype
    ADD CONSTRAINT order_paymenteventtype_name_la_key UNIQUE (name_la);


--
-- Name: order_paymenteventtype order_paymenteventtype_name_nl_key; Type: CONSTRAINT; Schema: public; Owner: postgres
--

ALTER TABLE ONLY public.order_paymenteventtype
    ADD CONSTRAINT order_paymenteventtype_name_nl_key UNIQUE (name_nl);


--
-- Name: order_paymenteventtype order_paymenteventtype_name_ti_key; Type: CONSTRAINT; Schema: public; Owner: postgres
--

ALTER TABLE ONLY public.order_paymenteventtype
    ADD CONSTRAINT order_paymenteventtype_name_ti_key UNIQUE (name_ti);


--
-- Name: order_paymenteventtype order_paymenteventtype_pkey; Type: CONSTRAINT; Schema: public; Owner: postgres
--

ALTER TABLE ONLY public.order_paymenteventtype
    ADD CONSTRAINT order_paymenteventtype_pkey PRIMARY KEY (id);


--
-- Name: order_shippingaddress order_shippingaddress_pkey; Type: CONSTRAINT; Schema: public; Owner: postgres
--

ALTER TABLE ONLY public.order_shippingaddress
    ADD CONSTRAINT order_shippingaddress_pkey PRIMARY KEY (id);


--
-- Name: order_shippingevent order_shippingevent_pkey; Type: CONSTRAINT; Schema: public; Owner: postgres
--

ALTER TABLE ONLY public.order_shippingevent
    ADD CONSTRAINT order_shippingevent_pkey PRIMARY KEY (id);


--
-- Name: order_shippingeventquantity order_shippingeventquantity_event_id_line_id_91687107_uniq; Type: CONSTRAINT; Schema: public; Owner: postgres
--

ALTER TABLE ONLY public.order_shippingeventquantity
    ADD CONSTRAINT order_shippingeventquantity_event_id_line_id_91687107_uniq UNIQUE (event_id, line_id);


--
-- Name: order_shippingeventquantity order_shippingeventquantity_pkey; Type: CONSTRAINT; Schema: public; Owner: postgres
--

ALTER TABLE ONLY public.order_shippingeventquantity
    ADD CONSTRAINT order_shippingeventquantity_pkey PRIMARY KEY (id);


--
-- Name: order_shippingeventtype order_shippingeventtype_code_key; Type: CONSTRAINT; Schema: public; Owner: postgres
--

ALTER TABLE ONLY public.order_shippingeventtype
    ADD CONSTRAINT order_shippingeventtype_code_key UNIQUE (code);


--
-- Name: order_shippingeventtype order_shippingeventtype_name_en_key; Type: CONSTRAINT; Schema: public; Owner: postgres
--

ALTER TABLE ONLY public.order_shippingeventtype
    ADD CONSTRAINT order_shippingeventtype_name_en_key UNIQUE (name_en);


--
-- Name: order_shippingeventtype order_shippingeventtype_name_key; Type: CONSTRAINT; Schema: public; Owner: postgres
--

ALTER TABLE ONLY public.order_shippingeventtype
    ADD CONSTRAINT order_shippingeventtype_name_key UNIQUE (name);


--
-- Name: order_shippingeventtype order_shippingeventtype_name_la_key; Type: CONSTRAINT; Schema: public; Owner: postgres
--

ALTER TABLE ONLY public.order_shippingeventtype
    ADD CONSTRAINT order_shippingeventtype_name_la_key UNIQUE (name_la);


--
-- Name: order_shippingeventtype order_shippingeventtype_name_nl_key; Type: CONSTRAINT; Schema: public; Owner: postgres
--

ALTER TABLE ONLY public.order_shippingeventtype
    ADD CONSTRAINT order_shippingeventtype_name_nl_key UNIQUE (name_nl);


--
-- Name: order_shippingeventtype order_shippingeventtype_name_ti_key; Type: CONSTRAINT; Schema: public; Owner: postgres
--

ALTER TABLE ONLY public.order_shippingeventtype
    ADD CONSTRAINT order_shippingeventtype_name_ti_key UNIQUE (name_ti);


--
-- Name: order_shippingeventtype order_shippingeventtype_pkey; Type: CONSTRAINT; Schema: public; Owner: postgres
--

ALTER TABLE ONLY public.order_shippingeventtype
    ADD CONSTRAINT order_shippingeventtype_pkey PRIMARY KEY (id);


--
-- Name: order_surcharge order_surcharge_pkey; Type: CONSTRAINT; Schema: public; Owner: postgres
--

ALTER TABLE ONLY public.order_surcharge
    ADD CONSTRAINT order_surcharge_pkey PRIMARY KEY (id);


--
-- Name: partner_partner partner_partner_code_key; Type: CONSTRAINT; Schema: public; Owner: postgres
--

ALTER TABLE ONLY public.partner_partner
    ADD CONSTRAINT partner_partner_code_key UNIQUE (code);


--
-- Name: partner_partner partner_partner_pkey; Type: CONSTRAINT; Schema: public; Owner: postgres
--

ALTER TABLE ONLY public.partner_partner
    ADD CONSTRAINT partner_partner_pkey PRIMARY KEY (id);


--
-- Name: partner_partner_users partner_partner_users_partner_id_user_id_9e5c0517_uniq; Type: CONSTRAINT; Schema: public; Owner: postgres
--

ALTER TABLE ONLY public.partner_partner_users
    ADD CONSTRAINT partner_partner_users_partner_id_user_id_9e5c0517_uniq UNIQUE (partner_id, user_id);


--
-- Name: partner_partner_users partner_partner_users_pkey; Type: CONSTRAINT; Schema: public; Owner: postgres
--

ALTER TABLE ONLY public.partner_partner_users
    ADD CONSTRAINT partner_partner_users_pkey PRIMARY KEY (id);


--
-- Name: partner_partneraddress partner_partneraddress_pkey; Type: CONSTRAINT; Schema: public; Owner: postgres
--

ALTER TABLE ONLY public.partner_partneraddress
    ADD CONSTRAINT partner_partneraddress_pkey PRIMARY KEY (id);


--
-- Name: partner_stockalert partner_stockalert_pkey; Type: CONSTRAINT; Schema: public; Owner: postgres
--

ALTER TABLE ONLY public.partner_stockalert
    ADD CONSTRAINT partner_stockalert_pkey PRIMARY KEY (id);


--
-- Name: partner_stockrecord partner_stockrecord_partner_id_partner_sku_8441e010_uniq; Type: CONSTRAINT; Schema: public; Owner: postgres
--

ALTER TABLE ONLY public.partner_stockrecord
    ADD CONSTRAINT partner_stockrecord_partner_id_partner_sku_8441e010_uniq UNIQUE (partner_id, partner_sku);


--
-- Name: partner_stockrecord partner_stockrecord_pkey; Type: CONSTRAINT; Schema: public; Owner: postgres
--

ALTER TABLE ONLY public.partner_stockrecord
    ADD CONSTRAINT partner_stockrecord_pkey PRIMARY KEY (id);


--
-- Name: payment_bankcard payment_bankcard_pkey; Type: CONSTRAINT; Schema: public; Owner: postgres
--

ALTER TABLE ONLY public.payment_bankcard
    ADD CONSTRAINT payment_bankcard_pkey PRIMARY KEY (id);


--
-- Name: payment_source payment_source_pkey; Type: CONSTRAINT; Schema: public; Owner: postgres
--

ALTER TABLE ONLY public.payment_source
    ADD CONSTRAINT payment_source_pkey PRIMARY KEY (id);


--
-- Name: payment_sourcetype payment_sourcetype_code_key; Type: CONSTRAINT; Schema: public; Owner: postgres
--

ALTER TABLE ONLY public.payment_sourcetype
    ADD CONSTRAINT payment_sourcetype_code_key UNIQUE (code);


--
-- Name: payment_sourcetype payment_sourcetype_pkey; Type: CONSTRAINT; Schema: public; Owner: postgres
--

ALTER TABLE ONLY public.payment_sourcetype
    ADD CONSTRAINT payment_sourcetype_pkey PRIMARY KEY (id);


--
-- Name: payment_transaction payment_transaction_pkey; Type: CONSTRAINT; Schema: public; Owner: postgres
--

ALTER TABLE ONLY public.payment_transaction
    ADD CONSTRAINT payment_transaction_pkey PRIMARY KEY (id);


--
-- Name: reviews_productreview reviews_productreview_pkey; Type: CONSTRAINT; Schema: public; Owner: postgres
--

ALTER TABLE ONLY public.reviews_productreview
    ADD CONSTRAINT reviews_productreview_pkey PRIMARY KEY (id);


--
-- Name: reviews_productreview reviews_productreview_product_id_user_id_c4fdc4cd_uniq; Type: CONSTRAINT; Schema: public; Owner: postgres
--

ALTER TABLE ONLY public.reviews_productreview
    ADD CONSTRAINT reviews_productreview_product_id_user_id_c4fdc4cd_uniq UNIQUE (product_id, user_id);


--
-- Name: reviews_vote reviews_vote_pkey; Type: CONSTRAINT; Schema: public; Owner: postgres
--

ALTER TABLE ONLY public.reviews_vote
    ADD CONSTRAINT reviews_vote_pkey PRIMARY KEY (id);


--
-- Name: reviews_vote reviews_vote_user_id_review_id_bb858939_uniq; Type: CONSTRAINT; Schema: public; Owner: postgres
--

ALTER TABLE ONLY public.reviews_vote
    ADD CONSTRAINT reviews_vote_user_id_review_id_bb858939_uniq UNIQUE (user_id, review_id);


--
-- Name: shipping_orderanditemcharges_countries shipping_orderanditemcha_orderanditemcharges_id_c_9f0c9c8f_uniq; Type: CONSTRAINT; Schema: public; Owner: postgres
--

ALTER TABLE ONLY public.shipping_orderanditemcharges_countries
    ADD CONSTRAINT shipping_orderanditemcha_orderanditemcharges_id_c_9f0c9c8f_uniq UNIQUE (orderanditemcharges_id, country_id);


--
-- Name: shipping_orderanditemcharges shipping_orderanditemcharges_code_key; Type: CONSTRAINT; Schema: public; Owner: postgres
--

ALTER TABLE ONLY public.shipping_orderanditemcharges
    ADD CONSTRAINT shipping_orderanditemcharges_code_key UNIQUE (code);


--
-- Name: shipping_orderanditemcharges_countries shipping_orderanditemcharges_countries_pkey; Type: CONSTRAINT; Schema: public; Owner: postgres
--

ALTER TABLE ONLY public.shipping_orderanditemcharges_countries
    ADD CONSTRAINT shipping_orderanditemcharges_countries_pkey PRIMARY KEY (id);


--
-- Name: shipping_orderanditemcharges shipping_orderanditemcharges_name_key; Type: CONSTRAINT; Schema: public; Owner: postgres
--

ALTER TABLE ONLY public.shipping_orderanditemcharges
    ADD CONSTRAINT shipping_orderanditemcharges_name_key UNIQUE (name);


--
-- Name: shipping_orderanditemcharges shipping_orderanditemcharges_pkey; Type: CONSTRAINT; Schema: public; Owner: postgres
--

ALTER TABLE ONLY public.shipping_orderanditemcharges
    ADD CONSTRAINT shipping_orderanditemcharges_pkey PRIMARY KEY (id);


--
-- Name: shipping_weightband shipping_weightband_pkey; Type: CONSTRAINT; Schema: public; Owner: postgres
--

ALTER TABLE ONLY public.shipping_weightband
    ADD CONSTRAINT shipping_weightband_pkey PRIMARY KEY (id);


--
-- Name: shipping_weightbased shipping_weightbased_code_key; Type: CONSTRAINT; Schema: public; Owner: postgres
--

ALTER TABLE ONLY public.shipping_weightbased
    ADD CONSTRAINT shipping_weightbased_code_key UNIQUE (code);


--
-- Name: shipping_weightbased_countries shipping_weightbased_cou_weightbased_id_country_i_de8c5e42_uniq; Type: CONSTRAINT; Schema: public; Owner: postgres
--

ALTER TABLE ONLY public.shipping_weightbased_countries
    ADD CONSTRAINT shipping_weightbased_cou_weightbased_id_country_i_de8c5e42_uniq UNIQUE (weightbased_id, country_id);


--
-- Name: shipping_weightbased_countries shipping_weightbased_countries_pkey; Type: CONSTRAINT; Schema: public; Owner: postgres
--

ALTER TABLE ONLY public.shipping_weightbased_countries
    ADD CONSTRAINT shipping_weightbased_countries_pkey PRIMARY KEY (id);


--
-- Name: shipping_weightbased shipping_weightbased_name_en_key; Type: CONSTRAINT; Schema: public; Owner: postgres
--

ALTER TABLE ONLY public.shipping_weightbased
    ADD CONSTRAINT shipping_weightbased_name_en_key UNIQUE (name_en);


--
-- Name: shipping_weightbased shipping_weightbased_name_key; Type: CONSTRAINT; Schema: public; Owner: postgres
--

ALTER TABLE ONLY public.shipping_weightbased
    ADD CONSTRAINT shipping_weightbased_name_key UNIQUE (name);


--
-- Name: shipping_weightbased shipping_weightbased_name_la_key; Type: CONSTRAINT; Schema: public; Owner: postgres
--

ALTER TABLE ONLY public.shipping_weightbased
    ADD CONSTRAINT shipping_weightbased_name_la_key UNIQUE (name_la);


--
-- Name: shipping_weightbased shipping_weightbased_name_nl_key; Type: CONSTRAINT; Schema: public; Owner: postgres
--

ALTER TABLE ONLY public.shipping_weightbased
    ADD CONSTRAINT shipping_weightbased_name_nl_key UNIQUE (name_nl);


--
-- Name: shipping_weightbased shipping_weightbased_name_ti_key; Type: CONSTRAINT; Schema: public; Owner: postgres
--

ALTER TABLE ONLY public.shipping_weightbased
    ADD CONSTRAINT shipping_weightbased_name_ti_key UNIQUE (name_ti);


--
-- Name: shipping_weightbased shipping_weightbased_pkey; Type: CONSTRAINT; Schema: public; Owner: postgres
--

ALTER TABLE ONLY public.shipping_weightbased
    ADD CONSTRAINT shipping_weightbased_pkey PRIMARY KEY (id);


--
-- Name: shopfront_banner shopfront_banner_pkey; Type: CONSTRAINT; Schema: public; Owner: wenani_wereja
--

ALTER TABLE ONLY public.shopfront_banner
    ADD CONSTRAINT shopfront_banner_pkey PRIMARY KEY (id);


--
-- Name: shopfront_notice shopfront_notice_pkey; Type: CONSTRAINT; Schema: public; Owner: wenani_wereja
--

ALTER TABLE ONLY public.shopfront_notice
    ADD CONSTRAINT shopfront_notice_pkey PRIMARY KEY (id);


--
-- Name: shopfront_socialmedia shopfront_socialmedia_name_key; Type: CONSTRAINT; Schema: public; Owner: wenani_wereja
--

ALTER TABLE ONLY public.shopfront_socialmedia
    ADD CONSTRAINT shopfront_socialmedia_name_key UNIQUE (name);


--
-- Name: shopfront_socialmedia shopfront_socialmedia_pkey; Type: CONSTRAINT; Schema: public; Owner: wenani_wereja
--

ALTER TABLE ONLY public.shopfront_socialmedia
    ADD CONSTRAINT shopfront_socialmedia_pkey PRIMARY KEY (id);


--
-- Name: socialaccount_socialaccount socialaccount_socialaccount_pkey; Type: CONSTRAINT; Schema: public; Owner: wenani_wereja
--

ALTER TABLE ONLY public.socialaccount_socialaccount
    ADD CONSTRAINT socialaccount_socialaccount_pkey PRIMARY KEY (id);


--
-- Name: socialaccount_socialaccount socialaccount_socialaccount_provider_uid_fc810c6e_uniq; Type: CONSTRAINT; Schema: public; Owner: wenani_wereja
--

ALTER TABLE ONLY public.socialaccount_socialaccount
    ADD CONSTRAINT socialaccount_socialaccount_provider_uid_fc810c6e_uniq UNIQUE (provider, uid);


--
-- Name: socialaccount_socialapp_sites socialaccount_socialapp__socialapp_id_site_id_71a9a768_uniq; Type: CONSTRAINT; Schema: public; Owner: wenani_wereja
--

ALTER TABLE ONLY public.socialaccount_socialapp_sites
    ADD CONSTRAINT socialaccount_socialapp__socialapp_id_site_id_71a9a768_uniq UNIQUE (socialapp_id, site_id);


--
-- Name: socialaccount_socialapp_sites socialaccount_socialapp_sites_pkey; Type: CONSTRAINT; Schema: public; Owner: wenani_wereja
--

ALTER TABLE ONLY public.socialaccount_socialapp_sites
    ADD CONSTRAINT socialaccount_socialapp_sites_pkey PRIMARY KEY (id);


--
-- Name: voucher_voucher voucher_voucher_code_key; Type: CONSTRAINT; Schema: public; Owner: postgres
--

ALTER TABLE ONLY public.voucher_voucher
    ADD CONSTRAINT voucher_voucher_code_key UNIQUE (code);


--
-- Name: voucher_voucher voucher_voucher_name_b96d3b47_uniq; Type: CONSTRAINT; Schema: public; Owner: postgres
--

ALTER TABLE ONLY public.voucher_voucher
    ADD CONSTRAINT voucher_voucher_name_b96d3b47_uniq UNIQUE (name);


--
-- Name: voucher_voucher_offers voucher_voucher_offers_pkey; Type: CONSTRAINT; Schema: public; Owner: postgres
--

ALTER TABLE ONLY public.voucher_voucher_offers
    ADD CONSTRAINT voucher_voucher_offers_pkey PRIMARY KEY (id);


--
-- Name: voucher_voucher_offers voucher_voucher_offers_voucher_id_conditionalof_01628a7f_uniq; Type: CONSTRAINT; Schema: public; Owner: postgres
--

ALTER TABLE ONLY public.voucher_voucher_offers
    ADD CONSTRAINT voucher_voucher_offers_voucher_id_conditionalof_01628a7f_uniq UNIQUE (voucher_id, conditionaloffer_id);


--
-- Name: voucher_voucher voucher_voucher_pkey; Type: CONSTRAINT; Schema: public; Owner: postgres
--

ALTER TABLE ONLY public.voucher_voucher
    ADD CONSTRAINT voucher_voucher_pkey PRIMARY KEY (id);


--
-- Name: voucher_voucherapplication voucher_voucherapplication_pkey; Type: CONSTRAINT; Schema: public; Owner: postgres
--

ALTER TABLE ONLY public.voucher_voucherapplication
    ADD CONSTRAINT voucher_voucherapplication_pkey PRIMARY KEY (id);


--
-- Name: voucher_voucherset voucher_voucherset_name_4c6aac05_uniq; Type: CONSTRAINT; Schema: public; Owner: postgres
--

ALTER TABLE ONLY public.voucher_voucherset
    ADD CONSTRAINT voucher_voucherset_name_4c6aac05_uniq UNIQUE (name);


--
-- Name: voucher_voucherset voucher_voucherset_pkey; Type: CONSTRAINT; Schema: public; Owner: postgres
--

ALTER TABLE ONLY public.voucher_voucherset
    ADD CONSTRAINT voucher_voucherset_pkey PRIMARY KEY (id);


--
-- Name: wishlists_line wishlists_line_pkey; Type: CONSTRAINT; Schema: public; Owner: postgres
--

ALTER TABLE ONLY public.wishlists_line
    ADD CONSTRAINT wishlists_line_pkey PRIMARY KEY (id);


--
-- Name: wishlists_line wishlists_line_wishlist_id_product_id_78f04673_uniq; Type: CONSTRAINT; Schema: public; Owner: postgres
--

ALTER TABLE ONLY public.wishlists_line
    ADD CONSTRAINT wishlists_line_wishlist_id_product_id_78f04673_uniq UNIQUE (wishlist_id, product_id);


--
-- Name: wishlists_wishlistsharedemail wishlists_wishlistsharedemail_pkey; Type: CONSTRAINT; Schema: public; Owner: postgres
--

ALTER TABLE ONLY public.wishlists_wishlistsharedemail
    ADD CONSTRAINT wishlists_wishlistsharedemail_pkey PRIMARY KEY (id);


--
-- Name: account_emailaddress_email_03be32b2; Type: INDEX; Schema: public; Owner: wenani_wereja
--

CREATE INDEX account_emailaddress_email_03be32b2 ON public.account_emailaddress USING btree (email);


--
-- Name: account_emailaddress_email_03be32b2_like; Type: INDEX; Schema: public; Owner: wenani_wereja
--

CREATE INDEX account_emailaddress_email_03be32b2_like ON public.account_emailaddress USING btree (email varchar_pattern_ops);


--
-- Name: account_emailaddress_user_id_2c513194; Type: INDEX; Schema: public; Owner: wenani_wereja
--

CREATE INDEX account_emailaddress_user_id_2c513194 ON public.account_emailaddress USING btree (user_id);


--
-- Name: address_country_display_order_dc88cde8; Type: INDEX; Schema: public; Owner: postgres
--

CREATE INDEX address_country_display_order_dc88cde8 ON public.address_country USING btree (display_order);


--
-- Name: address_country_is_shipping_country_f7b6c461; Type: INDEX; Schema: public; Owner: postgres
--

CREATE INDEX address_country_is_shipping_country_f7b6c461 ON public.address_country USING btree (is_shipping_country);


--
-- Name: address_country_iso_3166_1_a2_f395eed0_like; Type: INDEX; Schema: public; Owner: postgres
--

CREATE INDEX address_country_iso_3166_1_a2_f395eed0_like ON public.address_country USING btree (iso_3166_1_a2 varchar_pattern_ops);


--
-- Name: address_country_printable_name_450b016c; Type: INDEX; Schema: public; Owner: postgres
--

CREATE INDEX address_country_printable_name_450b016c ON public.address_country USING btree (printable_name);


--
-- Name: address_country_printable_name_450b016c_like; Type: INDEX; Schema: public; Owner: postgres
--

CREATE INDEX address_country_printable_name_450b016c_like ON public.address_country USING btree (printable_name varchar_pattern_ops);


--
-- Name: analytics_productrecord_num_purchases_405301a0; Type: INDEX; Schema: public; Owner: postgres
--

CREATE INDEX analytics_productrecord_num_purchases_405301a0 ON public.analytics_productrecord USING btree (num_purchases);


--
-- Name: analytics_userproductview_product_id_a55b87ad; Type: INDEX; Schema: public; Owner: postgres
--

CREATE INDEX analytics_userproductview_product_id_a55b87ad ON public.analytics_userproductview USING btree (product_id);


--
-- Name: analytics_userproductview_user_id_5e49a8b1; Type: INDEX; Schema: public; Owner: postgres
--

CREATE INDEX analytics_userproductview_user_id_5e49a8b1 ON public.analytics_userproductview USING btree (user_id);


--
-- Name: analytics_userrecord_num_order_items_fb2a8304; Type: INDEX; Schema: public; Owner: postgres
--

CREATE INDEX analytics_userrecord_num_order_items_fb2a8304 ON public.analytics_userrecord USING btree (num_order_items);


--
-- Name: analytics_userrecord_num_order_lines_97cc087f; Type: INDEX; Schema: public; Owner: postgres
--

CREATE INDEX analytics_userrecord_num_order_lines_97cc087f ON public.analytics_userrecord USING btree (num_order_lines);


--
-- Name: analytics_userrecord_num_orders_b352ffd1; Type: INDEX; Schema: public; Owner: postgres
--

CREATE INDEX analytics_userrecord_num_orders_b352ffd1 ON public.analytics_userrecord USING btree (num_orders);


--
-- Name: analytics_usersearch_query_ad36478b; Type: INDEX; Schema: public; Owner: postgres
--

CREATE INDEX analytics_usersearch_query_ad36478b ON public.analytics_usersearch USING btree (query);


--
-- Name: analytics_usersearch_query_ad36478b_like; Type: INDEX; Schema: public; Owner: postgres
--

CREATE INDEX analytics_usersearch_query_ad36478b_like ON public.analytics_usersearch USING btree (query varchar_pattern_ops);


--
-- Name: analytics_usersearch_user_id_1775992d; Type: INDEX; Schema: public; Owner: postgres
--

CREATE INDEX analytics_usersearch_user_id_1775992d ON public.analytics_usersearch USING btree (user_id);


--
-- Name: auth_group_name_a6ea08ec_like; Type: INDEX; Schema: public; Owner: postgres
--

CREATE INDEX auth_group_name_a6ea08ec_like ON public.auth_group USING btree (name varchar_pattern_ops);


--
-- Name: auth_group_permissions_group_id_b120cbf9; Type: INDEX; Schema: public; Owner: postgres
--

CREATE INDEX auth_group_permissions_group_id_b120cbf9 ON public.auth_group_permissions USING btree (group_id);


--
-- Name: auth_group_permissions_permission_id_84c5c92e; Type: INDEX; Schema: public; Owner: postgres
--

CREATE INDEX auth_group_permissions_permission_id_84c5c92e ON public.auth_group_permissions USING btree (permission_id);


--
-- Name: auth_permission_content_type_id_2f476e4b; Type: INDEX; Schema: public; Owner: postgres
--

CREATE INDEX auth_permission_content_type_id_2f476e4b ON public.auth_permission USING btree (content_type_id);


--
-- Name: auth_user_groups_group_id_97559544; Type: INDEX; Schema: public; Owner: postgres
--

CREATE INDEX auth_user_groups_group_id_97559544 ON public.auth_user_groups USING btree (group_id);


--
-- Name: auth_user_groups_user_id_6a12ed8b; Type: INDEX; Schema: public; Owner: postgres
--

CREATE INDEX auth_user_groups_user_id_6a12ed8b ON public.auth_user_groups USING btree (user_id);


--
-- Name: auth_user_user_permissions_permission_id_1fbb5f2c; Type: INDEX; Schema: public; Owner: postgres
--

CREATE INDEX auth_user_user_permissions_permission_id_1fbb5f2c ON public.auth_user_user_permissions USING btree (permission_id);


--
-- Name: auth_user_user_permissions_user_id_a95ead1b; Type: INDEX; Schema: public; Owner: postgres
--

CREATE INDEX auth_user_user_permissions_user_id_a95ead1b ON public.auth_user_user_permissions USING btree (user_id);


--
-- Name: basket_basket_owner_id_3a018de5; Type: INDEX; Schema: public; Owner: postgres
--

CREATE INDEX basket_basket_owner_id_3a018de5 ON public.basket_basket USING btree (owner_id);


--
-- Name: basket_basket_vouchers_basket_id_f857c2f8; Type: INDEX; Schema: public; Owner: postgres
--

CREATE INDEX basket_basket_vouchers_basket_id_f857c2f8 ON public.basket_basket_vouchers USING btree (basket_id);


--
-- Name: basket_basket_vouchers_voucher_id_c2b66981; Type: INDEX; Schema: public; Owner: postgres
--

CREATE INDEX basket_basket_vouchers_voucher_id_c2b66981 ON public.basket_basket_vouchers USING btree (voucher_id);


--
-- Name: basket_line_basket_id_b615c905; Type: INDEX; Schema: public; Owner: postgres
--

CREATE INDEX basket_line_basket_id_b615c905 ON public.basket_line USING btree (basket_id);


--
-- Name: basket_line_date_created_eb0dfb1b; Type: INDEX; Schema: public; Owner: postgres
--

CREATE INDEX basket_line_date_created_eb0dfb1b ON public.basket_line USING btree (date_created);


--
-- Name: basket_line_date_updated_a74d069d; Type: INDEX; Schema: public; Owner: postgres
--

CREATE INDEX basket_line_date_updated_a74d069d ON public.basket_line USING btree (date_updated);


--
-- Name: basket_line_line_reference_08e91113; Type: INDEX; Schema: public; Owner: postgres
--

CREATE INDEX basket_line_line_reference_08e91113 ON public.basket_line USING btree (line_reference);


--
-- Name: basket_line_line_reference_08e91113_like; Type: INDEX; Schema: public; Owner: postgres
--

CREATE INDEX basket_line_line_reference_08e91113_like ON public.basket_line USING btree (line_reference varchar_pattern_ops);


--
-- Name: basket_line_product_id_303d743e; Type: INDEX; Schema: public; Owner: postgres
--

CREATE INDEX basket_line_product_id_303d743e ON public.basket_line USING btree (product_id);


--
-- Name: basket_line_stockrecord_id_7039d8a4; Type: INDEX; Schema: public; Owner: postgres
--

CREATE INDEX basket_line_stockrecord_id_7039d8a4 ON public.basket_line USING btree (stockrecord_id);


--
-- Name: basket_lineattribute_line_id_c41e0cdf; Type: INDEX; Schema: public; Owner: postgres
--

CREATE INDEX basket_lineattribute_line_id_c41e0cdf ON public.basket_lineattribute USING btree (line_id);


--
-- Name: basket_lineattribute_option_id_9387a3f7; Type: INDEX; Schema: public; Owner: postgres
--

CREATE INDEX basket_lineattribute_option_id_9387a3f7 ON public.basket_lineattribute USING btree (option_id);


--
-- Name: captcha_captchastore_hashkey_cbe8d15a_like; Type: INDEX; Schema: public; Owner: postgres
--

CREATE INDEX captcha_captchastore_hashkey_cbe8d15a_like ON public.captcha_captchastore USING btree (hashkey varchar_pattern_ops);


--
-- Name: catalogue_attributeoption_code_861d9e91_like; Type: INDEX; Schema: public; Owner: postgres
--

CREATE INDEX catalogue_attributeoption_code_861d9e91_like ON public.catalogue_attributeoption USING btree (code varchar_pattern_ops);


--
-- Name: catalogue_attributeoption_group_id_3d4a5e24; Type: INDEX; Schema: public; Owner: postgres
--

CREATE INDEX catalogue_attributeoption_group_id_3d4a5e24 ON public.catalogue_attributeoption USING btree (group_id);


--
-- Name: catalogue_attributeoptiongroup_code_30e7931f_like; Type: INDEX; Schema: public; Owner: postgres
--

CREATE INDEX catalogue_attributeoptiongroup_code_30e7931f_like ON public.catalogue_attributeoptiongroup USING btree (code varchar_pattern_ops);


--
-- Name: catalogue_category_ancestors_are_public_d088d0db; Type: INDEX; Schema: public; Owner: postgres
--

CREATE INDEX catalogue_category_ancestors_are_public_d088d0db ON public.catalogue_category USING btree (ancestors_are_public);


--
-- Name: catalogue_category_code_98f4a4fa_like; Type: INDEX; Schema: public; Owner: postgres
--

CREATE INDEX catalogue_category_code_98f4a4fa_like ON public.catalogue_category USING btree (code varchar_pattern_ops);


--
-- Name: catalogue_category_is_public_ab0536be; Type: INDEX; Schema: public; Owner: postgres
--

CREATE INDEX catalogue_category_is_public_ab0536be ON public.catalogue_category USING btree (is_public);


--
-- Name: catalogue_category_name_1f342ac2; Type: INDEX; Schema: public; Owner: postgres
--

CREATE INDEX catalogue_category_name_1f342ac2 ON public.catalogue_category USING btree (name);


--
-- Name: catalogue_category_name_1f342ac2_like; Type: INDEX; Schema: public; Owner: postgres
--

CREATE INDEX catalogue_category_name_1f342ac2_like ON public.catalogue_category USING btree (name varchar_pattern_ops);


--
-- Name: catalogue_category_name_en_0839aa91; Type: INDEX; Schema: public; Owner: postgres
--

CREATE INDEX catalogue_category_name_en_0839aa91 ON public.catalogue_category USING btree (name_en);


--
-- Name: catalogue_category_name_en_0839aa91_like; Type: INDEX; Schema: public; Owner: postgres
--

CREATE INDEX catalogue_category_name_en_0839aa91_like ON public.catalogue_category USING btree (name_en varchar_pattern_ops);


--
-- Name: catalogue_category_name_la_dfe744b9; Type: INDEX; Schema: public; Owner: postgres
--

CREATE INDEX catalogue_category_name_la_dfe744b9 ON public.catalogue_category USING btree (name_la);


--
-- Name: catalogue_category_name_la_dfe744b9_like; Type: INDEX; Schema: public; Owner: postgres
--

CREATE INDEX catalogue_category_name_la_dfe744b9_like ON public.catalogue_category USING btree (name_la varchar_pattern_ops);


--
-- Name: catalogue_category_name_nl_1f013948; Type: INDEX; Schema: public; Owner: postgres
--

CREATE INDEX catalogue_category_name_nl_1f013948 ON public.catalogue_category USING btree (name_nl);


--
-- Name: catalogue_category_name_nl_1f013948_like; Type: INDEX; Schema: public; Owner: postgres
--

CREATE INDEX catalogue_category_name_nl_1f013948_like ON public.catalogue_category USING btree (name_nl varchar_pattern_ops);


--
-- Name: catalogue_category_name_ti_ea40a275; Type: INDEX; Schema: public; Owner: postgres
--

CREATE INDEX catalogue_category_name_ti_ea40a275 ON public.catalogue_category USING btree (name_ti);


--
-- Name: catalogue_category_name_ti_ea40a275_like; Type: INDEX; Schema: public; Owner: postgres
--

CREATE INDEX catalogue_category_name_ti_ea40a275_like ON public.catalogue_category USING btree (name_ti varchar_pattern_ops);


--
-- Name: catalogue_category_path_1c5b79c2_like; Type: INDEX; Schema: public; Owner: postgres
--

CREATE INDEX catalogue_category_path_1c5b79c2_like ON public.catalogue_category USING btree (path varchar_pattern_ops);


--
-- Name: catalogue_category_slug_9635febd; Type: INDEX; Schema: public; Owner: postgres
--

CREATE INDEX catalogue_category_slug_9635febd ON public.catalogue_category USING btree (slug);


--
-- Name: catalogue_category_slug_9635febd_like; Type: INDEX; Schema: public; Owner: postgres
--

CREATE INDEX catalogue_category_slug_9635febd_like ON public.catalogue_category USING btree (slug varchar_pattern_ops);


--
-- Name: catalogue_category_slug_en_f8336d29; Type: INDEX; Schema: public; Owner: postgres
--

CREATE INDEX catalogue_category_slug_en_f8336d29 ON public.catalogue_category USING btree (slug_en);


--
-- Name: catalogue_category_slug_en_f8336d29_like; Type: INDEX; Schema: public; Owner: postgres
--

CREATE INDEX catalogue_category_slug_en_f8336d29_like ON public.catalogue_category USING btree (slug_en varchar_pattern_ops);


--
-- Name: catalogue_category_slug_la_4d79563f; Type: INDEX; Schema: public; Owner: postgres
--

CREATE INDEX catalogue_category_slug_la_4d79563f ON public.catalogue_category USING btree (slug_la);


--
-- Name: catalogue_category_slug_la_4d79563f_like; Type: INDEX; Schema: public; Owner: postgres
--

CREATE INDEX catalogue_category_slug_la_4d79563f_like ON public.catalogue_category USING btree (slug_la varchar_pattern_ops);


--
-- Name: catalogue_category_slug_nl_a8136de1; Type: INDEX; Schema: public; Owner: postgres
--

CREATE INDEX catalogue_category_slug_nl_a8136de1 ON public.catalogue_category USING btree (slug_nl);


--
-- Name: catalogue_category_slug_nl_a8136de1_like; Type: INDEX; Schema: public; Owner: postgres
--

CREATE INDEX catalogue_category_slug_nl_a8136de1_like ON public.catalogue_category USING btree (slug_nl varchar_pattern_ops);


--
-- Name: catalogue_category_slug_ti_8cf7d108; Type: INDEX; Schema: public; Owner: postgres
--

CREATE INDEX catalogue_category_slug_ti_8cf7d108 ON public.catalogue_category USING btree (slug_ti);


--
-- Name: catalogue_category_slug_ti_8cf7d108_like; Type: INDEX; Schema: public; Owner: postgres
--

CREATE INDEX catalogue_category_slug_ti_8cf7d108_like ON public.catalogue_category USING btree (slug_ti varchar_pattern_ops);


--
-- Name: catalogue_option_code_0697b920_like; Type: INDEX; Schema: public; Owner: postgres
--

CREATE INDEX catalogue_option_code_0697b920_like ON public.catalogue_option USING btree (code varchar_pattern_ops);


--
-- Name: catalogue_option_name_7b84926d; Type: INDEX; Schema: public; Owner: postgres
--

CREATE INDEX catalogue_option_name_7b84926d ON public.catalogue_option USING btree (name);


--
-- Name: catalogue_option_name_7b84926d_like; Type: INDEX; Schema: public; Owner: postgres
--

CREATE INDEX catalogue_option_name_7b84926d_like ON public.catalogue_option USING btree (name varchar_pattern_ops);


--
-- Name: catalogue_option_name_en_fefa01a7; Type: INDEX; Schema: public; Owner: postgres
--

CREATE INDEX catalogue_option_name_en_fefa01a7 ON public.catalogue_option USING btree (name_en);


--
-- Name: catalogue_option_name_en_fefa01a7_like; Type: INDEX; Schema: public; Owner: postgres
--

CREATE INDEX catalogue_option_name_en_fefa01a7_like ON public.catalogue_option USING btree (name_en varchar_pattern_ops);


--
-- Name: catalogue_option_name_la_8ffae111; Type: INDEX; Schema: public; Owner: postgres
--

CREATE INDEX catalogue_option_name_la_8ffae111 ON public.catalogue_option USING btree (name_la);


--
-- Name: catalogue_option_name_la_8ffae111_like; Type: INDEX; Schema: public; Owner: postgres
--

CREATE INDEX catalogue_option_name_la_8ffae111_like ON public.catalogue_option USING btree (name_la varchar_pattern_ops);


--
-- Name: catalogue_option_name_nl_a63bf27e; Type: INDEX; Schema: public; Owner: postgres
--

CREATE INDEX catalogue_option_name_nl_a63bf27e ON public.catalogue_option USING btree (name_nl);


--
-- Name: catalogue_option_name_nl_a63bf27e_like; Type: INDEX; Schema: public; Owner: postgres
--

CREATE INDEX catalogue_option_name_nl_a63bf27e_like ON public.catalogue_option USING btree (name_nl varchar_pattern_ops);


--
-- Name: catalogue_option_name_ti_8d2a0efe; Type: INDEX; Schema: public; Owner: postgres
--

CREATE INDEX catalogue_option_name_ti_8d2a0efe ON public.catalogue_option USING btree (name_ti);


--
-- Name: catalogue_option_name_ti_8d2a0efe_like; Type: INDEX; Schema: public; Owner: postgres
--

CREATE INDEX catalogue_option_name_ti_8d2a0efe_like ON public.catalogue_option USING btree (name_ti varchar_pattern_ops);


--
-- Name: catalogue_option_option_group_id_2fd86269; Type: INDEX; Schema: public; Owner: postgres
--

CREATE INDEX catalogue_option_option_group_id_2fd86269 ON public.catalogue_option USING btree (option_group_id);


--
-- Name: catalogue_option_order_d4ee348f; Type: INDEX; Schema: public; Owner: postgres
--

CREATE INDEX catalogue_option_order_d4ee348f ON public.catalogue_option USING btree ("order");


--
-- Name: catalogue_product_date_created_d66f485a; Type: INDEX; Schema: public; Owner: postgres
--

CREATE INDEX catalogue_product_date_created_d66f485a ON public.catalogue_product USING btree (date_created);


--
-- Name: catalogue_product_date_updated_d3a1785d; Type: INDEX; Schema: public; Owner: postgres
--

CREATE INDEX catalogue_product_date_updated_d3a1785d ON public.catalogue_product USING btree (date_updated);


--
-- Name: catalogue_product_is_public_1cf798c5; Type: INDEX; Schema: public; Owner: postgres
--

CREATE INDEX catalogue_product_is_public_1cf798c5 ON public.catalogue_product USING btree (is_public);


--
-- Name: catalogue_product_parent_id_9bfd2382; Type: INDEX; Schema: public; Owner: postgres
--

CREATE INDEX catalogue_product_parent_id_9bfd2382 ON public.catalogue_product USING btree (parent_id);


--
-- Name: catalogue_product_product_class_id_0c6c5b54; Type: INDEX; Schema: public; Owner: postgres
--

CREATE INDEX catalogue_product_product_class_id_0c6c5b54 ON public.catalogue_product USING btree (product_class_id);


--
-- Name: catalogue_product_product_options_option_id_ff470e13; Type: INDEX; Schema: public; Owner: postgres
--

CREATE INDEX catalogue_product_product_options_option_id_ff470e13 ON public.catalogue_product_product_options USING btree (option_id);


--
-- Name: catalogue_product_product_options_product_id_ad2b46bd; Type: INDEX; Schema: public; Owner: postgres
--

CREATE INDEX catalogue_product_product_options_product_id_ad2b46bd ON public.catalogue_product_product_options USING btree (product_id);


--
-- Name: catalogue_product_slug_c8e2e2b9; Type: INDEX; Schema: public; Owner: postgres
--

CREATE INDEX catalogue_product_slug_c8e2e2b9 ON public.catalogue_product USING btree (slug);


--
-- Name: catalogue_product_slug_c8e2e2b9_like; Type: INDEX; Schema: public; Owner: postgres
--

CREATE INDEX catalogue_product_slug_c8e2e2b9_like ON public.catalogue_product USING btree (slug varchar_pattern_ops);


--
-- Name: catalogue_product_slug_en_4ea90f0a; Type: INDEX; Schema: public; Owner: postgres
--

CREATE INDEX catalogue_product_slug_en_4ea90f0a ON public.catalogue_product USING btree (slug_en);


--
-- Name: catalogue_product_slug_en_4ea90f0a_like; Type: INDEX; Schema: public; Owner: postgres
--

CREATE INDEX catalogue_product_slug_en_4ea90f0a_like ON public.catalogue_product USING btree (slug_en varchar_pattern_ops);


--
-- Name: catalogue_product_slug_la_1fcde1b0; Type: INDEX; Schema: public; Owner: postgres
--

CREATE INDEX catalogue_product_slug_la_1fcde1b0 ON public.catalogue_product USING btree (slug_la);


--
-- Name: catalogue_product_slug_la_1fcde1b0_like; Type: INDEX; Schema: public; Owner: postgres
--

CREATE INDEX catalogue_product_slug_la_1fcde1b0_like ON public.catalogue_product USING btree (slug_la varchar_pattern_ops);


--
-- Name: catalogue_product_slug_nl_0ff814d0; Type: INDEX; Schema: public; Owner: postgres
--

CREATE INDEX catalogue_product_slug_nl_0ff814d0 ON public.catalogue_product USING btree (slug_nl);


--
-- Name: catalogue_product_slug_nl_0ff814d0_like; Type: INDEX; Schema: public; Owner: postgres
--

CREATE INDEX catalogue_product_slug_nl_0ff814d0_like ON public.catalogue_product USING btree (slug_nl varchar_pattern_ops);


--
-- Name: catalogue_product_slug_ti_e910ab2e; Type: INDEX; Schema: public; Owner: postgres
--

CREATE INDEX catalogue_product_slug_ti_e910ab2e ON public.catalogue_product USING btree (slug_ti);


--
-- Name: catalogue_product_slug_ti_e910ab2e_like; Type: INDEX; Schema: public; Owner: postgres
--

CREATE INDEX catalogue_product_slug_ti_e910ab2e_like ON public.catalogue_product USING btree (slug_ti varchar_pattern_ops);


--
-- Name: catalogue_product_upc_91f72b90_like; Type: INDEX; Schema: public; Owner: postgres
--

CREATE INDEX catalogue_product_upc_91f72b90_like ON public.catalogue_product USING btree (upc varchar_pattern_ops);


--
-- Name: catalogue_productattribute_attributeoption_id_962b600b; Type: INDEX; Schema: public; Owner: postgres
--

CREATE INDEX catalogue_productattribute_attributeoption_id_962b600b ON public.catalogue_productattributevalue_value_multi_option USING btree (attributeoption_id);


--
-- Name: catalogue_productattribute_code_9ffea293; Type: INDEX; Schema: public; Owner: postgres
--

CREATE INDEX catalogue_productattribute_code_9ffea293 ON public.catalogue_productattribute USING btree (code);


--
-- Name: catalogue_productattribute_code_9ffea293_like; Type: INDEX; Schema: public; Owner: postgres
--

CREATE INDEX catalogue_productattribute_code_9ffea293_like ON public.catalogue_productattribute USING btree (code varchar_pattern_ops);


--
-- Name: catalogue_productattribute_option_group_id_6b422dc2; Type: INDEX; Schema: public; Owner: postgres
--

CREATE INDEX catalogue_productattribute_option_group_id_6b422dc2 ON public.catalogue_productattribute USING btree (option_group_id);


--
-- Name: catalogue_productattribute_product_class_id_7af808ec; Type: INDEX; Schema: public; Owner: postgres
--

CREATE INDEX catalogue_productattribute_product_class_id_7af808ec ON public.catalogue_productattribute USING btree (product_class_id);


--
-- Name: catalogue_productattribute_productattributevalue_id_9c7c031e; Type: INDEX; Schema: public; Owner: postgres
--

CREATE INDEX catalogue_productattribute_productattributevalue_id_9c7c031e ON public.catalogue_productattributevalue_value_multi_option USING btree (productattributevalue_id);


--
-- Name: catalogue_productattributevalue_attribute_id_0287c1e7; Type: INDEX; Schema: public; Owner: postgres
--

CREATE INDEX catalogue_productattributevalue_attribute_id_0287c1e7 ON public.catalogue_productattributevalue USING btree (attribute_id);


--
-- Name: catalogue_productattributevalue_entity_content_type_id_f7186ab5; Type: INDEX; Schema: public; Owner: postgres
--

CREATE INDEX catalogue_productattributevalue_entity_content_type_id_f7186ab5 ON public.catalogue_productattributevalue USING btree (entity_content_type_id);


--
-- Name: catalogue_productattributevalue_product_id_a03cd90e; Type: INDEX; Schema: public; Owner: postgres
--

CREATE INDEX catalogue_productattributevalue_product_id_a03cd90e ON public.catalogue_productattributevalue USING btree (product_id);


--
-- Name: catalogue_productattributevalue_value_boolean_c5b0d66a; Type: INDEX; Schema: public; Owner: postgres
--

CREATE INDEX catalogue_productattributevalue_value_boolean_c5b0d66a ON public.catalogue_productattributevalue USING btree (value_boolean);


--
-- Name: catalogue_productattributevalue_value_date_d18775c1; Type: INDEX; Schema: public; Owner: postgres
--

CREATE INDEX catalogue_productattributevalue_value_date_d18775c1 ON public.catalogue_productattributevalue USING btree (value_date);


--
-- Name: catalogue_productattributevalue_value_datetime_b474ac38; Type: INDEX; Schema: public; Owner: postgres
--

CREATE INDEX catalogue_productattributevalue_value_datetime_b474ac38 ON public.catalogue_productattributevalue USING btree (value_datetime);


--
-- Name: catalogue_productattributevalue_value_float_5ef8d3db; Type: INDEX; Schema: public; Owner: postgres
--

CREATE INDEX catalogue_productattributevalue_value_float_5ef8d3db ON public.catalogue_productattributevalue USING btree (value_float);


--
-- Name: catalogue_productattributevalue_value_integer_55fbb7d6; Type: INDEX; Schema: public; Owner: postgres
--

CREATE INDEX catalogue_productattributevalue_value_integer_55fbb7d6 ON public.catalogue_productattributevalue USING btree (value_integer);


--
-- Name: catalogue_productattributevalue_value_option_id_21026066; Type: INDEX; Schema: public; Owner: postgres
--

CREATE INDEX catalogue_productattributevalue_value_option_id_21026066 ON public.catalogue_productattributevalue USING btree (value_option_id);


--
-- Name: catalogue_productcategory_category_id_176db535; Type: INDEX; Schema: public; Owner: postgres
--

CREATE INDEX catalogue_productcategory_category_id_176db535 ON public.catalogue_productcategory USING btree (category_id);


--
-- Name: catalogue_productcategory_product_id_846a4061; Type: INDEX; Schema: public; Owner: postgres
--

CREATE INDEX catalogue_productcategory_product_id_846a4061 ON public.catalogue_productcategory USING btree (product_id);


--
-- Name: catalogue_productclass_options_option_id_b099542c; Type: INDEX; Schema: public; Owner: postgres
--

CREATE INDEX catalogue_productclass_options_option_id_b099542c ON public.catalogue_productclass_options USING btree (option_id);


--
-- Name: catalogue_productclass_options_productclass_id_732df4c8; Type: INDEX; Schema: public; Owner: postgres
--

CREATE INDEX catalogue_productclass_options_productclass_id_732df4c8 ON public.catalogue_productclass_options USING btree (productclass_id);


--
-- Name: catalogue_productclass_slug_270c6b2b_like; Type: INDEX; Schema: public; Owner: postgres
--

CREATE INDEX catalogue_productclass_slug_270c6b2b_like ON public.catalogue_productclass USING btree (slug varchar_pattern_ops);


--
-- Name: catalogue_productclass_slug_en_c3421583_like; Type: INDEX; Schema: public; Owner: postgres
--

CREATE INDEX catalogue_productclass_slug_en_c3421583_like ON public.catalogue_productclass USING btree (slug_en varchar_pattern_ops);


--
-- Name: catalogue_productclass_slug_la_d85b459a_like; Type: INDEX; Schema: public; Owner: postgres
--

CREATE INDEX catalogue_productclass_slug_la_d85b459a_like ON public.catalogue_productclass USING btree (slug_la varchar_pattern_ops);


--
-- Name: catalogue_productclass_slug_nl_c7498cd4_like; Type: INDEX; Schema: public; Owner: postgres
--

CREATE INDEX catalogue_productclass_slug_nl_c7498cd4_like ON public.catalogue_productclass USING btree (slug_nl varchar_pattern_ops);


--
-- Name: catalogue_productclass_slug_ti_03f8e786_like; Type: INDEX; Schema: public; Owner: postgres
--

CREATE INDEX catalogue_productclass_slug_ti_03f8e786_like ON public.catalogue_productclass USING btree (slug_ti varchar_pattern_ops);


--
-- Name: catalogue_productimage_code_fdab9782_like; Type: INDEX; Schema: public; Owner: postgres
--

CREATE INDEX catalogue_productimage_code_fdab9782_like ON public.catalogue_productimage USING btree (code varchar_pattern_ops);


--
-- Name: catalogue_productimage_display_order_9fa741ac; Type: INDEX; Schema: public; Owner: postgres
--

CREATE INDEX catalogue_productimage_display_order_9fa741ac ON public.catalogue_productimage USING btree (display_order);


--
-- Name: catalogue_productimage_product_id_49474fe8; Type: INDEX; Schema: public; Owner: postgres
--

CREATE INDEX catalogue_productimage_product_id_49474fe8 ON public.catalogue_productimage USING btree (product_id);


--
-- Name: catalogue_productrecommendation_primary_id_6e51a55c; Type: INDEX; Schema: public; Owner: postgres
--

CREATE INDEX catalogue_productrecommendation_primary_id_6e51a55c ON public.catalogue_productrecommendation USING btree (primary_id);


--
-- Name: catalogue_productrecommendation_ranking_e7a0f7fd; Type: INDEX; Schema: public; Owner: postgres
--

CREATE INDEX catalogue_productrecommendation_ranking_e7a0f7fd ON public.catalogue_productrecommendation USING btree (ranking);


--
-- Name: catalogue_productrecommendation_recommendation_id_daf8ae95; Type: INDEX; Schema: public; Owner: postgres
--

CREATE INDEX catalogue_productrecommendation_recommendation_id_daf8ae95 ON public.catalogue_productrecommendation USING btree (recommendation_id);


--
-- Name: communication_communicationeventtype_name_45761eb9; Type: INDEX; Schema: public; Owner: postgres
--

CREATE INDEX communication_communicationeventtype_name_45761eb9 ON public.communication_communicationeventtype USING btree (name);


--
-- Name: communication_communicationeventtype_name_45761eb9_like; Type: INDEX; Schema: public; Owner: postgres
--

CREATE INDEX communication_communicationeventtype_name_45761eb9_like ON public.communication_communicationeventtype USING btree (name varchar_pattern_ops);


--
-- Name: cookie_consent_cookie_cookiegroup_id_96c0ab4b; Type: INDEX; Schema: public; Owner: wenani_wereja
--

CREATE INDEX cookie_consent_cookie_cookiegroup_id_96c0ab4b ON public.cookie_consent_cookie USING btree (cookiegroup_id);


--
-- Name: cookie_consent_cookiegroup_varname_322d11a0_like; Type: INDEX; Schema: public; Owner: wenani_wereja
--

CREATE INDEX cookie_consent_cookiegroup_varname_322d11a0_like ON public.cookie_consent_cookiegroup USING btree (varname varchar_pattern_ops);


--
-- Name: cookie_consent_logitem_cookiegroup_id_3bfbe953; Type: INDEX; Schema: public; Owner: wenani_wereja
--

CREATE INDEX cookie_consent_logitem_cookiegroup_id_3bfbe953 ON public.cookie_consent_logitem USING btree (cookiegroup_id);


--
-- Name: customer_communicationeventtype_code_984beacb_like; Type: INDEX; Schema: public; Owner: postgres
--

CREATE INDEX customer_communicationeventtype_code_984beacb_like ON public.communication_communicationeventtype USING btree (code varchar_pattern_ops);


--
-- Name: customer_email_user_id_a69ad588; Type: INDEX; Schema: public; Owner: postgres
--

CREATE INDEX customer_email_user_id_a69ad588 ON public.communication_email USING btree (user_id);


--
-- Name: customer_notification_date_sent_9b6baeda; Type: INDEX; Schema: public; Owner: postgres
--

CREATE INDEX customer_notification_date_sent_9b6baeda ON public.communication_notification USING btree (date_sent);


--
-- Name: customer_notification_recipient_id_d99de5c8; Type: INDEX; Schema: public; Owner: postgres
--

CREATE INDEX customer_notification_recipient_id_d99de5c8 ON public.communication_notification USING btree (recipient_id);


--
-- Name: customer_notification_sender_id_affa1632; Type: INDEX; Schema: public; Owner: postgres
--

CREATE INDEX customer_notification_sender_id_affa1632 ON public.communication_notification USING btree (sender_id);


--
-- Name: django_admin_log_content_type_id_c4bce8eb; Type: INDEX; Schema: public; Owner: postgres
--

CREATE INDEX django_admin_log_content_type_id_c4bce8eb ON public.django_admin_log USING btree (content_type_id);


--
-- Name: django_admin_log_user_id_c564eba6; Type: INDEX; Schema: public; Owner: postgres
--

CREATE INDEX django_admin_log_user_id_c564eba6 ON public.django_admin_log USING btree (user_id);


--
-- Name: django_flatpage_sites_flatpage_id_078bbc8b; Type: INDEX; Schema: public; Owner: postgres
--

CREATE INDEX django_flatpage_sites_flatpage_id_078bbc8b ON public.django_flatpage_sites USING btree (flatpage_id);


--
-- Name: django_flatpage_sites_site_id_bfd8ea84; Type: INDEX; Schema: public; Owner: postgres
--

CREATE INDEX django_flatpage_sites_site_id_bfd8ea84 ON public.django_flatpage_sites USING btree (site_id);


--
-- Name: django_flatpage_url_41612362; Type: INDEX; Schema: public; Owner: postgres
--

CREATE INDEX django_flatpage_url_41612362 ON public.django_flatpage USING btree (url);


--
-- Name: django_flatpage_url_41612362_like; Type: INDEX; Schema: public; Owner: postgres
--

CREATE INDEX django_flatpage_url_41612362_like ON public.django_flatpage USING btree (url varchar_pattern_ops);


--
-- Name: django_redirect_old_path_c6cc94d3; Type: INDEX; Schema: public; Owner: wenani_wereja
--

CREATE INDEX django_redirect_old_path_c6cc94d3 ON public.django_redirect USING btree (old_path);


--
-- Name: django_redirect_old_path_c6cc94d3_like; Type: INDEX; Schema: public; Owner: wenani_wereja
--

CREATE INDEX django_redirect_old_path_c6cc94d3_like ON public.django_redirect USING btree (old_path varchar_pattern_ops);


--
-- Name: django_redirect_site_id_c3e37341; Type: INDEX; Schema: public; Owner: wenani_wereja
--

CREATE INDEX django_redirect_site_id_c3e37341 ON public.django_redirect USING btree (site_id);


--
-- Name: django_site_domain_a2e37b91_like; Type: INDEX; Schema: public; Owner: postgres
--

CREATE INDEX django_site_domain_a2e37b91_like ON public.django_site USING btree (domain varchar_pattern_ops);


--
-- Name: home_shopsocialmedia_name_06446ae1_like; Type: INDEX; Schema: public; Owner: wenani_wereja
--

CREATE INDEX home_shopsocialmedia_name_06446ae1_like ON public.home_shopsocialmedia USING btree (name varchar_pattern_ops);


--
-- Name: mfa_authenticator_user_id_0c3a50c0; Type: INDEX; Schema: public; Owner: wenani_wereja
--

CREATE INDEX mfa_authenticator_user_id_0c3a50c0 ON public.mfa_authenticator USING btree (user_id);


--
-- Name: offer_benefit_range_id_ab19c5ab; Type: INDEX; Schema: public; Owner: postgres
--

CREATE INDEX offer_benefit_range_id_ab19c5ab ON public.offer_benefit USING btree (range_id);


--
-- Name: offer_condition_range_id_b023a2aa; Type: INDEX; Schema: public; Owner: postgres
--

CREATE INDEX offer_condition_range_id_b023a2aa ON public.offer_condition USING btree (range_id);


--
-- Name: offer_conditionaloffer_benefit_id_f43f68b5; Type: INDEX; Schema: public; Owner: postgres
--

CREATE INDEX offer_conditionaloffer_benefit_id_f43f68b5 ON public.offer_conditionaloffer USING btree (benefit_id);


--
-- Name: offer_conditionaloffer_com_from_conditionaloffer_id_85c3bd9f; Type: INDEX; Schema: public; Owner: postgres
--

CREATE INDEX offer_conditionaloffer_com_from_conditionaloffer_id_85c3bd9f ON public.offer_conditionaloffer_combinations USING btree (from_conditionaloffer_id);


--
-- Name: offer_conditionaloffer_com_to_conditionaloffer_id_ae993478; Type: INDEX; Schema: public; Owner: postgres
--

CREATE INDEX offer_conditionaloffer_com_to_conditionaloffer_id_ae993478 ON public.offer_conditionaloffer_combinations USING btree (to_conditionaloffer_id);


--
-- Name: offer_conditionaloffer_condition_id_e6baa945; Type: INDEX; Schema: public; Owner: postgres
--

CREATE INDEX offer_conditionaloffer_condition_id_e6baa945 ON public.offer_conditionaloffer USING btree (condition_id);


--
-- Name: offer_conditionaloffer_name_340601c2_like; Type: INDEX; Schema: public; Owner: postgres
--

CREATE INDEX offer_conditionaloffer_name_340601c2_like ON public.offer_conditionaloffer USING btree (name varchar_pattern_ops);


--
-- Name: offer_conditionaloffer_name_en_325b16eb_like; Type: INDEX; Schema: public; Owner: postgres
--

CREATE INDEX offer_conditionaloffer_name_en_325b16eb_like ON public.offer_conditionaloffer USING btree (name_en varchar_pattern_ops);


--
-- Name: offer_conditionaloffer_name_fi_894d81c5_like; Type: INDEX; Schema: public; Owner: postgres
--

CREATE INDEX offer_conditionaloffer_name_fi_894d81c5_like ON public.offer_conditionaloffer USING btree (name_la varchar_pattern_ops);


--
-- Name: offer_conditionaloffer_name_nl_35a242f9_like; Type: INDEX; Schema: public; Owner: postgres
--

CREATE INDEX offer_conditionaloffer_name_nl_35a242f9_like ON public.offer_conditionaloffer USING btree (name_nl varchar_pattern_ops);


--
-- Name: offer_conditionaloffer_name_ti_7673d504_like; Type: INDEX; Schema: public; Owner: postgres
--

CREATE INDEX offer_conditionaloffer_name_ti_7673d504_like ON public.offer_conditionaloffer USING btree (name_ti varchar_pattern_ops);


--
-- Name: offer_conditionaloffer_priority_4c2fc582; Type: INDEX; Schema: public; Owner: postgres
--

CREATE INDEX offer_conditionaloffer_priority_4c2fc582 ON public.offer_conditionaloffer USING btree (priority);


--
-- Name: offer_conditionaloffer_slug_e4649c01_like; Type: INDEX; Schema: public; Owner: postgres
--

CREATE INDEX offer_conditionaloffer_slug_e4649c01_like ON public.offer_conditionaloffer USING btree (slug varchar_pattern_ops);


--
-- Name: offer_range_classes_productclass_id_6f6de46d; Type: INDEX; Schema: public; Owner: postgres
--

CREATE INDEX offer_range_classes_productclass_id_6f6de46d ON public.offer_range_classes USING btree (productclass_id);


--
-- Name: offer_range_classes_range_id_7d3e573e; Type: INDEX; Schema: public; Owner: postgres
--

CREATE INDEX offer_range_classes_range_id_7d3e573e ON public.offer_range_classes USING btree (range_id);


--
-- Name: offer_range_excluded_categories_category_id_c16fd4f7; Type: INDEX; Schema: public; Owner: wenani_wereja
--

CREATE INDEX offer_range_excluded_categories_category_id_c16fd4f7 ON public.offer_range_excluded_categories USING btree (category_id);


--
-- Name: offer_range_excluded_categories_range_id_6346945d; Type: INDEX; Schema: public; Owner: wenani_wereja
--

CREATE INDEX offer_range_excluded_categories_range_id_6346945d ON public.offer_range_excluded_categories USING btree (range_id);


--
-- Name: offer_range_excluded_products_product_id_78c49bfc; Type: INDEX; Schema: public; Owner: postgres
--

CREATE INDEX offer_range_excluded_products_product_id_78c49bfc ON public.offer_range_excluded_products USING btree (product_id);


--
-- Name: offer_range_excluded_products_range_id_cce4a032; Type: INDEX; Schema: public; Owner: postgres
--

CREATE INDEX offer_range_excluded_products_range_id_cce4a032 ON public.offer_range_excluded_products USING btree (range_id);


--
-- Name: offer_range_included_categories_category_id_c61569a5; Type: INDEX; Schema: public; Owner: postgres
--

CREATE INDEX offer_range_included_categories_category_id_c61569a5 ON public.offer_range_included_categories USING btree (category_id);


--
-- Name: offer_range_included_categories_range_id_1b616138; Type: INDEX; Schema: public; Owner: postgres
--

CREATE INDEX offer_range_included_categories_range_id_1b616138 ON public.offer_range_included_categories USING btree (range_id);


--
-- Name: offer_range_name_c72a602f_like; Type: INDEX; Schema: public; Owner: postgres
--

CREATE INDEX offer_range_name_c72a602f_like ON public.offer_range USING btree (name varchar_pattern_ops);


--
-- Name: offer_range_name_en_1800a8e8_like; Type: INDEX; Schema: public; Owner: postgres
--

CREATE INDEX offer_range_name_en_1800a8e8_like ON public.offer_range USING btree (name_en varchar_pattern_ops);


--
-- Name: offer_range_name_la_2152e225_like; Type: INDEX; Schema: public; Owner: postgres
--

CREATE INDEX offer_range_name_la_2152e225_like ON public.offer_range USING btree (name_la varchar_pattern_ops);


--
-- Name: offer_range_name_nl_5cf956be_like; Type: INDEX; Schema: public; Owner: postgres
--

CREATE INDEX offer_range_name_nl_5cf956be_like ON public.offer_range USING btree (name_nl varchar_pattern_ops);


--
-- Name: offer_range_name_ti_282545fb_like; Type: INDEX; Schema: public; Owner: postgres
--

CREATE INDEX offer_range_name_ti_282545fb_like ON public.offer_range USING btree (name_ti varchar_pattern_ops);


--
-- Name: offer_range_proxy_class_3c9917c6_like; Type: INDEX; Schema: public; Owner: postgres
--

CREATE INDEX offer_range_proxy_class_3c9917c6_like ON public.offer_range USING btree (proxy_class varchar_pattern_ops);


--
-- Name: offer_range_slug_ce39e53b_like; Type: INDEX; Schema: public; Owner: postgres
--

CREATE INDEX offer_range_slug_ce39e53b_like ON public.offer_range USING btree (slug varchar_pattern_ops);


--
-- Name: offer_rangeproduct_product_id_723b3ea3; Type: INDEX; Schema: public; Owner: postgres
--

CREATE INDEX offer_rangeproduct_product_id_723b3ea3 ON public.offer_rangeproduct USING btree (product_id);


--
-- Name: offer_rangeproduct_range_id_ee358495; Type: INDEX; Schema: public; Owner: postgres
--

CREATE INDEX offer_rangeproduct_range_id_ee358495 ON public.offer_rangeproduct USING btree (range_id);


--
-- Name: offer_rangeproductfileupload_date_uploaded_f0a4f9ae; Type: INDEX; Schema: public; Owner: postgres
--

CREATE INDEX offer_rangeproductfileupload_date_uploaded_f0a4f9ae ON public.offer_rangeproductfileupload USING btree (date_uploaded);


--
-- Name: offer_rangeproductfileupload_range_id_c055ebf8; Type: INDEX; Schema: public; Owner: postgres
--

CREATE INDEX offer_rangeproductfileupload_range_id_c055ebf8 ON public.offer_rangeproductfileupload USING btree (range_id);


--
-- Name: offer_rangeproductfileupload_uploaded_by_id_c01a3250; Type: INDEX; Schema: public; Owner: postgres
--

CREATE INDEX offer_rangeproductfileupload_uploaded_by_id_c01a3250 ON public.offer_rangeproductfileupload USING btree (uploaded_by_id);


--
-- Name: order_billingaddress_country_id_17f57dca; Type: INDEX; Schema: public; Owner: postgres
--

CREATE INDEX order_billingaddress_country_id_17f57dca ON public.order_billingaddress USING btree (country_id);


--
-- Name: order_billingaddress_country_id_17f57dca_like; Type: INDEX; Schema: public; Owner: postgres
--

CREATE INDEX order_billingaddress_country_id_17f57dca_like ON public.order_billingaddress USING btree (country_id varchar_pattern_ops);


--
-- Name: order_communicationevent_date_created_ce404d62; Type: INDEX; Schema: public; Owner: postgres
--

CREATE INDEX order_communicationevent_date_created_ce404d62 ON public.order_communicationevent USING btree (date_created);


--
-- Name: order_communicationevent_event_type_id_4bc9ee29; Type: INDEX; Schema: public; Owner: postgres
--

CREATE INDEX order_communicationevent_event_type_id_4bc9ee29 ON public.order_communicationevent USING btree (event_type_id);


--
-- Name: order_communicationevent_order_id_94e784ac; Type: INDEX; Schema: public; Owner: postgres
--

CREATE INDEX order_communicationevent_order_id_94e784ac ON public.order_communicationevent USING btree (order_id);


--
-- Name: order_line_order_id_b9148391; Type: INDEX; Schema: public; Owner: postgres
--

CREATE INDEX order_line_order_id_b9148391 ON public.order_line USING btree (order_id);


--
-- Name: order_line_partner_id_258a2fb9; Type: INDEX; Schema: public; Owner: postgres
--

CREATE INDEX order_line_partner_id_258a2fb9 ON public.order_line USING btree (partner_id);


--
-- Name: order_line_product_id_e620902d; Type: INDEX; Schema: public; Owner: postgres
--

CREATE INDEX order_line_product_id_e620902d ON public.order_line USING btree (product_id);


--
-- Name: order_line_stockrecord_id_1d65aff5; Type: INDEX; Schema: public; Owner: postgres
--

CREATE INDEX order_line_stockrecord_id_1d65aff5 ON public.order_line USING btree (stockrecord_id);


--
-- Name: order_lineattribute_line_id_adf6dd87; Type: INDEX; Schema: public; Owner: postgres
--

CREATE INDEX order_lineattribute_line_id_adf6dd87 ON public.order_lineattribute USING btree (line_id);


--
-- Name: order_lineattribute_option_id_b54d597c; Type: INDEX; Schema: public; Owner: postgres
--

CREATE INDEX order_lineattribute_option_id_b54d597c ON public.order_lineattribute USING btree (option_id);


--
-- Name: order_lineprice_line_id_2de52446; Type: INDEX; Schema: public; Owner: postgres
--

CREATE INDEX order_lineprice_line_id_2de52446 ON public.order_lineprice USING btree (line_id);


--
-- Name: order_lineprice_order_id_66792e56; Type: INDEX; Schema: public; Owner: postgres
--

CREATE INDEX order_lineprice_order_id_66792e56 ON public.order_lineprice USING btree (order_id);


--
-- Name: order_order_basket_id_8b0acbb2; Type: INDEX; Schema: public; Owner: postgres
--

CREATE INDEX order_order_basket_id_8b0acbb2 ON public.order_order USING btree (basket_id);


--
-- Name: order_order_billing_address_id_8fe537cf; Type: INDEX; Schema: public; Owner: postgres
--

CREATE INDEX order_order_billing_address_id_8fe537cf ON public.order_order USING btree (billing_address_id);


--
-- Name: order_order_date_placed_506a9365; Type: INDEX; Schema: public; Owner: postgres
--

CREATE INDEX order_order_date_placed_506a9365 ON public.order_order USING btree (date_placed);


--
-- Name: order_order_number_49f06f1b_like; Type: INDEX; Schema: public; Owner: postgres
--

CREATE INDEX order_order_number_49f06f1b_like ON public.order_order USING btree (number varchar_pattern_ops);


--
-- Name: order_order_shipping_address_id_57e64931; Type: INDEX; Schema: public; Owner: postgres
--

CREATE INDEX order_order_shipping_address_id_57e64931 ON public.order_order USING btree (shipping_address_id);


--
-- Name: order_order_site_id_e27f3526; Type: INDEX; Schema: public; Owner: postgres
--

CREATE INDEX order_order_site_id_e27f3526 ON public.order_order USING btree (site_id);


--
-- Name: order_order_user_id_7cf9bc2b; Type: INDEX; Schema: public; Owner: postgres
--

CREATE INDEX order_order_user_id_7cf9bc2b ON public.order_order USING btree (user_id);


--
-- Name: order_orderdiscount_offer_name_706d6119; Type: INDEX; Schema: public; Owner: postgres
--

CREATE INDEX order_orderdiscount_offer_name_706d6119 ON public.order_orderdiscount USING btree (offer_name);


--
-- Name: order_orderdiscount_offer_name_706d6119_like; Type: INDEX; Schema: public; Owner: postgres
--

CREATE INDEX order_orderdiscount_offer_name_706d6119_like ON public.order_orderdiscount USING btree (offer_name varchar_pattern_ops);


--
-- Name: order_orderdiscount_order_id_bc91e123; Type: INDEX; Schema: public; Owner: postgres
--

CREATE INDEX order_orderdiscount_order_id_bc91e123 ON public.order_orderdiscount USING btree (order_id);


--
-- Name: order_orderdiscount_voucher_code_6ee4f360; Type: INDEX; Schema: public; Owner: postgres
--

CREATE INDEX order_orderdiscount_voucher_code_6ee4f360 ON public.order_orderdiscount USING btree (voucher_code);


--
-- Name: order_orderdiscount_voucher_code_6ee4f360_like; Type: INDEX; Schema: public; Owner: postgres
--

CREATE INDEX order_orderdiscount_voucher_code_6ee4f360_like ON public.order_orderdiscount USING btree (voucher_code varchar_pattern_ops);


--
-- Name: order_orderlinediscount_line_id_88fbcd4a; Type: INDEX; Schema: public; Owner: postgres
--

CREATE INDEX order_orderlinediscount_line_id_88fbcd4a ON public.order_orderlinediscount USING btree (line_id);


--
-- Name: order_orderlinediscount_order_discount_id_b9dfa715; Type: INDEX; Schema: public; Owner: postgres
--

CREATE INDEX order_orderlinediscount_order_discount_id_b9dfa715 ON public.order_orderlinediscount USING btree (order_discount_id);


--
-- Name: order_ordernote_order_id_7d97583d; Type: INDEX; Schema: public; Owner: postgres
--

CREATE INDEX order_ordernote_order_id_7d97583d ON public.order_ordernote USING btree (order_id);


--
-- Name: order_ordernote_user_id_48d7a672; Type: INDEX; Schema: public; Owner: postgres
--

CREATE INDEX order_ordernote_user_id_48d7a672 ON public.order_ordernote USING btree (user_id);


--
-- Name: order_orderstatuschange_date_created_a5107b93; Type: INDEX; Schema: public; Owner: postgres
--

CREATE INDEX order_orderstatuschange_date_created_a5107b93 ON public.order_orderstatuschange USING btree (date_created);


--
-- Name: order_orderstatuschange_order_id_43efdbe5; Type: INDEX; Schema: public; Owner: postgres
--

CREATE INDEX order_orderstatuschange_order_id_43efdbe5 ON public.order_orderstatuschange USING btree (order_id);


--
-- Name: order_paymentevent_date_created_05d8c079; Type: INDEX; Schema: public; Owner: postgres
--

CREATE INDEX order_paymentevent_date_created_05d8c079 ON public.order_paymentevent USING btree (date_created);


--
-- Name: order_paymentevent_event_type_id_568c7161; Type: INDEX; Schema: public; Owner: postgres
--

CREATE INDEX order_paymentevent_event_type_id_568c7161 ON public.order_paymentevent USING btree (event_type_id);


--
-- Name: order_paymentevent_order_id_395b3e82; Type: INDEX; Schema: public; Owner: postgres
--

CREATE INDEX order_paymentevent_order_id_395b3e82 ON public.order_paymentevent USING btree (order_id);


--
-- Name: order_paymentevent_shipping_event_id_213dcfb8; Type: INDEX; Schema: public; Owner: postgres
--

CREATE INDEX order_paymentevent_shipping_event_id_213dcfb8 ON public.order_paymentevent USING btree (shipping_event_id);


--
-- Name: order_paymenteventquantity_event_id_a540165a; Type: INDEX; Schema: public; Owner: postgres
--

CREATE INDEX order_paymenteventquantity_event_id_a540165a ON public.order_paymenteventquantity USING btree (event_id);


--
-- Name: order_paymenteventquantity_line_id_df44b021; Type: INDEX; Schema: public; Owner: postgres
--

CREATE INDEX order_paymenteventquantity_line_id_df44b021 ON public.order_paymenteventquantity USING btree (line_id);


--
-- Name: order_paymenteventtype_code_19e3e888_like; Type: INDEX; Schema: public; Owner: postgres
--

CREATE INDEX order_paymenteventtype_code_19e3e888_like ON public.order_paymenteventtype USING btree (code varchar_pattern_ops);


--
-- Name: order_paymenteventtype_name_e4bcca28_like; Type: INDEX; Schema: public; Owner: postgres
--

CREATE INDEX order_paymenteventtype_name_e4bcca28_like ON public.order_paymenteventtype USING btree (name varchar_pattern_ops);


--
-- Name: order_paymenteventtype_name_en_876e8aa8_like; Type: INDEX; Schema: public; Owner: postgres
--

CREATE INDEX order_paymenteventtype_name_en_876e8aa8_like ON public.order_paymenteventtype USING btree (name_en varchar_pattern_ops);


--
-- Name: order_paymenteventtype_name_la_ca3aef93_like; Type: INDEX; Schema: public; Owner: postgres
--

CREATE INDEX order_paymenteventtype_name_la_ca3aef93_like ON public.order_paymenteventtype USING btree (name_la varchar_pattern_ops);


--
-- Name: order_paymenteventtype_name_nl_83daa2a7_like; Type: INDEX; Schema: public; Owner: postgres
--

CREATE INDEX order_paymenteventtype_name_nl_83daa2a7_like ON public.order_paymenteventtype USING btree (name_nl varchar_pattern_ops);


--
-- Name: order_paymenteventtype_name_ti_5707b626_like; Type: INDEX; Schema: public; Owner: postgres
--

CREATE INDEX order_paymenteventtype_name_ti_5707b626_like ON public.order_paymenteventtype USING btree (name_ti varchar_pattern_ops);


--
-- Name: order_shippingaddress_country_id_29abf9a0; Type: INDEX; Schema: public; Owner: postgres
--

CREATE INDEX order_shippingaddress_country_id_29abf9a0 ON public.order_shippingaddress USING btree (country_id);


--
-- Name: order_shippingaddress_country_id_29abf9a0_like; Type: INDEX; Schema: public; Owner: postgres
--

CREATE INDEX order_shippingaddress_country_id_29abf9a0_like ON public.order_shippingaddress USING btree (country_id varchar_pattern_ops);


--
-- Name: order_shippingevent_date_created_74c4a6fa; Type: INDEX; Schema: public; Owner: postgres
--

CREATE INDEX order_shippingevent_date_created_74c4a6fa ON public.order_shippingevent USING btree (date_created);


--
-- Name: order_shippingevent_event_type_id_9f1efb20; Type: INDEX; Schema: public; Owner: postgres
--

CREATE INDEX order_shippingevent_event_type_id_9f1efb20 ON public.order_shippingevent USING btree (event_type_id);


--
-- Name: order_shippingevent_order_id_8c031fb6; Type: INDEX; Schema: public; Owner: postgres
--

CREATE INDEX order_shippingevent_order_id_8c031fb6 ON public.order_shippingevent USING btree (order_id);


--
-- Name: order_shippingeventquantity_event_id_1c7fb9c7; Type: INDEX; Schema: public; Owner: postgres
--

CREATE INDEX order_shippingeventquantity_event_id_1c7fb9c7 ON public.order_shippingeventquantity USING btree (event_id);


--
-- Name: order_shippingeventquantity_line_id_3b089ee0; Type: INDEX; Schema: public; Owner: postgres
--

CREATE INDEX order_shippingeventquantity_line_id_3b089ee0 ON public.order_shippingeventquantity USING btree (line_id);


--
-- Name: order_shippingeventtype_code_db3854de_like; Type: INDEX; Schema: public; Owner: postgres
--

CREATE INDEX order_shippingeventtype_code_db3854de_like ON public.order_shippingeventtype USING btree (code varchar_pattern_ops);


--
-- Name: order_shippingeventtype_name_6d9a48a2_like; Type: INDEX; Schema: public; Owner: postgres
--

CREATE INDEX order_shippingeventtype_name_6d9a48a2_like ON public.order_shippingeventtype USING btree (name varchar_pattern_ops);


--
-- Name: order_shippingeventtype_name_en_967f41e1_like; Type: INDEX; Schema: public; Owner: postgres
--

CREATE INDEX order_shippingeventtype_name_en_967f41e1_like ON public.order_shippingeventtype USING btree (name_en varchar_pattern_ops);


--
-- Name: order_shippingeventtype_name_la_b3ee560a_like; Type: INDEX; Schema: public; Owner: postgres
--

CREATE INDEX order_shippingeventtype_name_la_b3ee560a_like ON public.order_shippingeventtype USING btree (name_la varchar_pattern_ops);


--
-- Name: order_shippingeventtype_name_nl_155c4cd6_like; Type: INDEX; Schema: public; Owner: postgres
--

CREATE INDEX order_shippingeventtype_name_nl_155c4cd6_like ON public.order_shippingeventtype USING btree (name_nl varchar_pattern_ops);


--
-- Name: order_shippingeventtype_name_ti_23029e67_like; Type: INDEX; Schema: public; Owner: postgres
--

CREATE INDEX order_shippingeventtype_name_ti_23029e67_like ON public.order_shippingeventtype USING btree (name_ti varchar_pattern_ops);


--
-- Name: order_surcharge_order_id_5c0a94f5; Type: INDEX; Schema: public; Owner: postgres
--

CREATE INDEX order_surcharge_order_id_5c0a94f5 ON public.order_surcharge USING btree (order_id);


--
-- Name: partner_partner_code_13d0debd_like; Type: INDEX; Schema: public; Owner: postgres
--

CREATE INDEX partner_partner_code_13d0debd_like ON public.partner_partner USING btree (code varchar_pattern_ops);


--
-- Name: partner_partner_name_caa0c2ee; Type: INDEX; Schema: public; Owner: postgres
--

CREATE INDEX partner_partner_name_caa0c2ee ON public.partner_partner USING btree (name);


--
-- Name: partner_partner_name_caa0c2ee_like; Type: INDEX; Schema: public; Owner: postgres
--

CREATE INDEX partner_partner_name_caa0c2ee_like ON public.partner_partner USING btree (name varchar_pattern_ops);


--
-- Name: partner_partner_users_partner_id_1883dfd9; Type: INDEX; Schema: public; Owner: postgres
--

CREATE INDEX partner_partner_users_partner_id_1883dfd9 ON public.partner_partner_users USING btree (partner_id);


--
-- Name: partner_partner_users_user_id_d75d6e40; Type: INDEX; Schema: public; Owner: postgres
--

CREATE INDEX partner_partner_users_user_id_d75d6e40 ON public.partner_partner_users USING btree (user_id);


--
-- Name: partner_partneraddress_country_id_02c4f979; Type: INDEX; Schema: public; Owner: postgres
--

CREATE INDEX partner_partneraddress_country_id_02c4f979 ON public.partner_partneraddress USING btree (country_id);


--
-- Name: partner_partneraddress_country_id_02c4f979_like; Type: INDEX; Schema: public; Owner: postgres
--

CREATE INDEX partner_partneraddress_country_id_02c4f979_like ON public.partner_partneraddress USING btree (country_id varchar_pattern_ops);


--
-- Name: partner_partneraddress_partner_id_59551b0a; Type: INDEX; Schema: public; Owner: postgres
--

CREATE INDEX partner_partneraddress_partner_id_59551b0a ON public.partner_partneraddress USING btree (partner_id);


--
-- Name: partner_stockalert_date_created_832cf043; Type: INDEX; Schema: public; Owner: postgres
--

CREATE INDEX partner_stockalert_date_created_832cf043 ON public.partner_stockalert USING btree (date_created);


--
-- Name: partner_stockalert_stockrecord_id_68ad503a; Type: INDEX; Schema: public; Owner: postgres
--

CREATE INDEX partner_stockalert_stockrecord_id_68ad503a ON public.partner_stockalert USING btree (stockrecord_id);


--
-- Name: partner_stockrecord_date_updated_e6ae5f14; Type: INDEX; Schema: public; Owner: postgres
--

CREATE INDEX partner_stockrecord_date_updated_e6ae5f14 ON public.partner_stockrecord USING btree (date_updated);


--
-- Name: partner_stockrecord_partner_id_4155a586; Type: INDEX; Schema: public; Owner: postgres
--

CREATE INDEX partner_stockrecord_partner_id_4155a586 ON public.partner_stockrecord USING btree (partner_id);


--
-- Name: partner_stockrecord_product_id_62fd9e45; Type: INDEX; Schema: public; Owner: postgres
--

CREATE INDEX partner_stockrecord_product_id_62fd9e45 ON public.partner_stockrecord USING btree (product_id);


--
-- Name: payment_bankcard_user_id_08e1d04c; Type: INDEX; Schema: public; Owner: postgres
--

CREATE INDEX payment_bankcard_user_id_08e1d04c ON public.payment_bankcard USING btree (user_id);


--
-- Name: payment_source_order_id_6b7f2215; Type: INDEX; Schema: public; Owner: postgres
--

CREATE INDEX payment_source_order_id_6b7f2215 ON public.payment_source USING btree (order_id);


--
-- Name: payment_source_source_type_id_700828fe; Type: INDEX; Schema: public; Owner: postgres
--

CREATE INDEX payment_source_source_type_id_700828fe ON public.payment_source USING btree (source_type_id);


--
-- Name: payment_sourcetype_code_e479088c_like; Type: INDEX; Schema: public; Owner: postgres
--

CREATE INDEX payment_sourcetype_code_e479088c_like ON public.payment_sourcetype USING btree (code varchar_pattern_ops);


--
-- Name: payment_sourcetype_name_a980e862; Type: INDEX; Schema: public; Owner: postgres
--

CREATE INDEX payment_sourcetype_name_a980e862 ON public.payment_sourcetype USING btree (name);


--
-- Name: payment_sourcetype_name_a980e862_like; Type: INDEX; Schema: public; Owner: postgres
--

CREATE INDEX payment_sourcetype_name_a980e862_like ON public.payment_sourcetype USING btree (name varchar_pattern_ops);


--
-- Name: payment_transaction_date_created_f887f6bc; Type: INDEX; Schema: public; Owner: postgres
--

CREATE INDEX payment_transaction_date_created_f887f6bc ON public.payment_transaction USING btree (date_created);


--
-- Name: payment_transaction_source_id_c5ac31e8; Type: INDEX; Schema: public; Owner: postgres
--

CREATE INDEX payment_transaction_source_id_c5ac31e8 ON public.payment_transaction USING btree (source_id);


--
-- Name: reviews_productreview_delta_votes_bd8ffc87; Type: INDEX; Schema: public; Owner: postgres
--

CREATE INDEX reviews_productreview_delta_votes_bd8ffc87 ON public.reviews_productreview USING btree (delta_votes);


--
-- Name: reviews_productreview_product_id_52e52a32; Type: INDEX; Schema: public; Owner: postgres
--

CREATE INDEX reviews_productreview_product_id_52e52a32 ON public.reviews_productreview USING btree (product_id);


--
-- Name: reviews_productreview_user_id_8acb5ddd; Type: INDEX; Schema: public; Owner: postgres
--

CREATE INDEX reviews_productreview_user_id_8acb5ddd ON public.reviews_productreview USING btree (user_id);


--
-- Name: reviews_vote_review_id_371b2d8d; Type: INDEX; Schema: public; Owner: postgres
--

CREATE INDEX reviews_vote_review_id_371b2d8d ON public.reviews_vote USING btree (review_id);


--
-- Name: reviews_vote_user_id_5fb87b53; Type: INDEX; Schema: public; Owner: postgres
--

CREATE INDEX reviews_vote_user_id_5fb87b53 ON public.reviews_vote USING btree (user_id);


--
-- Name: shipping_orderanditemcharg_orderanditemcharges_id_bf5bfee9; Type: INDEX; Schema: public; Owner: postgres
--

CREATE INDEX shipping_orderanditemcharg_orderanditemcharges_id_bf5bfee9 ON public.shipping_orderanditemcharges_countries USING btree (orderanditemcharges_id);


--
-- Name: shipping_orderanditemcharges_code_cbeb9206_like; Type: INDEX; Schema: public; Owner: postgres
--

CREATE INDEX shipping_orderanditemcharges_code_cbeb9206_like ON public.shipping_orderanditemcharges USING btree (code varchar_pattern_ops);


--
-- Name: shipping_orderanditemcharges_countries_country_id_30387f2e; Type: INDEX; Schema: public; Owner: postgres
--

CREATE INDEX shipping_orderanditemcharges_countries_country_id_30387f2e ON public.shipping_orderanditemcharges_countries USING btree (country_id);


--
-- Name: shipping_orderanditemcharges_countries_country_id_30387f2e_like; Type: INDEX; Schema: public; Owner: postgres
--

CREATE INDEX shipping_orderanditemcharges_countries_country_id_30387f2e_like ON public.shipping_orderanditemcharges_countries USING btree (country_id varchar_pattern_ops);


--
-- Name: shipping_orderanditemcharges_name_c575f5bc_like; Type: INDEX; Schema: public; Owner: postgres
--

CREATE INDEX shipping_orderanditemcharges_name_c575f5bc_like ON public.shipping_orderanditemcharges USING btree (name varchar_pattern_ops);


--
-- Name: shipping_weightband_method_id_b699a1ba; Type: INDEX; Schema: public; Owner: postgres
--

CREATE INDEX shipping_weightband_method_id_b699a1ba ON public.shipping_weightband USING btree (method_id);


--
-- Name: shipping_weightband_upper_limit_9edc5097; Type: INDEX; Schema: public; Owner: postgres
--

CREATE INDEX shipping_weightband_upper_limit_9edc5097 ON public.shipping_weightband USING btree (upper_limit);


--
-- Name: shipping_weightbased_code_abff8e3d_like; Type: INDEX; Schema: public; Owner: postgres
--

CREATE INDEX shipping_weightbased_code_abff8e3d_like ON public.shipping_weightbased USING btree (code varchar_pattern_ops);


--
-- Name: shipping_weightbased_countries_country_id_06117384; Type: INDEX; Schema: public; Owner: postgres
--

CREATE INDEX shipping_weightbased_countries_country_id_06117384 ON public.shipping_weightbased_countries USING btree (country_id);


--
-- Name: shipping_weightbased_countries_country_id_06117384_like; Type: INDEX; Schema: public; Owner: postgres
--

CREATE INDEX shipping_weightbased_countries_country_id_06117384_like ON public.shipping_weightbased_countries USING btree (country_id varchar_pattern_ops);


--
-- Name: shipping_weightbased_countries_weightbased_id_93e3132f; Type: INDEX; Schema: public; Owner: postgres
--

CREATE INDEX shipping_weightbased_countries_weightbased_id_93e3132f ON public.shipping_weightbased_countries USING btree (weightbased_id);


--
-- Name: shipping_weightbased_name_en_c1c0c711_like; Type: INDEX; Schema: public; Owner: postgres
--

CREATE INDEX shipping_weightbased_name_en_c1c0c711_like ON public.shipping_weightbased USING btree (name_en varchar_pattern_ops);


--
-- Name: shipping_weightbased_name_ff8fabb8_like; Type: INDEX; Schema: public; Owner: postgres
--

CREATE INDEX shipping_weightbased_name_ff8fabb8_like ON public.shipping_weightbased USING btree (name varchar_pattern_ops);


--
-- Name: shipping_weightbased_name_la_dc96f5f8_like; Type: INDEX; Schema: public; Owner: postgres
--

CREATE INDEX shipping_weightbased_name_la_dc96f5f8_like ON public.shipping_weightbased USING btree (name_la varchar_pattern_ops);


--
-- Name: shipping_weightbased_name_nl_4bd09f83_like; Type: INDEX; Schema: public; Owner: postgres
--

CREATE INDEX shipping_weightbased_name_nl_4bd09f83_like ON public.shipping_weightbased USING btree (name_nl varchar_pattern_ops);


--
-- Name: shipping_weightbased_name_ti_9ea63227_like; Type: INDEX; Schema: public; Owner: postgres
--

CREATE INDEX shipping_weightbased_name_ti_9ea63227_like ON public.shipping_weightbased USING btree (name_ti varchar_pattern_ops);


--
-- Name: shopfront_banner_partner_id_c8a4ee92; Type: INDEX; Schema: public; Owner: wenani_wereja
--

CREATE INDEX shopfront_banner_partner_id_c8a4ee92 ON public.shopfront_banner USING btree (partner_id);


--
-- Name: shopfront_banner_priority_7b23877d; Type: INDEX; Schema: public; Owner: wenani_wereja
--

CREATE INDEX shopfront_banner_priority_7b23877d ON public.shopfront_banner USING btree (priority);


--
-- Name: shopfront_notice_partner_id_5d27b436; Type: INDEX; Schema: public; Owner: wenani_wereja
--

CREATE INDEX shopfront_notice_partner_id_5d27b436 ON public.shopfront_notice USING btree (partner_id);


--
-- Name: shopfront_notice_priority_0484911a; Type: INDEX; Schema: public; Owner: wenani_wereja
--

CREATE INDEX shopfront_notice_priority_0484911a ON public.shopfront_notice USING btree (priority);


--
-- Name: shopfront_socialmedia_name_b2362455_like; Type: INDEX; Schema: public; Owner: wenani_wereja
--

CREATE INDEX shopfront_socialmedia_name_b2362455_like ON public.shopfront_socialmedia USING btree (name varchar_pattern_ops);


--
-- Name: shopfront_socialmedia_partner_id_3e1d44d3; Type: INDEX; Schema: public; Owner: wenani_wereja
--

CREATE INDEX shopfront_socialmedia_partner_id_3e1d44d3 ON public.shopfront_socialmedia USING btree (partner_id);


--
-- Name: socialaccount_socialaccount_user_id_8146e70c; Type: INDEX; Schema: public; Owner: wenani_wereja
--

CREATE INDEX socialaccount_socialaccount_user_id_8146e70c ON public.socialaccount_socialaccount USING btree (user_id);


--
-- Name: socialaccount_socialapp_sites_site_id_2579dee5; Type: INDEX; Schema: public; Owner: wenani_wereja
--

CREATE INDEX socialaccount_socialapp_sites_site_id_2579dee5 ON public.socialaccount_socialapp_sites USING btree (site_id);


--
-- Name: socialaccount_socialapp_sites_socialapp_id_97fb6e7d; Type: INDEX; Schema: public; Owner: wenani_wereja
--

CREATE INDEX socialaccount_socialapp_sites_socialapp_id_97fb6e7d ON public.socialaccount_socialapp_sites USING btree (socialapp_id);


--
-- Name: unique_authenticator_type; Type: INDEX; Schema: public; Owner: wenani_wereja
--

CREATE UNIQUE INDEX unique_authenticator_type ON public.mfa_authenticator USING btree (user_id, type) WHERE ((type)::text = ANY ((ARRAY['totp'::character varying, 'recovery_codes'::character varying])::text[]));


--
-- Name: unique_primary_email; Type: INDEX; Schema: public; Owner: wenani_wereja
--

CREATE UNIQUE INDEX unique_primary_email ON public.account_emailaddress USING btree (user_id, "primary") WHERE "primary";


--
-- Name: unique_verified_email; Type: INDEX; Schema: public; Owner: wenani_wereja
--

CREATE UNIQUE INDEX unique_verified_email ON public.account_emailaddress USING btree (email) WHERE verified;


--
-- Name: voucher_voucher_code_43d30a18_like; Type: INDEX; Schema: public; Owner: postgres
--

CREATE INDEX voucher_voucher_code_43d30a18_like ON public.voucher_voucher USING btree (code varchar_pattern_ops);


--
-- Name: voucher_voucher_date_created_f3081a03; Type: INDEX; Schema: public; Owner: postgres
--

CREATE INDEX voucher_voucher_date_created_f3081a03 ON public.voucher_voucher USING btree (date_created);


--
-- Name: voucher_voucher_end_datetime_db182297; Type: INDEX; Schema: public; Owner: postgres
--

CREATE INDEX voucher_voucher_end_datetime_db182297 ON public.voucher_voucher USING btree (end_datetime);


--
-- Name: voucher_voucher_name_b96d3b47_like; Type: INDEX; Schema: public; Owner: postgres
--

CREATE INDEX voucher_voucher_name_b96d3b47_like ON public.voucher_voucher USING btree (name varchar_pattern_ops);


--
-- Name: voucher_voucher_offers_conditionaloffer_id_f9682bfb; Type: INDEX; Schema: public; Owner: postgres
--

CREATE INDEX voucher_voucher_offers_conditionaloffer_id_f9682bfb ON public.voucher_voucher_offers USING btree (conditionaloffer_id);


--
-- Name: voucher_voucher_offers_voucher_id_7f9c575d; Type: INDEX; Schema: public; Owner: postgres
--

CREATE INDEX voucher_voucher_offers_voucher_id_7f9c575d ON public.voucher_voucher_offers USING btree (voucher_id);


--
-- Name: voucher_voucher_start_datetime_bfb7df84; Type: INDEX; Schema: public; Owner: postgres
--

CREATE INDEX voucher_voucher_start_datetime_bfb7df84 ON public.voucher_voucher USING btree (start_datetime);


--
-- Name: voucher_voucher_voucher_set_id_17b96a54; Type: INDEX; Schema: public; Owner: postgres
--

CREATE INDEX voucher_voucher_voucher_set_id_17b96a54 ON public.voucher_voucher USING btree (voucher_set_id);


--
-- Name: voucher_voucherapplication_date_created_2d9acdaf; Type: INDEX; Schema: public; Owner: postgres
--

CREATE INDEX voucher_voucherapplication_date_created_2d9acdaf ON public.voucher_voucherapplication USING btree (date_created);


--
-- Name: voucher_voucherapplication_order_id_30248a05; Type: INDEX; Schema: public; Owner: postgres
--

CREATE INDEX voucher_voucherapplication_order_id_30248a05 ON public.voucher_voucherapplication USING btree (order_id);


--
-- Name: voucher_voucherapplication_user_id_df53a393; Type: INDEX; Schema: public; Owner: postgres
--

CREATE INDEX voucher_voucherapplication_user_id_df53a393 ON public.voucher_voucherapplication USING btree (user_id);


--
-- Name: voucher_voucherapplication_voucher_id_5204edb7; Type: INDEX; Schema: public; Owner: postgres
--

CREATE INDEX voucher_voucherapplication_voucher_id_5204edb7 ON public.voucher_voucherapplication USING btree (voucher_id);


--
-- Name: voucher_voucherset_date_created_3dd68c8e; Type: INDEX; Schema: public; Owner: postgres
--

CREATE INDEX voucher_voucherset_date_created_3dd68c8e ON public.voucher_voucherset USING btree (date_created);


--
-- Name: voucher_voucherset_name_4c6aac05_like; Type: INDEX; Schema: public; Owner: postgres
--

CREATE INDEX voucher_voucherset_name_4c6aac05_like ON public.voucher_voucherset USING btree (name varchar_pattern_ops);


--
-- Name: wishlists_line_product_id_9d6d9b37; Type: INDEX; Schema: public; Owner: postgres
--

CREATE INDEX wishlists_line_product_id_9d6d9b37 ON public.wishlists_line USING btree (product_id);


--
-- Name: wishlists_line_wishlist_id_4cffe302; Type: INDEX; Schema: public; Owner: postgres
--

CREATE INDEX wishlists_line_wishlist_id_4cffe302 ON public.wishlists_line USING btree (wishlist_id);


--
-- Name: wishlists_wishlistsharedemail_wishlist_id_d7500842; Type: INDEX; Schema: public; Owner: postgres
--

CREATE INDEX wishlists_wishlistsharedemail_wishlist_id_d7500842 ON public.wishlists_wishlistsharedemail USING btree (wishlist_id);


--
-- Name: account_emailaddress account_emailaddress_user_id_2c513194_fk_auth_user_id; Type: FK CONSTRAINT; Schema: public; Owner: wenani_wereja
--

ALTER TABLE ONLY public.account_emailaddress
    ADD CONSTRAINT account_emailaddress_user_id_2c513194_fk_auth_user_id FOREIGN KEY (user_id) REFERENCES public.auth_user(id) DEFERRABLE INITIALLY DEFERRED;


--
-- Name: analytics_productrecord analytics_productrecord_product_id_dad3a871_fk; Type: FK CONSTRAINT; Schema: public; Owner: postgres
--

ALTER TABLE ONLY public.analytics_productrecord
    ADD CONSTRAINT analytics_productrecord_product_id_dad3a871_fk FOREIGN KEY (product_id) REFERENCES public.catalogue_product(id) DEFERRABLE INITIALLY DEFERRED;


--
-- Name: analytics_userproductview analytics_userproductview_product_id_a55b87ad_fk; Type: FK CONSTRAINT; Schema: public; Owner: postgres
--

ALTER TABLE ONLY public.analytics_userproductview
    ADD CONSTRAINT analytics_userproductview_product_id_a55b87ad_fk FOREIGN KEY (product_id) REFERENCES public.catalogue_product(id) DEFERRABLE INITIALLY DEFERRED;


--
-- Name: analytics_userproductview analytics_userproductview_user_id_5e49a8b1_fk_auth_user_id; Type: FK CONSTRAINT; Schema: public; Owner: postgres
--

ALTER TABLE ONLY public.analytics_userproductview
    ADD CONSTRAINT analytics_userproductview_user_id_5e49a8b1_fk_auth_user_id FOREIGN KEY (user_id) REFERENCES public.auth_user(id) DEFERRABLE INITIALLY DEFERRED;


--
-- Name: analytics_userrecord analytics_userrecord_user_id_702cff4c_fk_auth_user_id; Type: FK CONSTRAINT; Schema: public; Owner: postgres
--

ALTER TABLE ONLY public.analytics_userrecord
    ADD CONSTRAINT analytics_userrecord_user_id_702cff4c_fk_auth_user_id FOREIGN KEY (user_id) REFERENCES public.auth_user(id) DEFERRABLE INITIALLY DEFERRED;


--
-- Name: analytics_usersearch analytics_usersearch_user_id_1775992d_fk_auth_user_id; Type: FK CONSTRAINT; Schema: public; Owner: postgres
--

ALTER TABLE ONLY public.analytics_usersearch
    ADD CONSTRAINT analytics_usersearch_user_id_1775992d_fk_auth_user_id FOREIGN KEY (user_id) REFERENCES public.auth_user(id) DEFERRABLE INITIALLY DEFERRED;


--
-- Name: auth_group_permissions auth_group_permissio_permission_id_84c5c92e_fk_auth_perm; Type: FK CONSTRAINT; Schema: public; Owner: postgres
--

ALTER TABLE ONLY public.auth_group_permissions
    ADD CONSTRAINT auth_group_permissio_permission_id_84c5c92e_fk_auth_perm FOREIGN KEY (permission_id) REFERENCES public.auth_permission(id) DEFERRABLE INITIALLY DEFERRED;


--
-- Name: auth_group_permissions auth_group_permissions_group_id_b120cbf9_fk_auth_group_id; Type: FK CONSTRAINT; Schema: public; Owner: postgres
--

ALTER TABLE ONLY public.auth_group_permissions
    ADD CONSTRAINT auth_group_permissions_group_id_b120cbf9_fk_auth_group_id FOREIGN KEY (group_id) REFERENCES public.auth_group(id) DEFERRABLE INITIALLY DEFERRED;


--
-- Name: auth_permission auth_permission_content_type_id_2f476e4b_fk_django_co; Type: FK CONSTRAINT; Schema: public; Owner: postgres
--

ALTER TABLE ONLY public.auth_permission
    ADD CONSTRAINT auth_permission_content_type_id_2f476e4b_fk_django_co FOREIGN KEY (content_type_id) REFERENCES public.django_content_type(id) DEFERRABLE INITIALLY DEFERRED;


--
-- Name: auth_user_groups auth_user_groups_group_id_97559544_fk_auth_group_id; Type: FK CONSTRAINT; Schema: public; Owner: postgres
--

ALTER TABLE ONLY public.auth_user_groups
    ADD CONSTRAINT auth_user_groups_group_id_97559544_fk_auth_group_id FOREIGN KEY (group_id) REFERENCES public.auth_group(id) DEFERRABLE INITIALLY DEFERRED;


--
-- Name: auth_user_groups auth_user_groups_user_id_6a12ed8b_fk_auth_user_id; Type: FK CONSTRAINT; Schema: public; Owner: postgres
--

ALTER TABLE ONLY public.auth_user_groups
    ADD CONSTRAINT auth_user_groups_user_id_6a12ed8b_fk_auth_user_id FOREIGN KEY (user_id) REFERENCES public.auth_user(id) DEFERRABLE INITIALLY DEFERRED;


--
-- Name: auth_user_user_permissions auth_user_user_permi_permission_id_1fbb5f2c_fk_auth_perm; Type: FK CONSTRAINT; Schema: public; Owner: postgres
--

ALTER TABLE ONLY public.auth_user_user_permissions
    ADD CONSTRAINT auth_user_user_permi_permission_id_1fbb5f2c_fk_auth_perm FOREIGN KEY (permission_id) REFERENCES public.auth_permission(id) DEFERRABLE INITIALLY DEFERRED;


--
-- Name: auth_user_user_permissions auth_user_user_permissions_user_id_a95ead1b_fk_auth_user_id; Type: FK CONSTRAINT; Schema: public; Owner: postgres
--

ALTER TABLE ONLY public.auth_user_user_permissions
    ADD CONSTRAINT auth_user_user_permissions_user_id_a95ead1b_fk_auth_user_id FOREIGN KEY (user_id) REFERENCES public.auth_user(id) DEFERRABLE INITIALLY DEFERRED;


--
-- Name: basket_basket basket_basket_owner_id_3a018de5_fk_auth_user_id; Type: FK CONSTRAINT; Schema: public; Owner: postgres
--

ALTER TABLE ONLY public.basket_basket
    ADD CONSTRAINT basket_basket_owner_id_3a018de5_fk_auth_user_id FOREIGN KEY (owner_id) REFERENCES public.auth_user(id) DEFERRABLE INITIALLY DEFERRED;


--
-- Name: basket_line basket_line_basket_id_b615c905_fk; Type: FK CONSTRAINT; Schema: public; Owner: postgres
--

ALTER TABLE ONLY public.basket_line
    ADD CONSTRAINT basket_line_basket_id_b615c905_fk FOREIGN KEY (basket_id) REFERENCES public.basket_basket(id) DEFERRABLE INITIALLY DEFERRED;


--
-- Name: basket_line basket_line_product_id_303d743e_fk; Type: FK CONSTRAINT; Schema: public; Owner: postgres
--

ALTER TABLE ONLY public.basket_line
    ADD CONSTRAINT basket_line_product_id_303d743e_fk FOREIGN KEY (product_id) REFERENCES public.catalogue_product(id) DEFERRABLE INITIALLY DEFERRED;


--
-- Name: basket_line basket_line_stockrecord_id_7039d8a4_fk; Type: FK CONSTRAINT; Schema: public; Owner: postgres
--

ALTER TABLE ONLY public.basket_line
    ADD CONSTRAINT basket_line_stockrecord_id_7039d8a4_fk FOREIGN KEY (stockrecord_id) REFERENCES public.partner_stockrecord(id) DEFERRABLE INITIALLY DEFERRED;


--
-- Name: basket_lineattribute basket_lineattribute_line_id_c41e0cdf_fk; Type: FK CONSTRAINT; Schema: public; Owner: postgres
--

ALTER TABLE ONLY public.basket_lineattribute
    ADD CONSTRAINT basket_lineattribute_line_id_c41e0cdf_fk FOREIGN KEY (line_id) REFERENCES public.basket_line(id) DEFERRABLE INITIALLY DEFERRED;


--
-- Name: basket_lineattribute basket_lineattribute_option_id_9387a3f7_fk; Type: FK CONSTRAINT; Schema: public; Owner: postgres
--

ALTER TABLE ONLY public.basket_lineattribute
    ADD CONSTRAINT basket_lineattribute_option_id_9387a3f7_fk FOREIGN KEY (option_id) REFERENCES public.catalogue_option(id) DEFERRABLE INITIALLY DEFERRED;


--
-- Name: catalogue_attributeoption catalogue_attributeoption_group_id_3d4a5e24_fk; Type: FK CONSTRAINT; Schema: public; Owner: postgres
--

ALTER TABLE ONLY public.catalogue_attributeoption
    ADD CONSTRAINT catalogue_attributeoption_group_id_3d4a5e24_fk FOREIGN KEY (group_id) REFERENCES public.catalogue_attributeoptiongroup(id) DEFERRABLE INITIALLY DEFERRED;


--
-- Name: catalogue_option catalogue_option_option_group_id_2fd86269_fk; Type: FK CONSTRAINT; Schema: public; Owner: postgres
--

ALTER TABLE ONLY public.catalogue_option
    ADD CONSTRAINT catalogue_option_option_group_id_2fd86269_fk FOREIGN KEY (option_group_id) REFERENCES public.catalogue_attributeoptiongroup(id) DEFERRABLE INITIALLY DEFERRED;


--
-- Name: catalogue_product catalogue_product_parent_id_9bfd2382_fk; Type: FK CONSTRAINT; Schema: public; Owner: postgres
--

ALTER TABLE ONLY public.catalogue_product
    ADD CONSTRAINT catalogue_product_parent_id_9bfd2382_fk FOREIGN KEY (parent_id) REFERENCES public.catalogue_product(id) DEFERRABLE INITIALLY DEFERRED;


--
-- Name: catalogue_product catalogue_product_product_class_id_0c6c5b54_fk; Type: FK CONSTRAINT; Schema: public; Owner: postgres
--

ALTER TABLE ONLY public.catalogue_product
    ADD CONSTRAINT catalogue_product_product_class_id_0c6c5b54_fk FOREIGN KEY (product_class_id) REFERENCES public.catalogue_productclass(id) DEFERRABLE INITIALLY DEFERRED;


--
-- Name: catalogue_productattributevalue catalogue_productatt_entity_content_type__f7186ab5_fk_django_co; Type: FK CONSTRAINT; Schema: public; Owner: postgres
--

ALTER TABLE ONLY public.catalogue_productattributevalue
    ADD CONSTRAINT catalogue_productatt_entity_content_type__f7186ab5_fk_django_co FOREIGN KEY (entity_content_type_id) REFERENCES public.django_content_type(id) DEFERRABLE INITIALLY DEFERRED;


--
-- Name: catalogue_productattribute catalogue_productattribute_option_group_id_6b422dc2_fk; Type: FK CONSTRAINT; Schema: public; Owner: postgres
--

ALTER TABLE ONLY public.catalogue_productattribute
    ADD CONSTRAINT catalogue_productattribute_option_group_id_6b422dc2_fk FOREIGN KEY (option_group_id) REFERENCES public.catalogue_attributeoptiongroup(id) DEFERRABLE INITIALLY DEFERRED;


--
-- Name: catalogue_productattribute catalogue_productattribute_product_class_id_7af808ec_fk; Type: FK CONSTRAINT; Schema: public; Owner: postgres
--

ALTER TABLE ONLY public.catalogue_productattribute
    ADD CONSTRAINT catalogue_productattribute_product_class_id_7af808ec_fk FOREIGN KEY (product_class_id) REFERENCES public.catalogue_productclass(id) DEFERRABLE INITIALLY DEFERRED;


--
-- Name: catalogue_productattributevalue catalogue_productattributevalue_attribute_id_0287c1e7_fk; Type: FK CONSTRAINT; Schema: public; Owner: postgres
--

ALTER TABLE ONLY public.catalogue_productattributevalue
    ADD CONSTRAINT catalogue_productattributevalue_attribute_id_0287c1e7_fk FOREIGN KEY (attribute_id) REFERENCES public.catalogue_productattribute(id) DEFERRABLE INITIALLY DEFERRED;


--
-- Name: catalogue_productattributevalue catalogue_productattributevalue_product_id_a03cd90e_fk; Type: FK CONSTRAINT; Schema: public; Owner: postgres
--

ALTER TABLE ONLY public.catalogue_productattributevalue
    ADD CONSTRAINT catalogue_productattributevalue_product_id_a03cd90e_fk FOREIGN KEY (product_id) REFERENCES public.catalogue_product(id) DEFERRABLE INITIALLY DEFERRED;


--
-- Name: catalogue_productattributevalue catalogue_productattributevalue_value_option_id_21026066_fk; Type: FK CONSTRAINT; Schema: public; Owner: postgres
--

ALTER TABLE ONLY public.catalogue_productattributevalue
    ADD CONSTRAINT catalogue_productattributevalue_value_option_id_21026066_fk FOREIGN KEY (value_option_id) REFERENCES public.catalogue_attributeoption(id) DEFERRABLE INITIALLY DEFERRED;


--
-- Name: catalogue_productcategory catalogue_productcategory_category_id_176db535_fk; Type: FK CONSTRAINT; Schema: public; Owner: postgres
--

ALTER TABLE ONLY public.catalogue_productcategory
    ADD CONSTRAINT catalogue_productcategory_category_id_176db535_fk FOREIGN KEY (category_id) REFERENCES public.catalogue_category(id) DEFERRABLE INITIALLY DEFERRED;


--
-- Name: catalogue_productcategory catalogue_productcategory_product_id_846a4061_fk; Type: FK CONSTRAINT; Schema: public; Owner: postgres
--

ALTER TABLE ONLY public.catalogue_productcategory
    ADD CONSTRAINT catalogue_productcategory_product_id_846a4061_fk FOREIGN KEY (product_id) REFERENCES public.catalogue_product(id) DEFERRABLE INITIALLY DEFERRED;


--
-- Name: catalogue_productimage catalogue_productimage_product_id_49474fe8_fk; Type: FK CONSTRAINT; Schema: public; Owner: postgres
--

ALTER TABLE ONLY public.catalogue_productimage
    ADD CONSTRAINT catalogue_productimage_product_id_49474fe8_fk FOREIGN KEY (product_id) REFERENCES public.catalogue_product(id) DEFERRABLE INITIALLY DEFERRED;


--
-- Name: catalogue_productrecommendation catalogue_productrecommendation_primary_id_6e51a55c_fk; Type: FK CONSTRAINT; Schema: public; Owner: postgres
--

ALTER TABLE ONLY public.catalogue_productrecommendation
    ADD CONSTRAINT catalogue_productrecommendation_primary_id_6e51a55c_fk FOREIGN KEY (primary_id) REFERENCES public.catalogue_product(id) DEFERRABLE INITIALLY DEFERRED;


--
-- Name: catalogue_productrecommendation catalogue_productrecommendation_recommendation_id_daf8ae95_fk; Type: FK CONSTRAINT; Schema: public; Owner: postgres
--

ALTER TABLE ONLY public.catalogue_productrecommendation
    ADD CONSTRAINT catalogue_productrecommendation_recommendation_id_daf8ae95_fk FOREIGN KEY (recommendation_id) REFERENCES public.catalogue_product(id) DEFERRABLE INITIALLY DEFERRED;


--
-- Name: cookie_consent_cookie cookie_consent_cooki_cookiegroup_id_96c0ab4b_fk_cookie_co; Type: FK CONSTRAINT; Schema: public; Owner: wenani_wereja
--

ALTER TABLE ONLY public.cookie_consent_cookie
    ADD CONSTRAINT cookie_consent_cooki_cookiegroup_id_96c0ab4b_fk_cookie_co FOREIGN KEY (cookiegroup_id) REFERENCES public.cookie_consent_cookiegroup(id) DEFERRABLE INITIALLY DEFERRED;


--
-- Name: cookie_consent_logitem cookie_consent_logit_cookiegroup_id_3bfbe953_fk_cookie_co; Type: FK CONSTRAINT; Schema: public; Owner: wenani_wereja
--

ALTER TABLE ONLY public.cookie_consent_logitem
    ADD CONSTRAINT cookie_consent_logit_cookiegroup_id_3bfbe953_fk_cookie_co FOREIGN KEY (cookiegroup_id) REFERENCES public.cookie_consent_cookiegroup(id) DEFERRABLE INITIALLY DEFERRED;


--
-- Name: communication_email customer_email_user_id_a69ad588_fk_auth_user_id; Type: FK CONSTRAINT; Schema: public; Owner: postgres
--

ALTER TABLE ONLY public.communication_email
    ADD CONSTRAINT customer_email_user_id_a69ad588_fk_auth_user_id FOREIGN KEY (user_id) REFERENCES public.auth_user(id) DEFERRABLE INITIALLY DEFERRED;


--
-- Name: communication_notification customer_notification_recipient_id_d99de5c8_fk_auth_user_id; Type: FK CONSTRAINT; Schema: public; Owner: postgres
--

ALTER TABLE ONLY public.communication_notification
    ADD CONSTRAINT customer_notification_recipient_id_d99de5c8_fk_auth_user_id FOREIGN KEY (recipient_id) REFERENCES public.auth_user(id) DEFERRABLE INITIALLY DEFERRED;


--
-- Name: communication_notification customer_notification_sender_id_affa1632_fk_auth_user_id; Type: FK CONSTRAINT; Schema: public; Owner: postgres
--

ALTER TABLE ONLY public.communication_notification
    ADD CONSTRAINT customer_notification_sender_id_affa1632_fk_auth_user_id FOREIGN KEY (sender_id) REFERENCES public.auth_user(id) DEFERRABLE INITIALLY DEFERRED;


--
-- Name: django_admin_log django_admin_log_content_type_id_c4bce8eb_fk_django_co; Type: FK CONSTRAINT; Schema: public; Owner: postgres
--

ALTER TABLE ONLY public.django_admin_log
    ADD CONSTRAINT django_admin_log_content_type_id_c4bce8eb_fk_django_co FOREIGN KEY (content_type_id) REFERENCES public.django_content_type(id) DEFERRABLE INITIALLY DEFERRED;


--
-- Name: django_admin_log django_admin_log_user_id_c564eba6_fk_auth_user_id; Type: FK CONSTRAINT; Schema: public; Owner: postgres
--

ALTER TABLE ONLY public.django_admin_log
    ADD CONSTRAINT django_admin_log_user_id_c564eba6_fk_auth_user_id FOREIGN KEY (user_id) REFERENCES public.auth_user(id) DEFERRABLE INITIALLY DEFERRED;


--
-- Name: django_flatpage_sites django_flatpage_site_flatpage_id_078bbc8b_fk_django_fl; Type: FK CONSTRAINT; Schema: public; Owner: postgres
--

ALTER TABLE ONLY public.django_flatpage_sites
    ADD CONSTRAINT django_flatpage_site_flatpage_id_078bbc8b_fk_django_fl FOREIGN KEY (flatpage_id) REFERENCES public.django_flatpage(id) DEFERRABLE INITIALLY DEFERRED;


--
-- Name: django_flatpage_sites django_flatpage_sites_site_id_bfd8ea84_fk_django_site_id; Type: FK CONSTRAINT; Schema: public; Owner: postgres
--

ALTER TABLE ONLY public.django_flatpage_sites
    ADD CONSTRAINT django_flatpage_sites_site_id_bfd8ea84_fk_django_site_id FOREIGN KEY (site_id) REFERENCES public.django_site(id) DEFERRABLE INITIALLY DEFERRED;


--
-- Name: django_redirect django_redirect_site_id_c3e37341_fk_django_site_id; Type: FK CONSTRAINT; Schema: public; Owner: wenani_wereja
--

ALTER TABLE ONLY public.django_redirect
    ADD CONSTRAINT django_redirect_site_id_c3e37341_fk_django_site_id FOREIGN KEY (site_id) REFERENCES public.django_site(id) DEFERRABLE INITIALLY DEFERRED;


--
-- Name: mfa_authenticator mfa_authenticator_user_id_0c3a50c0_fk_auth_user_id; Type: FK CONSTRAINT; Schema: public; Owner: wenani_wereja
--

ALTER TABLE ONLY public.mfa_authenticator
    ADD CONSTRAINT mfa_authenticator_user_id_0c3a50c0_fk_auth_user_id FOREIGN KEY (user_id) REFERENCES public.auth_user(id) DEFERRABLE INITIALLY DEFERRED;


--
-- Name: offer_benefit offer_benefit_range_id_ab19c5ab_fk; Type: FK CONSTRAINT; Schema: public; Owner: postgres
--

ALTER TABLE ONLY public.offer_benefit
    ADD CONSTRAINT offer_benefit_range_id_ab19c5ab_fk FOREIGN KEY (range_id) REFERENCES public.offer_range(id) DEFERRABLE INITIALLY DEFERRED;


--
-- Name: offer_condition offer_condition_range_id_b023a2aa_fk; Type: FK CONSTRAINT; Schema: public; Owner: postgres
--

ALTER TABLE ONLY public.offer_condition
    ADD CONSTRAINT offer_condition_range_id_b023a2aa_fk FOREIGN KEY (range_id) REFERENCES public.offer_range(id) DEFERRABLE INITIALLY DEFERRED;


--
-- Name: offer_conditionaloffer offer_conditionaloffer_benefit_id_f43f68b5_fk; Type: FK CONSTRAINT; Schema: public; Owner: postgres
--

ALTER TABLE ONLY public.offer_conditionaloffer
    ADD CONSTRAINT offer_conditionaloffer_benefit_id_f43f68b5_fk FOREIGN KEY (benefit_id) REFERENCES public.offer_benefit(id) DEFERRABLE INITIALLY DEFERRED;


--
-- Name: offer_conditionaloffer offer_conditionaloffer_condition_id_e6baa945_fk; Type: FK CONSTRAINT; Schema: public; Owner: postgres
--

ALTER TABLE ONLY public.offer_conditionaloffer
    ADD CONSTRAINT offer_conditionaloffer_condition_id_e6baa945_fk FOREIGN KEY (condition_id) REFERENCES public.offer_condition(id) DEFERRABLE INITIALLY DEFERRED;


--
-- Name: offer_range_excluded_categories offer_range_excluded_category_id_c16fd4f7_fk_catalogue; Type: FK CONSTRAINT; Schema: public; Owner: wenani_wereja
--

ALTER TABLE ONLY public.offer_range_excluded_categories
    ADD CONSTRAINT offer_range_excluded_category_id_c16fd4f7_fk_catalogue FOREIGN KEY (category_id) REFERENCES public.catalogue_category(id) DEFERRABLE INITIALLY DEFERRED;


--
-- Name: offer_range_excluded_categories offer_range_excluded_range_id_6346945d_fk_offer_ran; Type: FK CONSTRAINT; Schema: public; Owner: wenani_wereja
--

ALTER TABLE ONLY public.offer_range_excluded_categories
    ADD CONSTRAINT offer_range_excluded_range_id_6346945d_fk_offer_ran FOREIGN KEY (range_id) REFERENCES public.offer_range(id) DEFERRABLE INITIALLY DEFERRED;


--
-- Name: offer_rangeproduct offer_rangeproduct_product_id_723b3ea3_fk; Type: FK CONSTRAINT; Schema: public; Owner: postgres
--

ALTER TABLE ONLY public.offer_rangeproduct
    ADD CONSTRAINT offer_rangeproduct_product_id_723b3ea3_fk FOREIGN KEY (product_id) REFERENCES public.catalogue_product(id) DEFERRABLE INITIALLY DEFERRED;


--
-- Name: offer_rangeproduct offer_rangeproduct_range_id_ee358495_fk; Type: FK CONSTRAINT; Schema: public; Owner: postgres
--

ALTER TABLE ONLY public.offer_rangeproduct
    ADD CONSTRAINT offer_rangeproduct_range_id_ee358495_fk FOREIGN KEY (range_id) REFERENCES public.offer_range(id) DEFERRABLE INITIALLY DEFERRED;


--
-- Name: offer_rangeproductfileupload offer_rangeproductfi_uploaded_by_id_c01a3250_fk_auth_user; Type: FK CONSTRAINT; Schema: public; Owner: postgres
--

ALTER TABLE ONLY public.offer_rangeproductfileupload
    ADD CONSTRAINT offer_rangeproductfi_uploaded_by_id_c01a3250_fk_auth_user FOREIGN KEY (uploaded_by_id) REFERENCES public.auth_user(id) DEFERRABLE INITIALLY DEFERRED;


--
-- Name: offer_rangeproductfileupload offer_rangeproductfileupload_range_id_c055ebf8_fk; Type: FK CONSTRAINT; Schema: public; Owner: postgres
--

ALTER TABLE ONLY public.offer_rangeproductfileupload
    ADD CONSTRAINT offer_rangeproductfileupload_range_id_c055ebf8_fk FOREIGN KEY (range_id) REFERENCES public.offer_range(id) DEFERRABLE INITIALLY DEFERRED;


--
-- Name: order_billingaddress order_billingaddress_country_id_17f57dca_fk_address_c; Type: FK CONSTRAINT; Schema: public; Owner: postgres
--

ALTER TABLE ONLY public.order_billingaddress
    ADD CONSTRAINT order_billingaddress_country_id_17f57dca_fk_address_c FOREIGN KEY (country_id) REFERENCES public.address_country(iso_3166_1_a2) DEFERRABLE INITIALLY DEFERRED;


--
-- Name: order_communicationevent order_communicationevent_event_type_id_4bc9ee29_fk; Type: FK CONSTRAINT; Schema: public; Owner: postgres
--

ALTER TABLE ONLY public.order_communicationevent
    ADD CONSTRAINT order_communicationevent_event_type_id_4bc9ee29_fk FOREIGN KEY (event_type_id) REFERENCES public.communication_communicationeventtype(id) DEFERRABLE INITIALLY DEFERRED;


--
-- Name: order_communicationevent order_communicationevent_order_id_94e784ac_fk; Type: FK CONSTRAINT; Schema: public; Owner: postgres
--

ALTER TABLE ONLY public.order_communicationevent
    ADD CONSTRAINT order_communicationevent_order_id_94e784ac_fk FOREIGN KEY (order_id) REFERENCES public.order_order(id) DEFERRABLE INITIALLY DEFERRED;


--
-- Name: order_line order_line_order_id_b9148391_fk; Type: FK CONSTRAINT; Schema: public; Owner: postgres
--

ALTER TABLE ONLY public.order_line
    ADD CONSTRAINT order_line_order_id_b9148391_fk FOREIGN KEY (order_id) REFERENCES public.order_order(id) DEFERRABLE INITIALLY DEFERRED;


--
-- Name: order_line order_line_partner_id_258a2fb9_fk; Type: FK CONSTRAINT; Schema: public; Owner: postgres
--

ALTER TABLE ONLY public.order_line
    ADD CONSTRAINT order_line_partner_id_258a2fb9_fk FOREIGN KEY (partner_id) REFERENCES public.partner_partner(id) DEFERRABLE INITIALLY DEFERRED;


--
-- Name: order_line order_line_product_id_e620902d_fk; Type: FK CONSTRAINT; Schema: public; Owner: postgres
--

ALTER TABLE ONLY public.order_line
    ADD CONSTRAINT order_line_product_id_e620902d_fk FOREIGN KEY (product_id) REFERENCES public.catalogue_product(id) DEFERRABLE INITIALLY DEFERRED;


--
-- Name: order_line order_line_stockrecord_id_1d65aff5_fk; Type: FK CONSTRAINT; Schema: public; Owner: postgres
--

ALTER TABLE ONLY public.order_line
    ADD CONSTRAINT order_line_stockrecord_id_1d65aff5_fk FOREIGN KEY (stockrecord_id) REFERENCES public.partner_stockrecord(id) DEFERRABLE INITIALLY DEFERRED;


--
-- Name: order_lineattribute order_lineattribute_line_id_adf6dd87_fk; Type: FK CONSTRAINT; Schema: public; Owner: postgres
--

ALTER TABLE ONLY public.order_lineattribute
    ADD CONSTRAINT order_lineattribute_line_id_adf6dd87_fk FOREIGN KEY (line_id) REFERENCES public.order_line(id) DEFERRABLE INITIALLY DEFERRED;


--
-- Name: order_lineattribute order_lineattribute_option_id_b54d597c_fk; Type: FK CONSTRAINT; Schema: public; Owner: postgres
--

ALTER TABLE ONLY public.order_lineattribute
    ADD CONSTRAINT order_lineattribute_option_id_b54d597c_fk FOREIGN KEY (option_id) REFERENCES public.catalogue_option(id) DEFERRABLE INITIALLY DEFERRED;


--
-- Name: order_lineprice order_lineprice_line_id_2de52446_fk; Type: FK CONSTRAINT; Schema: public; Owner: postgres
--

ALTER TABLE ONLY public.order_lineprice
    ADD CONSTRAINT order_lineprice_line_id_2de52446_fk FOREIGN KEY (line_id) REFERENCES public.order_line(id) DEFERRABLE INITIALLY DEFERRED;


--
-- Name: order_lineprice order_lineprice_order_id_66792e56_fk; Type: FK CONSTRAINT; Schema: public; Owner: postgres
--

ALTER TABLE ONLY public.order_lineprice
    ADD CONSTRAINT order_lineprice_order_id_66792e56_fk FOREIGN KEY (order_id) REFERENCES public.order_order(id) DEFERRABLE INITIALLY DEFERRED;


--
-- Name: order_order order_order_basket_id_8b0acbb2_fk; Type: FK CONSTRAINT; Schema: public; Owner: postgres
--

ALTER TABLE ONLY public.order_order
    ADD CONSTRAINT order_order_basket_id_8b0acbb2_fk FOREIGN KEY (basket_id) REFERENCES public.basket_basket(id) DEFERRABLE INITIALLY DEFERRED;


--
-- Name: order_order order_order_billing_address_id_8fe537cf_fk; Type: FK CONSTRAINT; Schema: public; Owner: postgres
--

ALTER TABLE ONLY public.order_order
    ADD CONSTRAINT order_order_billing_address_id_8fe537cf_fk FOREIGN KEY (billing_address_id) REFERENCES public.order_billingaddress(id) DEFERRABLE INITIALLY DEFERRED;


--
-- Name: order_order order_order_shipping_address_id_57e64931_fk; Type: FK CONSTRAINT; Schema: public; Owner: postgres
--

ALTER TABLE ONLY public.order_order
    ADD CONSTRAINT order_order_shipping_address_id_57e64931_fk FOREIGN KEY (shipping_address_id) REFERENCES public.order_shippingaddress(id) DEFERRABLE INITIALLY DEFERRED;


--
-- Name: order_order order_order_site_id_e27f3526_fk_django_site_id; Type: FK CONSTRAINT; Schema: public; Owner: postgres
--

ALTER TABLE ONLY public.order_order
    ADD CONSTRAINT order_order_site_id_e27f3526_fk_django_site_id FOREIGN KEY (site_id) REFERENCES public.django_site(id) DEFERRABLE INITIALLY DEFERRED;


--
-- Name: order_order order_order_user_id_7cf9bc2b_fk_auth_user_id; Type: FK CONSTRAINT; Schema: public; Owner: postgres
--

ALTER TABLE ONLY public.order_order
    ADD CONSTRAINT order_order_user_id_7cf9bc2b_fk_auth_user_id FOREIGN KEY (user_id) REFERENCES public.auth_user(id) DEFERRABLE INITIALLY DEFERRED;


--
-- Name: order_orderdiscount order_orderdiscount_order_id_bc91e123_fk; Type: FK CONSTRAINT; Schema: public; Owner: postgres
--

ALTER TABLE ONLY public.order_orderdiscount
    ADD CONSTRAINT order_orderdiscount_order_id_bc91e123_fk FOREIGN KEY (order_id) REFERENCES public.order_order(id) DEFERRABLE INITIALLY DEFERRED;


--
-- Name: order_orderlinediscount order_orderlinedisco_order_discount_id_b9dfa715_fk_order_ord; Type: FK CONSTRAINT; Schema: public; Owner: postgres
--

ALTER TABLE ONLY public.order_orderlinediscount
    ADD CONSTRAINT order_orderlinedisco_order_discount_id_b9dfa715_fk_order_ord FOREIGN KEY (order_discount_id) REFERENCES public.order_orderdiscount(id) DEFERRABLE INITIALLY DEFERRED;


--
-- Name: order_orderlinediscount order_orderlinediscount_line_id_88fbcd4a_fk_order_line_id; Type: FK CONSTRAINT; Schema: public; Owner: postgres
--

ALTER TABLE ONLY public.order_orderlinediscount
    ADD CONSTRAINT order_orderlinediscount_line_id_88fbcd4a_fk_order_line_id FOREIGN KEY (line_id) REFERENCES public.order_line(id) DEFERRABLE INITIALLY DEFERRED;


--
-- Name: order_ordernote order_ordernote_order_id_7d97583d_fk; Type: FK CONSTRAINT; Schema: public; Owner: postgres
--

ALTER TABLE ONLY public.order_ordernote
    ADD CONSTRAINT order_ordernote_order_id_7d97583d_fk FOREIGN KEY (order_id) REFERENCES public.order_order(id) DEFERRABLE INITIALLY DEFERRED;


--
-- Name: order_ordernote order_ordernote_user_id_48d7a672_fk_auth_user_id; Type: FK CONSTRAINT; Schema: public; Owner: postgres
--

ALTER TABLE ONLY public.order_ordernote
    ADD CONSTRAINT order_ordernote_user_id_48d7a672_fk_auth_user_id FOREIGN KEY (user_id) REFERENCES public.auth_user(id) DEFERRABLE INITIALLY DEFERRED;


--
-- Name: order_orderstatuschange order_orderstatuschange_order_id_43efdbe5_fk; Type: FK CONSTRAINT; Schema: public; Owner: postgres
--

ALTER TABLE ONLY public.order_orderstatuschange
    ADD CONSTRAINT order_orderstatuschange_order_id_43efdbe5_fk FOREIGN KEY (order_id) REFERENCES public.order_order(id) DEFERRABLE INITIALLY DEFERRED;


--
-- Name: order_paymentevent order_paymentevent_event_type_id_568c7161_fk; Type: FK CONSTRAINT; Schema: public; Owner: postgres
--

ALTER TABLE ONLY public.order_paymentevent
    ADD CONSTRAINT order_paymentevent_event_type_id_568c7161_fk FOREIGN KEY (event_type_id) REFERENCES public.order_paymenteventtype(id) DEFERRABLE INITIALLY DEFERRED;


--
-- Name: order_paymentevent order_paymentevent_order_id_395b3e82_fk; Type: FK CONSTRAINT; Schema: public; Owner: postgres
--

ALTER TABLE ONLY public.order_paymentevent
    ADD CONSTRAINT order_paymentevent_order_id_395b3e82_fk FOREIGN KEY (order_id) REFERENCES public.order_order(id) DEFERRABLE INITIALLY DEFERRED;


--
-- Name: order_paymentevent order_paymentevent_shipping_event_id_213dcfb8_fk; Type: FK CONSTRAINT; Schema: public; Owner: postgres
--

ALTER TABLE ONLY public.order_paymentevent
    ADD CONSTRAINT order_paymentevent_shipping_event_id_213dcfb8_fk FOREIGN KEY (shipping_event_id) REFERENCES public.order_shippingevent(id) DEFERRABLE INITIALLY DEFERRED;


--
-- Name: order_paymenteventquantity order_paymenteventquantity_event_id_a540165a_fk; Type: FK CONSTRAINT; Schema: public; Owner: postgres
--

ALTER TABLE ONLY public.order_paymenteventquantity
    ADD CONSTRAINT order_paymenteventquantity_event_id_a540165a_fk FOREIGN KEY (event_id) REFERENCES public.order_paymentevent(id) DEFERRABLE INITIALLY DEFERRED;


--
-- Name: order_paymenteventquantity order_paymenteventquantity_line_id_df44b021_fk; Type: FK CONSTRAINT; Schema: public; Owner: postgres
--

ALTER TABLE ONLY public.order_paymenteventquantity
    ADD CONSTRAINT order_paymenteventquantity_line_id_df44b021_fk FOREIGN KEY (line_id) REFERENCES public.order_line(id) DEFERRABLE INITIALLY DEFERRED;


--
-- Name: order_shippingaddress order_shippingaddres_country_id_29abf9a0_fk_address_c; Type: FK CONSTRAINT; Schema: public; Owner: postgres
--

ALTER TABLE ONLY public.order_shippingaddress
    ADD CONSTRAINT order_shippingaddres_country_id_29abf9a0_fk_address_c FOREIGN KEY (country_id) REFERENCES public.address_country(iso_3166_1_a2) DEFERRABLE INITIALLY DEFERRED;


--
-- Name: order_shippingevent order_shippingevent_event_type_id_9f1efb20_fk; Type: FK CONSTRAINT; Schema: public; Owner: postgres
--

ALTER TABLE ONLY public.order_shippingevent
    ADD CONSTRAINT order_shippingevent_event_type_id_9f1efb20_fk FOREIGN KEY (event_type_id) REFERENCES public.order_shippingeventtype(id) DEFERRABLE INITIALLY DEFERRED;


--
-- Name: order_shippingevent order_shippingevent_order_id_8c031fb6_fk; Type: FK CONSTRAINT; Schema: public; Owner: postgres
--

ALTER TABLE ONLY public.order_shippingevent
    ADD CONSTRAINT order_shippingevent_order_id_8c031fb6_fk FOREIGN KEY (order_id) REFERENCES public.order_order(id) DEFERRABLE INITIALLY DEFERRED;


--
-- Name: order_shippingeventquantity order_shippingeventquantity_event_id_1c7fb9c7_fk; Type: FK CONSTRAINT; Schema: public; Owner: postgres
--

ALTER TABLE ONLY public.order_shippingeventquantity
    ADD CONSTRAINT order_shippingeventquantity_event_id_1c7fb9c7_fk FOREIGN KEY (event_id) REFERENCES public.order_shippingevent(id) DEFERRABLE INITIALLY DEFERRED;


--
-- Name: order_shippingeventquantity order_shippingeventquantity_line_id_3b089ee0_fk; Type: FK CONSTRAINT; Schema: public; Owner: postgres
--

ALTER TABLE ONLY public.order_shippingeventquantity
    ADD CONSTRAINT order_shippingeventquantity_line_id_3b089ee0_fk FOREIGN KEY (line_id) REFERENCES public.order_line(id) DEFERRABLE INITIALLY DEFERRED;


--
-- Name: order_surcharge order_surcharge_order_id_5c0a94f5_fk; Type: FK CONSTRAINT; Schema: public; Owner: postgres
--

ALTER TABLE ONLY public.order_surcharge
    ADD CONSTRAINT order_surcharge_order_id_5c0a94f5_fk FOREIGN KEY (order_id) REFERENCES public.order_order(id) DEFERRABLE INITIALLY DEFERRED;


--
-- Name: partner_partner_users partner_partner_users_user_id_d75d6e40_fk_auth_user_id; Type: FK CONSTRAINT; Schema: public; Owner: postgres
--

ALTER TABLE ONLY public.partner_partner_users
    ADD CONSTRAINT partner_partner_users_user_id_d75d6e40_fk_auth_user_id FOREIGN KEY (user_id) REFERENCES public.auth_user(id) DEFERRABLE INITIALLY DEFERRED;


--
-- Name: partner_partneraddress partner_partneraddre_country_id_02c4f979_fk_address_c; Type: FK CONSTRAINT; Schema: public; Owner: postgres
--

ALTER TABLE ONLY public.partner_partneraddress
    ADD CONSTRAINT partner_partneraddre_country_id_02c4f979_fk_address_c FOREIGN KEY (country_id) REFERENCES public.address_country(iso_3166_1_a2) DEFERRABLE INITIALLY DEFERRED;


--
-- Name: partner_partneraddress partner_partneraddress_partner_id_59551b0a_fk; Type: FK CONSTRAINT; Schema: public; Owner: postgres
--

ALTER TABLE ONLY public.partner_partneraddress
    ADD CONSTRAINT partner_partneraddress_partner_id_59551b0a_fk FOREIGN KEY (partner_id) REFERENCES public.partner_partner(id) DEFERRABLE INITIALLY DEFERRED;


--
-- Name: partner_stockalert partner_stockalert_stockrecord_id_68ad503a_fk; Type: FK CONSTRAINT; Schema: public; Owner: postgres
--

ALTER TABLE ONLY public.partner_stockalert
    ADD CONSTRAINT partner_stockalert_stockrecord_id_68ad503a_fk FOREIGN KEY (stockrecord_id) REFERENCES public.partner_stockrecord(id) DEFERRABLE INITIALLY DEFERRED;


--
-- Name: partner_stockrecord partner_stockrecord_partner_id_4155a586_fk; Type: FK CONSTRAINT; Schema: public; Owner: postgres
--

ALTER TABLE ONLY public.partner_stockrecord
    ADD CONSTRAINT partner_stockrecord_partner_id_4155a586_fk FOREIGN KEY (partner_id) REFERENCES public.partner_partner(id) DEFERRABLE INITIALLY DEFERRED;


--
-- Name: partner_stockrecord partner_stockrecord_product_id_62fd9e45_fk; Type: FK CONSTRAINT; Schema: public; Owner: postgres
--

ALTER TABLE ONLY public.partner_stockrecord
    ADD CONSTRAINT partner_stockrecord_product_id_62fd9e45_fk FOREIGN KEY (product_id) REFERENCES public.catalogue_product(id) DEFERRABLE INITIALLY DEFERRED;


--
-- Name: payment_bankcard payment_bankcard_user_id_08e1d04c_fk_auth_user_id; Type: FK CONSTRAINT; Schema: public; Owner: postgres
--

ALTER TABLE ONLY public.payment_bankcard
    ADD CONSTRAINT payment_bankcard_user_id_08e1d04c_fk_auth_user_id FOREIGN KEY (user_id) REFERENCES public.auth_user(id) DEFERRABLE INITIALLY DEFERRED;


--
-- Name: payment_source payment_source_order_id_6b7f2215_fk; Type: FK CONSTRAINT; Schema: public; Owner: postgres
--

ALTER TABLE ONLY public.payment_source
    ADD CONSTRAINT payment_source_order_id_6b7f2215_fk FOREIGN KEY (order_id) REFERENCES public.order_order(id) DEFERRABLE INITIALLY DEFERRED;


--
-- Name: payment_source payment_source_source_type_id_700828fe_fk; Type: FK CONSTRAINT; Schema: public; Owner: postgres
--

ALTER TABLE ONLY public.payment_source
    ADD CONSTRAINT payment_source_source_type_id_700828fe_fk FOREIGN KEY (source_type_id) REFERENCES public.payment_sourcetype(id) DEFERRABLE INITIALLY DEFERRED;


--
-- Name: payment_transaction payment_transaction_source_id_c5ac31e8_fk; Type: FK CONSTRAINT; Schema: public; Owner: postgres
--

ALTER TABLE ONLY public.payment_transaction
    ADD CONSTRAINT payment_transaction_source_id_c5ac31e8_fk FOREIGN KEY (source_id) REFERENCES public.payment_source(id) DEFERRABLE INITIALLY DEFERRED;


--
-- Name: reviews_productreview reviews_productrevie_product_id_52e52a32_fk_catalogue; Type: FK CONSTRAINT; Schema: public; Owner: postgres
--

ALTER TABLE ONLY public.reviews_productreview
    ADD CONSTRAINT reviews_productrevie_product_id_52e52a32_fk_catalogue FOREIGN KEY (product_id) REFERENCES public.catalogue_product(id) DEFERRABLE INITIALLY DEFERRED;


--
-- Name: reviews_productreview reviews_productreview_user_id_8acb5ddd_fk_auth_user_id; Type: FK CONSTRAINT; Schema: public; Owner: postgres
--

ALTER TABLE ONLY public.reviews_productreview
    ADD CONSTRAINT reviews_productreview_user_id_8acb5ddd_fk_auth_user_id FOREIGN KEY (user_id) REFERENCES public.auth_user(id) DEFERRABLE INITIALLY DEFERRED;


--
-- Name: reviews_vote reviews_vote_review_id_371b2d8d_fk; Type: FK CONSTRAINT; Schema: public; Owner: postgres
--

ALTER TABLE ONLY public.reviews_vote
    ADD CONSTRAINT reviews_vote_review_id_371b2d8d_fk FOREIGN KEY (review_id) REFERENCES public.reviews_productreview(id) DEFERRABLE INITIALLY DEFERRED;


--
-- Name: reviews_vote reviews_vote_user_id_5fb87b53_fk_auth_user_id; Type: FK CONSTRAINT; Schema: public; Owner: postgres
--

ALTER TABLE ONLY public.reviews_vote
    ADD CONSTRAINT reviews_vote_user_id_5fb87b53_fk_auth_user_id FOREIGN KEY (user_id) REFERENCES public.auth_user(id) DEFERRABLE INITIALLY DEFERRED;


--
-- Name: shipping_orderanditemcharges_countries shipping_orderandite_country_id_30387f2e_fk_address_c; Type: FK CONSTRAINT; Schema: public; Owner: postgres
--

ALTER TABLE ONLY public.shipping_orderanditemcharges_countries
    ADD CONSTRAINT shipping_orderandite_country_id_30387f2e_fk_address_c FOREIGN KEY (country_id) REFERENCES public.address_country(iso_3166_1_a2) DEFERRABLE INITIALLY DEFERRED;


--
-- Name: shipping_weightband shipping_weightband_method_id_b699a1ba_fk; Type: FK CONSTRAINT; Schema: public; Owner: postgres
--

ALTER TABLE ONLY public.shipping_weightband
    ADD CONSTRAINT shipping_weightband_method_id_b699a1ba_fk FOREIGN KEY (method_id) REFERENCES public.shipping_weightbased(id) DEFERRABLE INITIALLY DEFERRED;


--
-- Name: shipping_weightbased_countries shipping_weightbased_country_id_06117384_fk_address_c; Type: FK CONSTRAINT; Schema: public; Owner: postgres
--

ALTER TABLE ONLY public.shipping_weightbased_countries
    ADD CONSTRAINT shipping_weightbased_country_id_06117384_fk_address_c FOREIGN KEY (country_id) REFERENCES public.address_country(iso_3166_1_a2) DEFERRABLE INITIALLY DEFERRED;


--
-- Name: shopfront_banner shopfront_banner_partner_id_c8a4ee92_fk_partner_partner_id; Type: FK CONSTRAINT; Schema: public; Owner: wenani_wereja
--

ALTER TABLE ONLY public.shopfront_banner
    ADD CONSTRAINT shopfront_banner_partner_id_c8a4ee92_fk_partner_partner_id FOREIGN KEY (partner_id) REFERENCES public.partner_partner(id) DEFERRABLE INITIALLY DEFERRED;


--
-- Name: shopfront_notice shopfront_notice_partner_id_5d27b436_fk_partner_partner_id; Type: FK CONSTRAINT; Schema: public; Owner: wenani_wereja
--

ALTER TABLE ONLY public.shopfront_notice
    ADD CONSTRAINT shopfront_notice_partner_id_5d27b436_fk_partner_partner_id FOREIGN KEY (partner_id) REFERENCES public.partner_partner(id) DEFERRABLE INITIALLY DEFERRED;


--
-- Name: shopfront_socialmedia shopfront_socialmedia_partner_id_3e1d44d3_fk_partner_partner_id; Type: FK CONSTRAINT; Schema: public; Owner: wenani_wereja
--

ALTER TABLE ONLY public.shopfront_socialmedia
    ADD CONSTRAINT shopfront_socialmedia_partner_id_3e1d44d3_fk_partner_partner_id FOREIGN KEY (partner_id) REFERENCES public.partner_partner(id) DEFERRABLE INITIALLY DEFERRED;


--
-- Name: socialaccount_socialapp_sites socialaccount_social_site_id_2579dee5_fk_django_si; Type: FK CONSTRAINT; Schema: public; Owner: wenani_wereja
--

ALTER TABLE ONLY public.socialaccount_socialapp_sites
    ADD CONSTRAINT socialaccount_social_site_id_2579dee5_fk_django_si FOREIGN KEY (site_id) REFERENCES public.django_site(id) DEFERRABLE INITIALLY DEFERRED;


--
-- Name: socialaccount_socialapp_sites socialaccount_social_socialapp_id_97fb6e7d_fk_socialacc; Type: FK CONSTRAINT; Schema: public; Owner: wenani_wereja
--

ALTER TABLE ONLY public.socialaccount_socialapp_sites
    ADD CONSTRAINT socialaccount_social_socialapp_id_97fb6e7d_fk_socialacc FOREIGN KEY (socialapp_id) REFERENCES public.socialaccount_socialapp(id) DEFERRABLE INITIALLY DEFERRED;


--
-- Name: socialaccount_socialaccount socialaccount_socialaccount_user_id_8146e70c_fk_auth_user_id; Type: FK CONSTRAINT; Schema: public; Owner: wenani_wereja
--

ALTER TABLE ONLY public.socialaccount_socialaccount
    ADD CONSTRAINT socialaccount_socialaccount_user_id_8146e70c_fk_auth_user_id FOREIGN KEY (user_id) REFERENCES public.auth_user(id) DEFERRABLE INITIALLY DEFERRED;


--
-- Name: voucher_voucher voucher_voucher_voucher_set_id_17b96a54_fk; Type: FK CONSTRAINT; Schema: public; Owner: postgres
--

ALTER TABLE ONLY public.voucher_voucher
    ADD CONSTRAINT voucher_voucher_voucher_set_id_17b96a54_fk FOREIGN KEY (voucher_set_id) REFERENCES public.voucher_voucherset(id) DEFERRABLE INITIALLY DEFERRED;


--
-- Name: voucher_voucherapplication voucher_voucherapplication_order_id_30248a05_fk; Type: FK CONSTRAINT; Schema: public; Owner: postgres
--

ALTER TABLE ONLY public.voucher_voucherapplication
    ADD CONSTRAINT voucher_voucherapplication_order_id_30248a05_fk FOREIGN KEY (order_id) REFERENCES public.order_order(id) DEFERRABLE INITIALLY DEFERRED;


--
-- Name: voucher_voucherapplication voucher_voucherapplication_user_id_df53a393_fk_auth_user_id; Type: FK CONSTRAINT; Schema: public; Owner: postgres
--

ALTER TABLE ONLY public.voucher_voucherapplication
    ADD CONSTRAINT voucher_voucherapplication_user_id_df53a393_fk_auth_user_id FOREIGN KEY (user_id) REFERENCES public.auth_user(id) DEFERRABLE INITIALLY DEFERRED;


--
-- Name: voucher_voucherapplication voucher_voucherapplication_voucher_id_5204edb7_fk; Type: FK CONSTRAINT; Schema: public; Owner: postgres
--

ALTER TABLE ONLY public.voucher_voucherapplication
    ADD CONSTRAINT voucher_voucherapplication_voucher_id_5204edb7_fk FOREIGN KEY (voucher_id) REFERENCES public.voucher_voucher(id) DEFERRABLE INITIALLY DEFERRED;


--
-- Name: wishlists_line wishlists_line_product_id_9d6d9b37_fk_catalogue_product_id; Type: FK CONSTRAINT; Schema: public; Owner: postgres
--

ALTER TABLE ONLY public.wishlists_line
    ADD CONSTRAINT wishlists_line_product_id_9d6d9b37_fk_catalogue_product_id FOREIGN KEY (product_id) REFERENCES public.catalogue_product(id) DEFERRABLE INITIALLY DEFERRED;


--
-- Name: wishlists_line wishlists_line_wishlist_id_4cffe302_fk; Type: FK CONSTRAINT; Schema: public; Owner: postgres
--

ALTER TABLE ONLY public.wishlists_line
    ADD CONSTRAINT wishlists_line_wishlist_id_4cffe302_fk FOREIGN KEY (wishlist_id) REFERENCES public.wishlists_wishlist(id) DEFERRABLE INITIALLY DEFERRED;


--
-- Name: wishlists_wishlistsharedemail wishlists_wishlistsharedemail_wishlist_id_d7500842_fk; Type: FK CONSTRAINT; Schema: public; Owner: postgres
--

ALTER TABLE ONLY public.wishlists_wishlistsharedemail
    ADD CONSTRAINT wishlists_wishlistsharedemail_wishlist_id_d7500842_fk FOREIGN KEY (wishlist_id) REFERENCES public.wishlists_wishlist(id) DEFERRABLE INITIALLY DEFERRED;


--
--

