1015	መረጋገጺ ትእዛዝ (#101042)	ሰላም Isaak,\n\n\nትእዛዝኪ(ካ) (#101042) በጺሕና ኣሎ። ኣብ ሓጺር ጊዜ ከነመስርሖ ኢና።\n\nትሕዝቶ ናይ'ቲ ትእዛዝ፥\n\n * ህያብ ፍረታት - ብዝሒ፥ 2 - ዋጋ፥ €18.02\n * ሜስ - ብዝሒ፥ 1 - ዋጋ፥ €13.25\n * ራያ ዙርያ - ብዝሒ፥ 1 - ዋጋ፥ €447.70\n\nጠቕላላ ዋጋ ኣቕሑት፥ €478.97\nመስደዲ €14.52\nድምር ዋጋ፥ €493.49\n\nዝስደዶ ኣድራሻ፥\n\n  Isaak Yosef\n  Rietveldlaan 10\n  Wageningen\n  6708 SB\n  Netherlands\n\n\n\n\nብዛዕባ ኩነታት ትእዛዝኪ(ካ) ኣብ ዝስዕብ ገጽ ምክትታል ይከኣልዩ፥\nhttp://wereja.com/ti/accounts/orders/101042/\n\n\nወነንቲ ዱካን\n	\n<!DOCTYPE html PUBLIC "-//W3C//DTD XHTML 1.0 Transitional//EN" "http://www.w3.org/TR/xhtml1/DTD/xhtml1-transitional.dtd">\n<html xmlns="http://www.w3.org/1999/xhtml">\n    <head>\n        <meta name="viewport" content="width=device-width" />\n        <meta http-equiv="Content-Type" content="text/html; charset=UTF-8" />\n        <style>\n            * {\n              margin: 0;\n              font-family: "Helvetica Neue", Helvetica, Arial, sans-serif;\n              box-sizing: border-box;\n              font-size: 14px;\n            }\n\n            img {\n              max-width: 100%;\n            }\n\n            body {\n              -webkit-font-smoothing: antialiased;\n              -webkit-text-size-adjust: none;\n              width: 100% !important;\n              height: 100%;\n              line-height: 1.6em;\n            }\n\n            table td {\n              vertical-align: top;\n            }\n\n            body {\n              background-color: #f6f6f6;\n            }\n\n            .body-wrap {\n              background-color: #f6f6f6;\n              width: 100%;\n            }\n\n            .container {\n              display: block !important;\n              max-width: 600px !important;\n              margin: 0 auto !important;\n              clear: both !important;\n            }\n\n            .content {\n              max-width: 600px;\n              margin: 0 auto;\n              display: block;\n              padding: 20px;\n            }\n\n            .main {\n              background-color: #fff;\n              border: 1px solid #e9e9e9;\n              border-radius: 3px;\n            }\n\n            .content-wrap {\n              padding: 20px;\n            }\n\n            .content-block {\n              padding: 0 0 20px;\n            }\n\n            .header {\n              width: 100%;\n              margin-bottom: 20px;\n            }\n\n            .footer {\n              width: 100%;\n              clear: both;\n              color: #999;\n              padding: 20px;\n            }\n            .footer p, .footer a, .footer td {\n              color: #999;\n              font-size: 12px;\n            }\n\n            h1, h2, h3 {\n              font-family: "Helvetica Neue", Helvetica, Arial, "Lucida Grande", sans-serif;\n              color: #000;\n              margin: 40px 0 0;\n              line-height: 1.2em;\n              font-weight: 400;\n            }\n\n            h1 {\n              font-size: 32px;\n              font-weight: 500;\n            }\n\n            h2 {\n              font-size: 24px;\n            }\n\n            h3 {\n              font-size: 18px;\n            }\n\n            h4 {\n              font-size: 14px;\n              font-weight: 600;\n            }\n\n            p, ul, ol {\n              margin-bottom: 10px;\n              font-weight: normal;\n            }\n            p li, ul li, ol li {\n              margin-left: 5px;\n              list-style-position: inside;\n            }\n\n            a {\n              color: #348eda;\n              text-decoration: underline;\n            }\n\n            .btn-primary {\n              text-decoration: none;\n              color: #FFF;\n              background-color: #348eda;\n              border: solid #348eda;\n              border-width: 10px 20px;\n              line-height: 2em;\n              font-weight: bold;\n              text-align: center;\n              cursor: pointer;\n              display: inline-block;\n              border-radius: 5px;\n              text-transform: capitalize;\n            }\n\n            .last {\n              margin-bottom: 0;\n            }\n\n            .first {\n              margin-top: 0;\n            }\n\n            .aligncenter {\n              text-align: center;\n            }\n\n            .alignright {\n              text-align: right;\n            }\n\n            .alignleft {\n              text-align: left;\n            }\n\n            .clear {\n              clear: both;\n            }\n\n            .alert {\n              font-size: 16px;\n              color: #fff;\n              font-weight: 500;\n              padding: 20px;\n              text-align: center;\n              border-radius: 3px 3px 0 0;\n            }\n            .alert a {\n              color: #fff;\n              text-decoration: none;\n              font-weight: 500;\n              font-size: 16px;\n            }\n            .alert.alert-warning {\n              background-color: #FF9F00;\n            }\n            .alert.alert-bad {\n              background-color: #D0021B;\n            }\n            .alert.alert-good {\n              background-color: #68B90F;\n            }\n\n            .invoice {\n              margin: 40px auto;\n              text-align: left;\n              width: 80%;\n            }\n            .order {\n              text-align: left;\n              width: 100%;\n            }\n            .invoice td, .order td {\n              padding: 5px 0;\n            }\n            .invoice .invoice-items, .order .order-items {\n              width: 100%;\n            }\n            .invoice .invoice-items td, .order .order-items td {\n              border-top: #eee 1px solid;\n            }\n            .invoice .invoice-items .total td, .order .order-items .total td {\n              border-top: 2px solid #333;\n              border-bottom: 2px solid #333;\n              font-weight: 700;\n            }\n\n            @media only screen and (max-width: 640px) {\n              body {\n                padding: 0 !important;\n              }\n\n              h1, h2, h3, h4 {\n                font-weight: 800 !important;\n                margin: 20px 0 5px !important;\n              }\n\n              h1 {\n                font-size: 22px !important;\n              }\n\n              h2 {\n                font-size: 18px !important;\n              }\n\n              h3 {\n                font-size: 16px !important;\n              }\n\n              .container {\n                padding: 0 !important;\n                width: 100% !important;\n              }\n\n              .content {\n                padding: 0 !important;\n              }\n\n              .content-wrap {\n                padding: 10px !important;\n              }\n\n              .invoice {\n                width: 100% !important;\n              }\n\n              .order {\n                width: 100% !important;\n              }\n            }\n\n        </style>\n    </head>\n\n    <body itemscope itemtype="http://schema.org/EmailMessage">\n\n    <table class="body-wrap">\n        <tr>\n            <td></td>\n            <td class="container" width="600">\n                <div class="content">\n                    <table class="main" width="100%" cellpadding="0" cellspacing="0" itemprop="action" itemscope itemtype="http://schema.org/ConfirmAction">\n                        <tr>\n                            <td class="content-wrap">\n                                <table width="100%" cellpadding="0" cellspacing="0">\n                                    \n                                    \n<tr>\n    <td class="content-block">\n        <p xmlns="http://www.w3.org/1999/html">ሰላም Isaak,</p>\n        <p>ትእዛዝኪ(ካ) (#101042) በጺሕና ኣሎ።\n        ኣብ ሓጺር ጊዜ ከነመስርሖ ኢና።</p>\n    </td>\n</tr>\n\n<tr>\n    <td class="content-block">\n        <table class="order">\n            <tbody><tr>\n                <td>ትሕዝቶ ናይ'ቲ ትእዛዝ፥</td>\n            </tr>\n            <tr>\n                <td>\n                    <table class="order-items" cellpadding="0" cellspacing="0">\n                        <tbody>\n                            \n                                <tr>\n                                    <td>ህያብ ፍረታት &times; 2</td>\n                                    <td class="alignright">€18.02</td>\n                                </tr>\n                            \n                                <tr>\n                                    <td>ሜስ &times; 1</td>\n                                    <td class="alignright">€13.25</td>\n                                </tr>\n                            \n                                <tr>\n                                    <td>ራያ ዙርያ &times; 1</td>\n                                    <td class="alignright">€447.70</td>\n                                </tr>\n                            \n                            <tr>\n                                <td class="alignright">ጠቕላላ ዋጋ ኣቕሑት፥</td>\n                                <td class="alignright">€478.97</td>\n                            </tr>\n                            <tr>\n                                <td class="alignright">መስደዲ</td>\n                                <td class="alignright">€14.52</td>\n                            </tr>\n                            <tr class="total">\n                                <td class="alignright" width="80%">ድምር ዋጋ፥</td>\n                                <td class="alignright">€493.49</td>\n                            </tr>\n                        </tbody>\n                    </table>\n                </td>\n            </tr>\n        </tbody></table>\n    </td>\n</tr>\n\n<tr>\n    <td class="content-block">\n        <p>ዝስደዶ ኣድራሻ፥</p>\n        <p>  Isaak Yosef<br/>\n          Rietveldlaan 10<br/>\n          Wageningen<br/>\n          6708 SB<br/>\n          Netherlands<br/>\n        </p>\n    </td>\n</tr>\n\n\n    <tr>\n        <td class="content-block">\n            \n            ብዛዕባ ኩነታት ትእዛዝኪ(ካ) <a href="http://wereja.com/ti/accounts/orders/101042/" title="order status">ኣብዚ</a> ተኸታተሊ(ል)።\n        </td>\n    </tr>\n\n\n\n                                    \n                                        <tr>\n                                            <td class="content-block">\n                                                <p>የቐንየልና!</p>\n                                                <p>ኣካየድቲ wereja.com</p>\n                                            </td>\n                                        </tr>\n                                    \n                                </table>\n                            </td>\n                        </tr>\n                    </table>\n                </div>\n            </td>\n            <td></td>\n        </tr>\n    </table>\n\n    </body>\n</html>	2024-11-24 17:22:01.625123+00	1	isaak@springinformatics.com
1016	Confirmation of order (#101051)	Hello Isaak,\n\n\nWe are pleased to confirm your order (#101051) has been received and\nwill be processed shortly.\n\nYour order contains:\n\n * Mes / Tej - quantity: 1 - price: €13.25\n\nCart total: €13.25\nShipping: €8.47\nOrder Total: €21.72\n\nShipping address:\n\n  Isaak Yosef\n  Rietveldlaan 10\n  Wageningen\n  6708 SB\n  Netherlands\n\n\n\n\nYou can view the status of this order at the below URL:\nhttp://wereja.com/en/accounts/orders/101051/\n\n\nThe team\n	\n<!DOCTYPE html PUBLIC "-//W3C//DTD XHTML 1.0 Transitional//EN" "http://www.w3.org/TR/xhtml1/DTD/xhtml1-transitional.dtd">\n<html xmlns="http://www.w3.org/1999/xhtml">\n    <head>\n        <meta name="viewport" content="width=device-width" />\n        <meta http-equiv="Content-Type" content="text/html; charset=UTF-8" />\n        <style>\n            * {\n              margin: 0;\n              font-family: "Helvetica Neue", Helvetica, Arial, sans-serif;\n              box-sizing: border-box;\n              font-size: 14px;\n            }\n\n            img {\n              max-width: 100%;\n            }\n\n            body {\n              -webkit-font-smoothing: antialiased;\n              -webkit-text-size-adjust: none;\n              width: 100% !important;\n              height: 100%;\n              line-height: 1.6em;\n            }\n\n            table td {\n              vertical-align: top;\n            }\n\n            body {\n              background-color: #f6f6f6;\n            }\n\n            .body-wrap {\n              background-color: #f6f6f6;\n              width: 100%;\n            }\n\n            .container {\n              display: block !important;\n              max-width: 600px !important;\n              margin: 0 auto !important;\n              clear: both !important;\n            }\n\n            .content {\n              max-width: 600px;\n              margin: 0 auto;\n              display: block;\n              padding: 20px;\n            }\n\n            .main {\n              background-color: #fff;\n              border: 1px solid #e9e9e9;\n              border-radius: 3px;\n            }\n\n            .content-wrap {\n              padding: 20px;\n            }\n\n            .content-block {\n              padding: 0 0 20px;\n            }\n\n            .header {\n              width: 100%;\n              margin-bottom: 20px;\n            }\n\n            .footer {\n              width: 100%;\n              clear: both;\n              color: #999;\n              padding: 20px;\n            }\n            .footer p, .footer a, .footer td {\n              color: #999;\n              font-size: 12px;\n            }\n\n            h1, h2, h3 {\n              font-family: "Helvetica Neue", Helvetica, Arial, "Lucida Grande", sans-serif;\n              color: #000;\n              margin: 40px 0 0;\n              line-height: 1.2em;\n              font-weight: 400;\n            }\n\n            h1 {\n              font-size: 32px;\n              font-weight: 500;\n            }\n\n            h2 {\n              font-size: 24px;\n            }\n\n            h3 {\n              font-size: 18px;\n            }\n\n            h4 {\n              font-size: 14px;\n              font-weight: 600;\n            }\n\n            p, ul, ol {\n              margin-bottom: 10px;\n              font-weight: normal;\n            }\n            p li, ul li, ol li {\n              margin-left: 5px;\n              list-style-position: inside;\n            }\n\n            a {\n              color: #348eda;\n              text-decoration: underline;\n            }\n\n            .btn-primary {\n              text-decoration: none;\n              color: #FFF;\n              background-color: #348eda;\n              border: solid #348eda;\n              border-width: 10px 20px;\n              line-height: 2em;\n              font-weight: bold;\n              text-align: center;\n              cursor: pointer;\n              display: inline-block;\n              border-radius: 5px;\n              text-transform: capitalize;\n            }\n\n            .last {\n              margin-bottom: 0;\n            }\n\n            .first {\n              margin-top: 0;\n            }\n\n            .aligncenter {\n              text-align: center;\n            }\n\n            .alignright {\n              text-align: right;\n            }\n\n            .alignleft {\n              text-align: left;\n            }\n\n            .clear {\n              clear: both;\n            }\n\n            .alert {\n              font-size: 16px;\n              color: #fff;\n              font-weight: 500;\n              padding: 20px;\n              text-align: center;\n              border-radius: 3px 3px 0 0;\n            }\n            .alert a {\n              color: #fff;\n              text-decoration: none;\n              font-weight: 500;\n              font-size: 16px;\n            }\n            .alert.alert-warning {\n              background-color: #FF9F00;\n            }\n            .alert.alert-bad {\n              background-color: #D0021B;\n            }\n            .alert.alert-good {\n              background-color: #68B90F;\n            }\n\n            .invoice {\n              margin: 40px auto;\n              text-align: left;\n              width: 80%;\n            }\n            .order {\n              text-align: left;\n              width: 100%;\n            }\n            .invoice td, .order td {\n              padding: 5px 0;\n            }\n            .invoice .invoice-items, .order .order-items {\n              width: 100%;\n            }\n            .invoice .invoice-items td, .order .order-items td {\n              border-top: #eee 1px solid;\n            }\n            .invoice .invoice-items .total td, .order .order-items .total td {\n              border-top: 2px solid #333;\n              border-bottom: 2px solid #333;\n              font-weight: 700;\n            }\n\n            @media only screen and (max-width: 640px) {\n              body {\n                padding: 0 !important;\n              }\n\n              h1, h2, h3, h4 {\n                font-weight: 800 !important;\n                margin: 20px 0 5px !important;\n              }\n\n              h1 {\n                font-size: 22px !important;\n              }\n\n              h2 {\n                font-size: 18px !important;\n              }\n\n              h3 {\n                font-size: 16px !important;\n              }\n\n              .container {\n                padding: 0 !important;\n                width: 100% !important;\n              }\n\n              .content {\n                padding: 0 !important;\n              }\n\n              .content-wrap {\n                padding: 10px !important;\n              }\n\n              .invoice {\n                width: 100% !important;\n              }\n\n              .order {\n                width: 100% !important;\n              }\n            }\n\n        </style>\n    </head>\n\n    <body itemscope itemtype="http://schema.org/EmailMessage">\n\n    <table class="body-wrap">\n        <tr>\n            <td></td>\n            <td class="container" width="600">\n                <div class="content">\n                    <table class="main" width="100%" cellpadding="0" cellspacing="0" itemprop="action" itemscope itemtype="http://schema.org/ConfirmAction">\n                        <tr>\n                            <td class="content-wrap">\n                                <table width="100%" cellpadding="0" cellspacing="0">\n                                    \n                                    \n<tr>\n    <td class="content-block">\n        <p xmlns="http://www.w3.org/1999/html">Hello Isaak,</p>\n        <p>We are pleased to confirm your order (#101051) has been received and\n        will be processed shortly.</p>\n    </td>\n</tr>\n\n<tr>\n    <td class="content-block">\n        <table class="order">\n            <tbody><tr>\n                <td>Your order contains:</td>\n            </tr>\n            <tr>\n                <td>\n                    <table class="order-items" cellpadding="0" cellspacing="0">\n                        <tbody>\n                            \n                                <tr>\n                                    <td>Mes / Tej &times; 1</td>\n                                    <td class="alignright">€13.25</td>\n                                </tr>\n                            \n                            <tr>\n                                <td class="alignright">Cart total:</td>\n                                <td class="alignright">€13.25</td>\n                            </tr>\n                            <tr>\n                                <td class="alignright">Shipping:</td>\n                                <td class="alignright">€8.47</td>\n                            </tr>\n                            <tr class="total">\n                                <td class="alignright" width="80%">Order Total:</td>\n                                <td class="alignright">€21.72</td>\n                            </tr>\n                        </tbody>\n                    </table>\n                </td>\n            </tr>\n        </tbody></table>\n    </td>\n</tr>\n\n<tr>\n    <td class="content-block">\n        <p>Shipping address:</p>\n        <p>  Isaak Yosef<br/>\n          Rietveldlaan 10<br/>\n          Wageningen<br/>\n          6708 SB<br/>\n          Netherlands<br/>\n        </p>\n    </td>\n</tr>\n\n\n    <tr>\n        <td class="content-block">\n            \n            You can view the status of this order by clicking <a href="http://wereja.com/en/accounts/orders/101051/" title="order status">here</a>\n        </td>\n    </tr>\n\n\n\n                                    \n                                        <tr>\n                                            <td class="content-block">\n                                                <p>Thanks for using our site!</p>\n                                                <p>The wereja.com team</p>\n                                            </td>\n                                        </tr>\n                                    \n                                </table>\n                            </td>\n                        </tr>\n                    </table>\n                </div>\n            </td>\n            <td></td>\n        </tr>\n    </table>\n\n    </body>\n</html>	2024-11-25 09:22:26.740566+00	1	isaak@springinformatics.com
1017	መረጋገጺ ትእዛዝ (#101052)	ሰላም Isaak,\n\n\nትእዛዝኪ(ካ) (#101052) በጺሕና ኣሎ። ኣብ ሓጺር ጊዜ ከነመስርሖ ኢና።\n\nትሕዝቶ ናይ'ቲ ትእዛዝ፥\n\n * ሕብስቲ መርዓ - ብዝሒ፥ 1 - ዋጋ፥ €55.84\n * ኣይንፈላለ - ብዝሒ፥ 1 - ዋጋ፥ €32.16\n\nጠቕላላ ዋጋ ኣቕሑት፥ €88.00\nመስደዲ €14.52\nድምር ዋጋ፥ €102.52\n\nዝስደዶ ኣድራሻ፥\n\n  Isaak Yosef\n  Rietveldlaan 10\n  Wageningen\n  6708 SB\n  Netherlands\n\n\n\n\nብዛዕባ ኩነታት ትእዛዝኪ(ካ) ኣብ ዝስዕብ ገጽ ምክትታል ይከኣልዩ፥\nhttp://wereja.com/ti/accounts/orders/101052/\n\n\nወነንቲ ዱካን\n	\n<!DOCTYPE html PUBLIC "-//W3C//DTD XHTML 1.0 Transitional//EN" "http://www.w3.org/TR/xhtml1/DTD/xhtml1-transitional.dtd">\n<html xmlns="http://www.w3.org/1999/xhtml">\n    <head>\n        <meta name="viewport" content="width=device-width" />\n        <meta http-equiv="Content-Type" content="text/html; charset=UTF-8" />\n        <style>\n            * {\n              margin: 0;\n              font-family: "Helvetica Neue", Helvetica, Arial, sans-serif;\n              box-sizing: border-box;\n              font-size: 14px;\n            }\n\n            img {\n              max-width: 100%;\n            }\n\n            body {\n              -webkit-font-smoothing: antialiased;\n              -webkit-text-size-adjust: none;\n              width: 100% !important;\n              height: 100%;\n              line-height: 1.6em;\n            }\n\n            table td {\n              vertical-align: top;\n            }\n\n            body {\n              background-color: #f6f6f6;\n            }\n\n            .body-wrap {\n              background-color: #f6f6f6;\n              width: 100%;\n            }\n\n            .container {\n              display: block !important;\n              max-width: 600px !important;\n              margin: 0 auto !important;\n              clear: both !important;\n            }\n\n            .content {\n              max-width: 600px;\n              margin: 0 auto;\n              display: block;\n              padding: 20px;\n            }\n\n            .main {\n              background-color: #fff;\n              border: 1px solid #e9e9e9;\n              border-radius: 3px;\n            }\n\n            .content-wrap {\n              padding: 20px;\n            }\n\n            .content-block {\n              padding: 0 0 20px;\n            }\n\n            .header {\n              width: 100%;\n              margin-bottom: 20px;\n            }\n\n            .footer {\n              width: 100%;\n              clear: both;\n              color: #999;\n              padding: 20px;\n            }\n            .footer p, .footer a, .footer td {\n              color: #999;\n              font-size: 12px;\n            }\n\n            h1, h2, h3 {\n              font-family: "Helvetica Neue", Helvetica, Arial, "Lucida Grande", sans-serif;\n              color: #000;\n              margin: 40px 0 0;\n              line-height: 1.2em;\n              font-weight: 400;\n            }\n\n            h1 {\n              font-size: 32px;\n              font-weight: 500;\n            }\n\n            h2 {\n              font-size: 24px;\n            }\n\n            h3 {\n              font-size: 18px;\n            }\n\n            h4 {\n              font-size: 14px;\n              font-weight: 600;\n            }\n\n            p, ul, ol {\n              margin-bottom: 10px;\n              font-weight: normal;\n            }\n            p li, ul li, ol li {\n              margin-left: 5px;\n              list-style-position: inside;\n            }\n\n            a {\n              color: #348eda;\n              text-decoration: underline;\n            }\n\n            .btn-primary {\n              text-decoration: none;\n              color: #FFF;\n              background-color: #348eda;\n              border: solid #348eda;\n              border-width: 10px 20px;\n              line-height: 2em;\n              font-weight: bold;\n              text-align: center;\n              cursor: pointer;\n              display: inline-block;\n              border-radius: 5px;\n              text-transform: capitalize;\n            }\n\n            .last {\n              margin-bottom: 0;\n            }\n\n            .first {\n              margin-top: 0;\n            }\n\n            .aligncenter {\n              text-align: center;\n            }\n\n            .alignright {\n              text-align: right;\n            }\n\n            .alignleft {\n              text-align: left;\n            }\n\n            .clear {\n              clear: both;\n            }\n\n            .alert {\n              font-size: 16px;\n              color: #fff;\n              font-weight: 500;\n              padding: 20px;\n              text-align: center;\n              border-radius: 3px 3px 0 0;\n            }\n            .alert a {\n              color: #fff;\n              text-decoration: none;\n              font-weight: 500;\n              font-size: 16px;\n            }\n            .alert.alert-warning {\n              background-color: #FF9F00;\n            }\n            .alert.alert-bad {\n              background-color: #D0021B;\n            }\n            .alert.alert-good {\n              background-color: #68B90F;\n            }\n\n            .invoice {\n              margin: 40px auto;\n              text-align: left;\n              width: 80%;\n            }\n            .order {\n              text-align: left;\n              width: 100%;\n            }\n            .invoice td, .order td {\n              padding: 5px 0;\n            }\n            .invoice .invoice-items, .order .order-items {\n              width: 100%;\n            }\n            .invoice .invoice-items td, .order .order-items td {\n              border-top: #eee 1px solid;\n            }\n            .invoice .invoice-items .total td, .order .order-items .total td {\n              border-top: 2px solid #333;\n              border-bottom: 2px solid #333;\n              font-weight: 700;\n            }\n\n            @media only screen and (max-width: 640px) {\n              body {\n                padding: 0 !important;\n              }\n\n              h1, h2, h3, h4 {\n                font-weight: 800 !important;\n                margin: 20px 0 5px !important;\n              }\n\n              h1 {\n                font-size: 22px !important;\n              }\n\n              h2 {\n                font-size: 18px !important;\n              }\n\n              h3 {\n                font-size: 16px !important;\n              }\n\n              .container {\n                padding: 0 !important;\n                width: 100% !important;\n              }\n\n              .content {\n                padding: 0 !important;\n              }\n\n              .content-wrap {\n                padding: 10px !important;\n              }\n\n              .invoice {\n                width: 100% !important;\n              }\n\n              .order {\n                width: 100% !important;\n              }\n            }\n\n        </style>\n    </head>\n\n    <body itemscope itemtype="http://schema.org/EmailMessage">\n\n    <table class="body-wrap">\n        <tr>\n            <td></td>\n            <td class="container" width="600">\n                <div class="content">\n                    <table class="main" width="100%" cellpadding="0" cellspacing="0" itemprop="action" itemscope itemtype="http://schema.org/ConfirmAction">\n                        <tr>\n                            <td class="content-wrap">\n                                <table width="100%" cellpadding="0" cellspacing="0">\n                                    \n                                    \n<tr>\n    <td class="content-block">\n        <p xmlns="http://www.w3.org/1999/html">ሰላም Isaak,</p>\n        <p>ትእዛዝኪ(ካ) (#101052) በጺሕና ኣሎ።\n        ኣብ ሓጺር ጊዜ ከነመስርሖ ኢና።</p>\n    </td>\n</tr>\n\n<tr>\n    <td class="content-block">\n        <table class="order">\n            <tbody><tr>\n                <td>ትሕዝቶ ናይ'ቲ ትእዛዝ፥</td>\n            </tr>\n            <tr>\n                <td>\n                    <table class="order-items" cellpadding="0" cellspacing="0">\n                        <tbody>\n                            \n                                <tr>\n                                    <td>ሕብስቲ መርዓ &times; 1</td>\n                                    <td class="alignright">€55.84</td>\n                                </tr>\n                            \n                                <tr>\n                                    <td>ኣይንፈላለ &times; 1</td>\n                                    <td class="alignright">€32.16</td>\n                                </tr>\n                            \n                            <tr>\n                                <td class="alignright">ጠቕላላ ዋጋ ኣቕሑት፥</td>\n                                <td class="alignright">€88.00</td>\n                            </tr>\n                            <tr>\n                                <td class="alignright">መስደዲ</td>\n                                <td class="alignright">€14.52</td>\n                            </tr>\n                            <tr class="total">\n                                <td class="alignright" width="80%">ድምር ዋጋ፥</td>\n                                <td class="alignright">€102.52</td>\n                            </tr>\n                        </tbody>\n                    </table>\n                </td>\n            </tr>\n        </tbody></table>\n    </td>\n</tr>\n\n<tr>\n    <td class="content-block">\n        <p>ዝስደዶ ኣድራሻ፥</p>\n        <p>  Isaak Yosef<br/>\n          Rietveldlaan 10<br/>\n          Wageningen<br/>\n          6708 SB<br/>\n          Netherlands<br/>\n        </p>\n    </td>\n</tr>\n\n\n    <tr>\n        <td class="content-block">\n            \n            ብዛዕባ ኩነታት ትእዛዝኪ(ካ) <a href="http://wereja.com/ti/accounts/orders/101052/" title="order status">ኣብዚ</a> ተኸታተሊ(ል)።\n        </td>\n    </tr>\n\n\n\n                                    \n                                        <tr>\n                                            <td class="content-block">\n                                                <p>የቐንየልና!</p>\n                                                <p>ኣካየድቲ wereja.com</p>\n                                            </td>\n                                        </tr>\n                                    \n                                </table>\n                            </td>\n                        </tr>\n                    </table>\n                </div>\n            </td>\n            <td></td>\n        </tr>\n    </table>\n\n    </body>\n</html>	2024-11-26 18:52:16.63098+00	1	isaak@springinformatics.com
1018	መረጋገጺ ትእዛዝ (#101055)	ሰላም Isaak,\n\n\nትእዛዝኪ(ካ) (#101055) በጺሕና ኣሎ። ኣብ ሓጺር ጊዜ ከነመስርሖ ኢና።\n\nትሕዝቶ ናይ'ቲ ትእዛዝ፥\n\n * ሜስ - ብዝሒ፥ 1 - ዋጋ፥ €13.25\n * ቶርታ - ብዝሒ፥ 1 - ዋጋ፥ €55.65\n * ሕብስቲ መርዓ - ብዝሒ፥ 1 - ዋጋ፥ €79.77\n * ስዋ &#x27;ቲ ፍላስፋ - ብዝሒ፥ 1 - ዋጋ፥ €13.63\n\nጠቕላላ ዋጋ ኣቕሑት፥ €162.30\nመስደዲ €26.62\nድምር ዋጋ፥ €188.92\n\nዝስደዶ ኣድራሻ፥\n\n  Isaak Yosef\n  Rietveldlaan 10\n  Wageningen\n  6708 SB\n  Netherlands\n\n\n\n\nብዛዕባ ኩነታት ትእዛዝኪ(ካ) ኣብ ዝስዕብ ገጽ ምክትታል ይከኣልዩ፥\nhttp://wereja.com/ti/accounts/orders/101055/\n\n\nወነንቲ ዱካን\n	\n<!DOCTYPE html PUBLIC "-//W3C//DTD XHTML 1.0 Transitional//EN" "http://www.w3.org/TR/xhtml1/DTD/xhtml1-transitional.dtd">\n<html xmlns="http://www.w3.org/1999/xhtml">\n    <head>\n        <meta name="viewport" content="width=device-width" />\n        <meta http-equiv="Content-Type" content="text/html; charset=UTF-8" />\n        <style>\n            * {\n              margin: 0;\n              font-family: "Helvetica Neue", Helvetica, Arial, sans-serif;\n              box-sizing: border-box;\n              font-size: 14px;\n            }\n\n            img {\n              max-width: 100%;\n            }\n\n            body {\n              -webkit-font-smoothing: antialiased;\n              -webkit-text-size-adjust: none;\n              width: 100% !important;\n              height: 100%;\n              line-height: 1.6em;\n            }\n\n            table td {\n              vertical-align: top;\n            }\n\n            body {\n              background-color: #f6f6f6;\n            }\n\n            .body-wrap {\n              background-color: #f6f6f6;\n              width: 100%;\n            }\n\n            .container {\n              display: block !important;\n              max-width: 600px !important;\n              margin: 0 auto !important;\n              clear: both !important;\n            }\n\n            .content {\n              max-width: 600px;\n              margin: 0 auto;\n              display: block;\n              padding: 20px;\n            }\n\n            .main {\n              background-color: #fff;\n              border: 1px solid #e9e9e9;\n              border-radius: 3px;\n            }\n\n            .content-wrap {\n              padding: 20px;\n            }\n\n            .content-block {\n              padding: 0 0 20px;\n            }\n\n            .header {\n              width: 100%;\n              margin-bottom: 20px;\n            }\n\n            .footer {\n              width: 100%;\n              clear: both;\n              color: #999;\n              padding: 20px;\n            }\n            .footer p, .footer a, .footer td {\n              color: #999;\n              font-size: 12px;\n            }\n\n            h1, h2, h3 {\n              font-family: "Helvetica Neue", Helvetica, Arial, "Lucida Grande", sans-serif;\n              color: #000;\n              margin: 40px 0 0;\n              line-height: 1.2em;\n              font-weight: 400;\n            }\n\n            h1 {\n              font-size: 32px;\n              font-weight: 500;\n            }\n\n            h2 {\n              font-size: 24px;\n            }\n\n            h3 {\n              font-size: 18px;\n            }\n\n            h4 {\n              font-size: 14px;\n              font-weight: 600;\n            }\n\n            p, ul, ol {\n              margin-bottom: 10px;\n              font-weight: normal;\n            }\n            p li, ul li, ol li {\n              margin-left: 5px;\n              list-style-position: inside;\n            }\n\n            a {\n              color: #348eda;\n              text-decoration: underline;\n            }\n\n            .btn-primary {\n              text-decoration: none;\n              color: #FFF;\n              background-color: #348eda;\n              border: solid #348eda;\n              border-width: 10px 20px;\n              line-height: 2em;\n              font-weight: bold;\n              text-align: center;\n              cursor: pointer;\n              display: inline-block;\n              border-radius: 5px;\n              text-transform: capitalize;\n            }\n\n            .last {\n              margin-bottom: 0;\n            }\n\n            .first {\n              margin-top: 0;\n            }\n\n            .aligncenter {\n              text-align: center;\n            }\n\n            .alignright {\n              text-align: right;\n            }\n\n            .alignleft {\n              text-align: left;\n            }\n\n            .clear {\n              clear: both;\n            }\n\n            .alert {\n              font-size: 16px;\n              color: #fff;\n              font-weight: 500;\n              padding: 20px;\n              text-align: center;\n              border-radius: 3px 3px 0 0;\n            }\n            .alert a {\n              color: #fff;\n              text-decoration: none;\n              font-weight: 500;\n              font-size: 16px;\n            }\n            .alert.alert-warning {\n              background-color: #FF9F00;\n            }\n            .alert.alert-bad {\n              background-color: #D0021B;\n            }\n            .alert.alert-good {\n              background-color: #68B90F;\n            }\n\n            .invoice {\n              margin: 40px auto;\n              text-align: left;\n              width: 80%;\n            }\n            .order {\n              text-align: left;\n              width: 100%;\n            }\n            .invoice td, .order td {\n              padding: 5px 0;\n            }\n            .invoice .invoice-items, .order .order-items {\n              width: 100%;\n            }\n            .invoice .invoice-items td, .order .order-items td {\n              border-top: #eee 1px solid;\n            }\n            .invoice .invoice-items .total td, .order .order-items .total td {\n              border-top: 2px solid #333;\n              border-bottom: 2px solid #333;\n              font-weight: 700;\n            }\n\n            @media only screen and (max-width: 640px) {\n              body {\n                padding: 0 !important;\n              }\n\n              h1, h2, h3, h4 {\n                font-weight: 800 !important;\n                margin: 20px 0 5px !important;\n              }\n\n              h1 {\n                font-size: 22px !important;\n              }\n\n              h2 {\n                font-size: 18px !important;\n              }\n\n              h3 {\n                font-size: 16px !important;\n              }\n\n              .container {\n                padding: 0 !important;\n                width: 100% !important;\n              }\n\n              .content {\n                padding: 0 !important;\n              }\n\n              .content-wrap {\n                padding: 10px !important;\n              }\n\n              .invoice {\n                width: 100% !important;\n              }\n\n              .order {\n                width: 100% !important;\n              }\n            }\n\n        </style>\n    </head>\n\n    <body itemscope itemtype="http://schema.org/EmailMessage">\n\n    <table class="body-wrap">\n        <tr>\n            <td></td>\n            <td class="container" width="600">\n                <div class="content">\n                    <table class="main" width="100%" cellpadding="0" cellspacing="0" itemprop="action" itemscope itemtype="http://schema.org/ConfirmAction">\n                        <tr>\n                            <td class="content-wrap">\n                                <table width="100%" cellpadding="0" cellspacing="0">\n                                    \n                                    \n<tr>\n    <td class="content-block">\n        <p xmlns="http://www.w3.org/1999/html">ሰላም Isaak,</p>\n        <p>ትእዛዝኪ(ካ) (#101055) በጺሕና ኣሎ።\n        ኣብ ሓጺር ጊዜ ከነመስርሖ ኢና።</p>\n    </td>\n</tr>\n\n<tr>\n    <td class="content-block">\n        <table class="order">\n            <tbody><tr>\n                <td>ትሕዝቶ ናይ'ቲ ትእዛዝ፥</td>\n            </tr>\n            <tr>\n                <td>\n                    <table class="order-items" cellpadding="0" cellspacing="0">\n                        <tbody>\n                            \n                                <tr>\n                                    <td>ሜስ &times; 1</td>\n                                    <td class="alignright">€13.25</td>\n                                </tr>\n                            \n                                <tr>\n                                    <td>ቶርታ &times; 1</td>\n                                    <td class="alignright">€55.65</td>\n                                </tr>\n                            \n                                <tr>\n                                    <td>ሕብስቲ መርዓ &times; 1</td>\n                                    <td class="alignright">€79.77</td>\n                                </tr>\n                            \n                                <tr>\n                                    <td>ስዋ &#x27;ቲ ፍላስፋ &times; 1</td>\n                                    <td class="alignright">€13.63</td>\n                                </tr>\n                            \n                            <tr>\n                                <td class="alignright">ጠቕላላ ዋጋ ኣቕሑት፥</td>\n                                <td class="alignright">€162.30</td>\n                            </tr>\n                            <tr>\n                                <td class="alignright">መስደዲ</td>\n                                <td class="alignright">€26.62</td>\n                            </tr>\n                            <tr class="total">\n                                <td class="alignright" width="80%">ድምር ዋጋ፥</td>\n                                <td class="alignright">€188.92</td>\n                            </tr>\n                        </tbody>\n                    </table>\n                </td>\n            </tr>\n        </tbody></table>\n    </td>\n</tr>\n\n<tr>\n    <td class="content-block">\n        <p>ዝስደዶ ኣድራሻ፥</p>\n        <p>  Isaak Yosef<br/>\n          Rietveldlaan 10<br/>\n          Wageningen<br/>\n          6708 SB<br/>\n          Netherlands<br/>\n        </p>\n    </td>\n</tr>\n\n\n    <tr>\n        <td class="content-block">\n            \n            ብዛዕባ ኩነታት ትእዛዝኪ(ካ) <a href="http://wereja.com/ti/accounts/orders/101055/" title="order status">ኣብዚ</a> ተኸታተሊ(ል)።\n        </td>\n    </tr>\n\n\n\n                                    \n                                        <tr>\n                                            <td class="content-block">\n                                                <p>የቐንየልና!</p>\n                                                <p>ኣካየድቲ wereja.com</p>\n                                            </td>\n                                        </tr>\n                                    \n                                </table>\n                            </td>\n                        </tr>\n                    </table>\n                </div>\n            </td>\n            <td></td>\n        </tr>\n    </table>\n\n    </body>\n</html>	2024-11-27 09:02:58.028597+00	1	isaak@springinformatics.com
1019	ትእዛዝ (#101055) ተሰዲዱ	\n\nሰላም Isaak,\n\n\nትእዛዝ (#101055) ሰዲድናዮ ኣለና።\n\n\nትሕዝቶ ናይ'ቲ ትእዛዝ፥\n\n * ሜስ - ብዝሒ፥ 1 - ዋጋ፥ €13.25\n * ቶርታ - ብዝሒ፥ 1 - ዋጋ፥ €55.65\n * ሕብስቲ መርዓ - ብዝሒ፥ 1 - ዋጋ፥ €79.77\n * ስዋ &#x27;ቲ ፍላስፋ - ብዝሒ፥ 1 - ዋጋ፥ €13.63\n\nጠቕላላ ዋጋ ኣቕሑት፥ €162.30\nመስደዲ €26.62\nድምር ዋጋ፥ €188.92\n\nዝስደዶ ኣድራሻ፥\n\n  Isaak Yosef\n  Rietveldlaan 10\n  Wageningen\n  6708 SB\n  Netherlands\n\n\n\n\nብዛዕባ ኩነታት ትእዛዝኪ(ካ) ኣብ ዝስዕብ ገጽ ምክትታል ይከኣልዩ፥\nhttp://wereja.com/ti/accounts/orders/101055/\n\n\nወነንቲ ዱካን\n\n	\n<!DOCTYPE html PUBLIC "-//W3C//DTD XHTML 1.0 Transitional//EN" "http://www.w3.org/TR/xhtml1/DTD/xhtml1-transitional.dtd">\n<html xmlns="http://www.w3.org/1999/xhtml">\n    <head>\n        <meta name="viewport" content="width=device-width" />\n        <meta http-equiv="Content-Type" content="text/html; charset=UTF-8" />\n        <style>\n            * {\n              margin: 0;\n              font-family: "Helvetica Neue", Helvetica, Arial, sans-serif;\n              box-sizing: border-box;\n              font-size: 14px;\n            }\n\n            img {\n              max-width: 100%;\n            }\n\n            body {\n              -webkit-font-smoothing: antialiased;\n              -webkit-text-size-adjust: none;\n              width: 100% !important;\n              height: 100%;\n              line-height: 1.6em;\n            }\n\n            table td {\n              vertical-align: top;\n            }\n\n            body {\n              background-color: #f6f6f6;\n            }\n\n            .body-wrap {\n              background-color: #f6f6f6;\n              width: 100%;\n            }\n\n            .container {\n              display: block !important;\n              max-width: 600px !important;\n              margin: 0 auto !important;\n              clear: both !important;\n            }\n\n            .content {\n              max-width: 600px;\n              margin: 0 auto;\n              display: block;\n              padding: 20px;\n            }\n\n            .main {\n              background-color: #fff;\n              border: 1px solid #e9e9e9;\n              border-radius: 3px;\n            }\n\n            .content-wrap {\n              padding: 20px;\n            }\n\n            .content-block {\n              padding: 0 0 20px;\n            }\n\n            .header {\n              width: 100%;\n              margin-bottom: 20px;\n            }\n\n            .footer {\n              width: 100%;\n              clear: both;\n              color: #999;\n              padding: 20px;\n            }\n            .footer p, .footer a, .footer td {\n              color: #999;\n              font-size: 12px;\n            }\n\n            h1, h2, h3 {\n              font-family: "Helvetica Neue", Helvetica, Arial, "Lucida Grande", sans-serif;\n              color: #000;\n              margin: 40px 0 0;\n              line-height: 1.2em;\n              font-weight: 400;\n            }\n\n            h1 {\n              font-size: 32px;\n              font-weight: 500;\n            }\n\n            h2 {\n              font-size: 24px;\n            }\n\n            h3 {\n              font-size: 18px;\n            }\n\n            h4 {\n              font-size: 14px;\n              font-weight: 600;\n            }\n\n            p, ul, ol {\n              margin-bottom: 10px;\n              font-weight: normal;\n            }\n            p li, ul li, ol li {\n              margin-left: 5px;\n              list-style-position: inside;\n            }\n\n            a {\n              color: #348eda;\n              text-decoration: underline;\n            }\n\n            .btn-primary {\n              text-decoration: none;\n              color: #FFF;\n              background-color: #348eda;\n              border: solid #348eda;\n              border-width: 10px 20px;\n              line-height: 2em;\n              font-weight: bold;\n              text-align: center;\n              cursor: pointer;\n              display: inline-block;\n              border-radius: 5px;\n              text-transform: capitalize;\n            }\n\n            .last {\n              margin-bottom: 0;\n            }\n\n            .first {\n              margin-top: 0;\n            }\n\n            .aligncenter {\n              text-align: center;\n            }\n\n            .alignright {\n              text-align: right;\n            }\n\n            .alignleft {\n              text-align: left;\n            }\n\n            .clear {\n              clear: both;\n            }\n\n            .alert {\n              font-size: 16px;\n              color: #fff;\n              font-weight: 500;\n              padding: 20px;\n              text-align: center;\n              border-radius: 3px 3px 0 0;\n            }\n            .alert a {\n              color: #fff;\n              text-decoration: none;\n              font-weight: 500;\n              font-size: 16px;\n            }\n            .alert.alert-warning {\n              background-color: #FF9F00;\n            }\n            .alert.alert-bad {\n              background-color: #D0021B;\n            }\n            .alert.alert-good {\n              background-color: #68B90F;\n            }\n\n            .invoice {\n              margin: 40px auto;\n              text-align: left;\n              width: 80%;\n            }\n            .order {\n              text-align: left;\n              width: 100%;\n            }\n            .invoice td, .order td {\n              padding: 5px 0;\n            }\n            .invoice .invoice-items, .order .order-items {\n              width: 100%;\n            }\n            .invoice .invoice-items td, .order .order-items td {\n              border-top: #eee 1px solid;\n            }\n            .invoice .invoice-items .total td, .order .order-items .total td {\n              border-top: 2px solid #333;\n              border-bottom: 2px solid #333;\n              font-weight: 700;\n            }\n\n            @media only screen and (max-width: 640px) {\n              body {\n                padding: 0 !important;\n              }\n\n              h1, h2, h3, h4 {\n                font-weight: 800 !important;\n                margin: 20px 0 5px !important;\n              }\n\n              h1 {\n                font-size: 22px !important;\n              }\n\n              h2 {\n                font-size: 18px !important;\n              }\n\n              h3 {\n                font-size: 16px !important;\n              }\n\n              .container {\n                padding: 0 !important;\n                width: 100% !important;\n              }\n\n              .content {\n                padding: 0 !important;\n              }\n\n              .content-wrap {\n                padding: 10px !important;\n              }\n\n              .invoice {\n                width: 100% !important;\n              }\n\n              .order {\n                width: 100% !important;\n              }\n            }\n\n        </style>\n    </head>\n\n    <body itemscope itemtype="http://schema.org/EmailMessage">\n\n    <table class="body-wrap">\n        <tr>\n            <td></td>\n            <td class="container" width="600">\n                <div class="content">\n                    <table class="main" width="100%" cellpadding="0" cellspacing="0" itemprop="action" itemscope itemtype="http://schema.org/ConfirmAction">\n                        <tr>\n                            <td class="content-wrap">\n                                <table width="100%" cellpadding="0" cellspacing="0">\n                                    \n                                    \n<tr>\n    <td class="content-block">\n        <p xmlns="http://www.w3.org/1999/html">ሰላም Isaak,</p>\n        <p>ትእዛዝ (#101055) ሰዲድናዮ ኣለና።</p>\n    </td>\n</tr>\n\n<tr>\n    <td class="content-block">\n        <table class="order">\n            <tbody><tr>\n                <td>ትሕዝቶ ናይ'ቲ ትእዛዝ፥</td>\n            </tr>\n            <tr>\n                <td>\n                    <table class="order-items" cellpadding="0" cellspacing="0">\n                        <tbody>\n                            \n                                <tr>\n                                    <td>ሜስ &times; 1</td>\n                                    <td class="alignright">€13.25</td>\n                                </tr>\n                            \n                                <tr>\n                                    <td>ቶርታ &times; 1</td>\n                                    <td class="alignright">€55.65</td>\n                                </tr>\n                            \n                                <tr>\n                                    <td>ሕብስቲ መርዓ &times; 1</td>\n                                    <td class="alignright">€79.77</td>\n                                </tr>\n                            \n                                <tr>\n                                    <td>ስዋ &#x27;ቲ ፍላስፋ &times; 1</td>\n                                    <td class="alignright">€13.63</td>\n                                </tr>\n                            \n                            <tr>\n                                <td class="alignright">ጠቕላላ ዋጋ ኣቕሑት፥</td>\n                                <td class="alignright">€162.30</td>\n                            </tr>\n                            <tr>\n                                <td class="alignright">መስደዲ</td>\n                                <td class="alignright">€26.62</td>\n                            </tr>\n                            <tr class="total">\n                                <td class="alignright" width="80%">ድምር ዋጋ፥</td>\n                                <td class="alignright">€188.92</td>\n                            </tr>\n                        </tbody>\n                    </table>\n                </td>\n            </tr>\n        </tbody></table>\n    </td>\n</tr>\n\n<tr>\n    <td class="content-block">\n        <p>ዝስደዶ ኣድራሻ፥</p>\n        <p>  Isaak Yosef<br/>\n          Rietveldlaan 10<br/>\n          Wageningen<br/>\n          6708 SB<br/>\n          Netherlands<br/>\n        </p>\n    </td>\n</tr>\n\n\n    <tr>\n        <td class="content-block">\n            \n            ብዛዕባ ኩነታት ትእዛዝኪ(ካ) <a href="http://wereja.com/ti/accounts/orders/101055/" title="order status">ኣብዚ</a> ተኸታተሊ(ል)።\n        </td>\n    </tr>\n\n\n\n                                    \n                                        <tr>\n                                            <td class="content-block">\n                                                <p>የቐንየልና!</p>\n                                                <p>ኣካየድቲ wereja.com</p>\n                                            </td>\n                                        </tr>\n                                    \n                                </table>\n                            </td>\n                        </tr>\n                    </table>\n                </div>\n            </td>\n            <td></td>\n        </tr>\n    </table>\n\n    </body>\n</html>	2024-11-27 09:04:15.893528+00	1	isaak@springinformatics.com
1020	መረጋገጺ ትእዛዝ (#101057)	ሰላም Isaak,\n\n\nትእዛዝኪ(ካ) (#101057) በጺሕና ኣሎ። ኣብ ሓጺር ጊዜ ከነመስርሖ ኢና።\n\nትሕዝቶ ናይ'ቲ ትእዛዝ፥\n\n * ራያ ዙርያ - ብዝሒ፥ 1 - ዋጋ፥ €447.70\n\nጠቕላላ ዋጋ ኣቕሑት፥ €447.70\nመስደዲ €8.47\nድምር ዋጋ፥ €456.17\n\nዝስደዶ ኣድራሻ፥\n\n  Isaak Yosef\n  Rietveldlaan 10\n  Wageningen\n  6708 SB\n  Netherlands\n\n\n\n\nብዛዕባ ኩነታት ትእዛዝኪ(ካ) ኣብ ዝስዕብ ገጽ ምክትታል ይከኣልዩ፥\nhttp://wereja.com/ti/accounts/orders/101057/\n\n\nወነንቲ ዱካን\n	\n<!DOCTYPE html PUBLIC "-//W3C//DTD XHTML 1.0 Transitional//EN" "http://www.w3.org/TR/xhtml1/DTD/xhtml1-transitional.dtd">\n<html xmlns="http://www.w3.org/1999/xhtml">\n    <head>\n        <meta name="viewport" content="width=device-width" />\n        <meta http-equiv="Content-Type" content="text/html; charset=UTF-8" />\n        <style>\n            * {\n              margin: 0;\n              font-family: "Helvetica Neue", Helvetica, Arial, sans-serif;\n              box-sizing: border-box;\n              font-size: 14px;\n            }\n\n            img {\n              max-width: 100%;\n            }\n\n            body {\n              -webkit-font-smoothing: antialiased;\n              -webkit-text-size-adjust: none;\n              width: 100% !important;\n              height: 100%;\n              line-height: 1.6em;\n            }\n\n            table td {\n              vertical-align: top;\n            }\n\n            body {\n              background-color: #f6f6f6;\n            }\n\n            .body-wrap {\n              background-color: #f6f6f6;\n              width: 100%;\n            }\n\n            .container {\n              display: block !important;\n              max-width: 600px !important;\n              margin: 0 auto !important;\n              clear: both !important;\n            }\n\n            .content {\n              max-width: 600px;\n              margin: 0 auto;\n              display: block;\n              padding: 20px;\n            }\n\n            .main {\n              background-color: #fff;\n              border: 1px solid #e9e9e9;\n              border-radius: 3px;\n            }\n\n            .content-wrap {\n              padding: 20px;\n            }\n\n            .content-block {\n              padding: 0 0 20px;\n            }\n\n            .header {\n              width: 100%;\n              margin-bottom: 20px;\n            }\n\n            .footer {\n              width: 100%;\n              clear: both;\n              color: #999;\n              padding: 20px;\n            }\n            .footer p, .footer a, .footer td {\n              color: #999;\n              font-size: 12px;\n            }\n\n            h1, h2, h3 {\n              font-family: "Helvetica Neue", Helvetica, Arial, "Lucida Grande", sans-serif;\n              color: #000;\n              margin: 40px 0 0;\n              line-height: 1.2em;\n              font-weight: 400;\n            }\n\n            h1 {\n              font-size: 32px;\n              font-weight: 500;\n            }\n\n            h2 {\n              font-size: 24px;\n            }\n\n            h3 {\n              font-size: 18px;\n            }\n\n            h4 {\n              font-size: 14px;\n              font-weight: 600;\n            }\n\n            p, ul, ol {\n              margin-bottom: 10px;\n              font-weight: normal;\n            }\n            p li, ul li, ol li {\n              margin-left: 5px;\n              list-style-position: inside;\n            }\n\n            a {\n              color: #348eda;\n              text-decoration: underline;\n            }\n\n            .btn-primary {\n              text-decoration: none;\n              color: #FFF;\n              background-color: #348eda;\n              border: solid #348eda;\n              border-width: 10px 20px;\n              line-height: 2em;\n              font-weight: bold;\n              text-align: center;\n              cursor: pointer;\n              display: inline-block;\n              border-radius: 5px;\n              text-transform: capitalize;\n            }\n\n            .last {\n              margin-bottom: 0;\n            }\n\n            .first {\n              margin-top: 0;\n            }\n\n            .aligncenter {\n              text-align: center;\n            }\n\n            .alignright {\n              text-align: right;\n            }\n\n            .alignleft {\n              text-align: left;\n            }\n\n            .clear {\n              clear: both;\n            }\n\n            .alert {\n              font-size: 16px;\n              color: #fff;\n              font-weight: 500;\n              padding: 20px;\n              text-align: center;\n              border-radius: 3px 3px 0 0;\n            }\n            .alert a {\n              color: #fff;\n              text-decoration: none;\n              font-weight: 500;\n              font-size: 16px;\n            }\n            .alert.alert-warning {\n              background-color: #FF9F00;\n            }\n            .alert.alert-bad {\n              background-color: #D0021B;\n            }\n            .alert.alert-good {\n              background-color: #68B90F;\n            }\n\n            .invoice {\n              margin: 40px auto;\n              text-align: left;\n              width: 80%;\n            }\n            .order {\n              text-align: left;\n              width: 100%;\n            }\n            .invoice td, .order td {\n              padding: 5px 0;\n            }\n            .invoice .invoice-items, .order .order-items {\n              width: 100%;\n            }\n            .invoice .invoice-items td, .order .order-items td {\n              border-top: #eee 1px solid;\n            }\n            .invoice .invoice-items .total td, .order .order-items .total td {\n              border-top: 2px solid #333;\n              border-bottom: 2px solid #333;\n              font-weight: 700;\n            }\n\n            @media only screen and (max-width: 640px) {\n              body {\n                padding: 0 !important;\n              }\n\n              h1, h2, h3, h4 {\n                font-weight: 800 !important;\n                margin: 20px 0 5px !important;\n              }\n\n              h1 {\n                font-size: 22px !important;\n              }\n\n              h2 {\n                font-size: 18px !important;\n              }\n\n              h3 {\n                font-size: 16px !important;\n              }\n\n              .container {\n                padding: 0 !important;\n                width: 100% !important;\n              }\n\n              .content {\n                padding: 0 !important;\n              }\n\n              .content-wrap {\n                padding: 10px !important;\n              }\n\n              .invoice {\n                width: 100% !important;\n              }\n\n              .order {\n                width: 100% !important;\n              }\n            }\n\n        </style>\n    </head>\n\n    <body itemscope itemtype="http://schema.org/EmailMessage">\n\n    <table class="body-wrap">\n        <tr>\n            <td></td>\n            <td class="container" width="600">\n                <div class="content">\n                    <table class="main" width="100%" cellpadding="0" cellspacing="0" itemprop="action" itemscope itemtype="http://schema.org/ConfirmAction">\n                        <tr>\n                            <td class="content-wrap">\n                                <table width="100%" cellpadding="0" cellspacing="0">\n                                    \n                                    \n<tr>\n    <td class="content-block">\n        <p xmlns="http://www.w3.org/1999/html">ሰላም Isaak,</p>\n        <p>ትእዛዝኪ(ካ) (#101057) በጺሕና ኣሎ።\n        ኣብ ሓጺር ጊዜ ከነመስርሖ ኢና።</p>\n    </td>\n</tr>\n\n<tr>\n    <td class="content-block">\n        <table class="order">\n            <tbody><tr>\n                <td>ትሕዝቶ ናይ'ቲ ትእዛዝ፥</td>\n            </tr>\n            <tr>\n                <td>\n                    <table class="order-items" cellpadding="0" cellspacing="0">\n                        <tbody>\n                            \n                                <tr>\n                                    <td>ራያ ዙርያ &times; 1</td>\n                                    <td class="alignright">€447.70</td>\n                                </tr>\n                            \n                            <tr>\n                                <td class="alignright">ጠቕላላ ዋጋ ኣቕሑት፥</td>\n                                <td class="alignright">€447.70</td>\n                            </tr>\n                            <tr>\n                                <td class="alignright">መስደዲ</td>\n                                <td class="alignright">€8.47</td>\n                            </tr>\n                            <tr class="total">\n                                <td class="alignright" width="80%">ድምር ዋጋ፥</td>\n                                <td class="alignright">€456.17</td>\n                            </tr>\n                        </tbody>\n                    </table>\n                </td>\n            </tr>\n        </tbody></table>\n    </td>\n</tr>\n\n<tr>\n    <td class="content-block">\n        <p>ዝስደዶ ኣድራሻ፥</p>\n        <p>  Isaak Yosef<br/>\n          Rietveldlaan 10<br/>\n          Wageningen<br/>\n          6708 SB<br/>\n          Netherlands<br/>\n        </p>\n    </td>\n</tr>\n\n\n    <tr>\n        <td class="content-block">\n            \n            ብዛዕባ ኩነታት ትእዛዝኪ(ካ) <a href="http://wereja.com/ti/accounts/orders/101057/" title="order status">ኣብዚ</a> ተኸታተሊ(ል)።\n        </td>\n    </tr>\n\n\n\n                                    \n                                        <tr>\n                                            <td class="content-block">\n                                                <p>የቐንየልና!</p>\n                                                <p>ኣካየድቲ wereja.com</p>\n                                            </td>\n                                        </tr>\n                                    \n                                </table>\n                            </td>\n                        </tr>\n                    </table>\n                </div>\n            </td>\n            <td></td>\n        </tr>\n    </table>\n\n    </body>\n</html>	2024-11-27 15:04:19.376807+00	1	isaak@springinformatics.com
1021	መረጋገጺ ትእዛዝ (#101059)	ሰላም Isaak,\n\n\nትእዛዝኪ(ካ) (#101059) በጺሕና ኣሎ። ኣብ ሓጺር ጊዜ ከነመስርሖ ኢና።\n\nትሕዝቶ ናይ'ቲ ትእዛዝ፥\n\n * ስዋ &#x27;ቲ ፍላስፋ - ብዝሒ፥ 1 - ዋጋ፥ €19.46\n\nጠቕላላ ዋጋ ኣቕሑት፥ €19.46\nመስደዲ €8.47\nድምር ዋጋ፥ €27.93\n\nዝስደዶ ኣድራሻ፥\n\n  Isaak Yosef\n  Rietveldlaan 10\n  Wageningen\n  6708 SB\n  Netherlands\n\n\n\n\nብዛዕባ ኩነታት ትእዛዝኪ(ካ) ኣብ ዝስዕብ ገጽ ምክትታል ይከኣልዩ፥\nhttp://wereja.com/ti/accounts/orders/101059/\n\n\nወነንቲ ዱካን\n	\n<!DOCTYPE html PUBLIC "-//W3C//DTD XHTML 1.0 Transitional//EN" "http://www.w3.org/TR/xhtml1/DTD/xhtml1-transitional.dtd">\n<html xmlns="http://www.w3.org/1999/xhtml">\n    <head>\n        <meta name="viewport" content="width=device-width" />\n        <meta http-equiv="Content-Type" content="text/html; charset=UTF-8" />\n        <style>\n            * {\n              margin: 0;\n              font-family: "Helvetica Neue", Helvetica, Arial, sans-serif;\n              box-sizing: border-box;\n              font-size: 14px;\n            }\n\n            img {\n              max-width: 100%;\n            }\n\n            body {\n              -webkit-font-smoothing: antialiased;\n              -webkit-text-size-adjust: none;\n              width: 100% !important;\n              height: 100%;\n              line-height: 1.6em;\n            }\n\n            table td {\n              vertical-align: top;\n            }\n\n            body {\n              background-color: #f6f6f6;\n            }\n\n            .body-wrap {\n              background-color: #f6f6f6;\n              width: 100%;\n            }\n\n            .container {\n              display: block !important;\n              max-width: 600px !important;\n              margin: 0 auto !important;\n              clear: both !important;\n            }\n\n            .content {\n              max-width: 600px;\n              margin: 0 auto;\n              display: block;\n              padding: 20px;\n            }\n\n            .main {\n              background-color: #fff;\n              border: 1px solid #e9e9e9;\n              border-radius: 3px;\n            }\n\n            .content-wrap {\n              padding: 20px;\n            }\n\n            .content-block {\n              padding: 0 0 20px;\n            }\n\n            .header {\n              width: 100%;\n              margin-bottom: 20px;\n            }\n\n            .footer {\n              width: 100%;\n              clear: both;\n              color: #999;\n              padding: 20px;\n            }\n            .footer p, .footer a, .footer td {\n              color: #999;\n              font-size: 12px;\n            }\n\n            h1, h2, h3 {\n              font-family: "Helvetica Neue", Helvetica, Arial, "Lucida Grande", sans-serif;\n              color: #000;\n              margin: 40px 0 0;\n              line-height: 1.2em;\n              font-weight: 400;\n            }\n\n            h1 {\n              font-size: 32px;\n              font-weight: 500;\n            }\n\n            h2 {\n              font-size: 24px;\n            }\n\n            h3 {\n              font-size: 18px;\n            }\n\n            h4 {\n              font-size: 14px;\n              font-weight: 600;\n            }\n\n            p, ul, ol {\n              margin-bottom: 10px;\n              font-weight: normal;\n            }\n            p li, ul li, ol li {\n              margin-left: 5px;\n              list-style-position: inside;\n            }\n\n            a {\n              color: #348eda;\n              text-decoration: underline;\n            }\n\n            .btn-primary {\n              text-decoration: none;\n              color: #FFF;\n              background-color: #348eda;\n              border: solid #348eda;\n              border-width: 10px 20px;\n              line-height: 2em;\n              font-weight: bold;\n              text-align: center;\n              cursor: pointer;\n              display: inline-block;\n              border-radius: 5px;\n              text-transform: capitalize;\n            }\n\n            .last {\n              margin-bottom: 0;\n            }\n\n            .first {\n              margin-top: 0;\n            }\n\n            .aligncenter {\n              text-align: center;\n            }\n\n            .alignright {\n              text-align: right;\n            }\n\n            .alignleft {\n              text-align: left;\n            }\n\n            .clear {\n              clear: both;\n            }\n\n            .alert {\n              font-size: 16px;\n              color: #fff;\n              font-weight: 500;\n              padding: 20px;\n              text-align: center;\n              border-radius: 3px 3px 0 0;\n            }\n            .alert a {\n              color: #fff;\n              text-decoration: none;\n              font-weight: 500;\n              font-size: 16px;\n            }\n            .alert.alert-warning {\n              background-color: #FF9F00;\n            }\n            .alert.alert-bad {\n              background-color: #D0021B;\n            }\n            .alert.alert-good {\n              background-color: #68B90F;\n            }\n\n            .invoice {\n              margin: 40px auto;\n              text-align: left;\n              width: 80%;\n            }\n            .order {\n              text-align: left;\n              width: 100%;\n            }\n            .invoice td, .order td {\n              padding: 5px 0;\n            }\n            .invoice .invoice-items, .order .order-items {\n              width: 100%;\n            }\n            .invoice .invoice-items td, .order .order-items td {\n              border-top: #eee 1px solid;\n            }\n            .invoice .invoice-items .total td, .order .order-items .total td {\n              border-top: 2px solid #333;\n              border-bottom: 2px solid #333;\n              font-weight: 700;\n            }\n\n            @media only screen and (max-width: 640px) {\n              body {\n                padding: 0 !important;\n              }\n\n              h1, h2, h3, h4 {\n                font-weight: 800 !important;\n                margin: 20px 0 5px !important;\n              }\n\n              h1 {\n                font-size: 22px !important;\n              }\n\n              h2 {\n                font-size: 18px !important;\n              }\n\n              h3 {\n                font-size: 16px !important;\n              }\n\n              .container {\n                padding: 0 !important;\n                width: 100% !important;\n              }\n\n              .content {\n                padding: 0 !important;\n              }\n\n              .content-wrap {\n                padding: 10px !important;\n              }\n\n              .invoice {\n                width: 100% !important;\n              }\n\n              .order {\n                width: 100% !important;\n              }\n            }\n\n        </style>\n    </head>\n\n    <body itemscope itemtype="http://schema.org/EmailMessage">\n\n    <table class="body-wrap">\n        <tr>\n            <td></td>\n            <td class="container" width="600">\n                <div class="content">\n                    <table class="main" width="100%" cellpadding="0" cellspacing="0" itemprop="action" itemscope itemtype="http://schema.org/ConfirmAction">\n                        <tr>\n                            <td class="content-wrap">\n                                <table width="100%" cellpadding="0" cellspacing="0">\n                                    \n                                    \n<tr>\n    <td class="content-block">\n        <p xmlns="http://www.w3.org/1999/html">ሰላም Isaak,</p>\n        <p>ትእዛዝኪ(ካ) (#101059) በጺሕና ኣሎ።\n        ኣብ ሓጺር ጊዜ ከነመስርሖ ኢና።</p>\n    </td>\n</tr>\n\n<tr>\n    <td class="content-block">\n        <table class="order">\n            <tbody><tr>\n                <td>ትሕዝቶ ናይ'ቲ ትእዛዝ፥</td>\n            </tr>\n            <tr>\n                <td>\n                    <table class="order-items" cellpadding="0" cellspacing="0">\n                        <tbody>\n                            \n                                <tr>\n                                    <td>ስዋ &#x27;ቲ ፍላስፋ &times; 1</td>\n                                    <td class="alignright">€19.46</td>\n                                </tr>\n                            \n                            <tr>\n                                <td class="alignright">ጠቕላላ ዋጋ ኣቕሑት፥</td>\n                                <td class="alignright">€19.46</td>\n                            </tr>\n                            <tr>\n                                <td class="alignright">መስደዲ</td>\n                                <td class="alignright">€8.47</td>\n                            </tr>\n                            <tr class="total">\n                                <td class="alignright" width="80%">ድምር ዋጋ፥</td>\n                                <td class="alignright">€27.93</td>\n                            </tr>\n                        </tbody>\n                    </table>\n                </td>\n            </tr>\n        </tbody></table>\n    </td>\n</tr>\n\n<tr>\n    <td class="content-block">\n        <p>ዝስደዶ ኣድራሻ፥</p>\n        <p>  Isaak Yosef<br/>\n          Rietveldlaan 10<br/>\n          Wageningen<br/>\n          6708 SB<br/>\n          Netherlands<br/>\n        </p>\n    </td>\n</tr>\n\n\n    <tr>\n        <td class="content-block">\n            \n            ብዛዕባ ኩነታት ትእዛዝኪ(ካ) <a href="http://wereja.com/ti/accounts/orders/101059/" title="order status">ኣብዚ</a> ተኸታተሊ(ል)።\n        </td>\n    </tr>\n\n\n\n                                    \n                                        <tr>\n                                            <td class="content-block">\n                                                <p>የቐንየልና!</p>\n                                                <p>ኣካየድቲ wereja.com</p>\n                                            </td>\n                                        </tr>\n                                    \n                                </table>\n                            </td>\n                        </tr>\n                    </table>\n                </div>\n            </td>\n            <td></td>\n        </tr>\n    </table>\n\n    </body>\n</html>	2024-11-28 10:51:27.35448+00	1	isaak@springinformatics.com
1022	Confirmation of order (#101062)	Hello Isaak,\n\n\nWe are pleased to confirm your order (#101062) has been received and\nwill be processed shortly.\n\nYour order contains:\n\n * De Filosoof - quantity: 1 - price: €19.46\n\nCart total: €19.46\nShipping: €8.47\nOrder Total: €27.93\n\nShipping address:\n\n  Isaak Yosef\n  Rietveldlaan 10\n  Wageningen\n  6708 SB\n  Netherlands\n\n\n\n\nYou can view the status of this order at the below URL:\nhttp://wereja.com/en/accounts/orders/101062/\n\n\nThe team\n	\n<!DOCTYPE html PUBLIC "-//W3C//DTD XHTML 1.0 Transitional//EN" "http://www.w3.org/TR/xhtml1/DTD/xhtml1-transitional.dtd">\n<html xmlns="http://www.w3.org/1999/xhtml">\n    <head>\n        <meta name="viewport" content="width=device-width" />\n        <meta http-equiv="Content-Type" content="text/html; charset=UTF-8" />\n        <style>\n            * {\n              margin: 0;\n              font-family: "Helvetica Neue", Helvetica, Arial, sans-serif;\n              box-sizing: border-box;\n              font-size: 14px;\n            }\n\n            img {\n              max-width: 100%;\n            }\n\n            body {\n              -webkit-font-smoothing: antialiased;\n              -webkit-text-size-adjust: none;\n              width: 100% !important;\n              height: 100%;\n              line-height: 1.6em;\n            }\n\n            table td {\n              vertical-align: top;\n            }\n\n            body {\n              background-color: #f6f6f6;\n            }\n\n            .body-wrap {\n              background-color: #f6f6f6;\n              width: 100%;\n            }\n\n            .container {\n              display: block !important;\n              max-width: 600px !important;\n              margin: 0 auto !important;\n              clear: both !important;\n            }\n\n            .content {\n              max-width: 600px;\n              margin: 0 auto;\n              display: block;\n              padding: 20px;\n            }\n\n            .main {\n              background-color: #fff;\n              border: 1px solid #e9e9e9;\n              border-radius: 3px;\n            }\n\n            .content-wrap {\n              padding: 20px;\n            }\n\n            .content-block {\n              padding: 0 0 20px;\n            }\n\n            .header {\n              width: 100%;\n              margin-bottom: 20px;\n            }\n\n            .footer {\n              width: 100%;\n              clear: both;\n              color: #999;\n              padding: 20px;\n            }\n            .footer p, .footer a, .footer td {\n              color: #999;\n              font-size: 12px;\n            }\n\n            h1, h2, h3 {\n              font-family: "Helvetica Neue", Helvetica, Arial, "Lucida Grande", sans-serif;\n              color: #000;\n              margin: 40px 0 0;\n              line-height: 1.2em;\n              font-weight: 400;\n            }\n\n            h1 {\n              font-size: 32px;\n              font-weight: 500;\n            }\n\n            h2 {\n              font-size: 24px;\n            }\n\n            h3 {\n              font-size: 18px;\n            }\n\n            h4 {\n              font-size: 14px;\n              font-weight: 600;\n            }\n\n            p, ul, ol {\n              margin-bottom: 10px;\n              font-weight: normal;\n            }\n            p li, ul li, ol li {\n              margin-left: 5px;\n              list-style-position: inside;\n            }\n\n            a {\n              color: #348eda;\n              text-decoration: underline;\n            }\n\n            .btn-primary {\n              text-decoration: none;\n              color: #FFF;\n              background-color: #348eda;\n              border: solid #348eda;\n              border-width: 10px 20px;\n              line-height: 2em;\n              font-weight: bold;\n              text-align: center;\n              cursor: pointer;\n              display: inline-block;\n              border-radius: 5px;\n              text-transform: capitalize;\n            }\n\n            .last {\n              margin-bottom: 0;\n            }\n\n            .first {\n              margin-top: 0;\n            }\n\n            .aligncenter {\n              text-align: center;\n            }\n\n            .alignright {\n              text-align: right;\n            }\n\n            .alignleft {\n              text-align: left;\n            }\n\n            .clear {\n              clear: both;\n            }\n\n            .alert {\n              font-size: 16px;\n              color: #fff;\n              font-weight: 500;\n              padding: 20px;\n              text-align: center;\n              border-radius: 3px 3px 0 0;\n            }\n            .alert a {\n              color: #fff;\n              text-decoration: none;\n              font-weight: 500;\n              font-size: 16px;\n            }\n            .alert.alert-warning {\n              background-color: #FF9F00;\n            }\n            .alert.alert-bad {\n              background-color: #D0021B;\n            }\n            .alert.alert-good {\n              background-color: #68B90F;\n            }\n\n            .invoice {\n              margin: 40px auto;\n              text-align: left;\n              width: 80%;\n            }\n            .order {\n              text-align: left;\n              width: 100%;\n            }\n            .invoice td, .order td {\n              padding: 5px 0;\n            }\n            .invoice .invoice-items, .order .order-items {\n              width: 100%;\n            }\n            .invoice .invoice-items td, .order .order-items td {\n              border-top: #eee 1px solid;\n            }\n            .invoice .invoice-items .total td, .order .order-items .total td {\n              border-top: 2px solid #333;\n              border-bottom: 2px solid #333;\n              font-weight: 700;\n            }\n\n            @media only screen and (max-width: 640px) {\n              body {\n                padding: 0 !important;\n              }\n\n              h1, h2, h3, h4 {\n                font-weight: 800 !important;\n                margin: 20px 0 5px !important;\n              }\n\n              h1 {\n                font-size: 22px !important;\n              }\n\n              h2 {\n                font-size: 18px !important;\n              }\n\n              h3 {\n                font-size: 16px !important;\n              }\n\n              .container {\n                padding: 0 !important;\n                width: 100% !important;\n              }\n\n              .content {\n                padding: 0 !important;\n              }\n\n              .content-wrap {\n                padding: 10px !important;\n              }\n\n              .invoice {\n                width: 100% !important;\n              }\n\n              .order {\n                width: 100% !important;\n              }\n            }\n\n        </style>\n    </head>\n\n    <body itemscope itemtype="http://schema.org/EmailMessage">\n\n    <table class="body-wrap">\n        <tr>\n            <td></td>\n            <td class="container" width="600">\n                <div class="content">\n                    <table class="main" width="100%" cellpadding="0" cellspacing="0" itemprop="action" itemscope itemtype="http://schema.org/ConfirmAction">\n                        <tr>\n                            <td class="content-wrap">\n                                <table width="100%" cellpadding="0" cellspacing="0">\n                                    \n                                    \n<tr>\n    <td class="content-block">\n        <p xmlns="http://www.w3.org/1999/html">Hello Isaak,</p>\n        <p>We are pleased to confirm your order (#101062) has been received and\n        will be processed shortly.</p>\n    </td>\n</tr>\n\n<tr>\n    <td class="content-block">\n        <table class="order">\n            <tbody><tr>\n                <td>Your order contains:</td>\n            </tr>\n            <tr>\n                <td>\n                    <table class="order-items" cellpadding="0" cellspacing="0">\n                        <tbody>\n                            \n                                <tr>\n                                    <td>De Filosoof &times; 1</td>\n                                    <td class="alignright">€19.46</td>\n                                </tr>\n                            \n                            <tr>\n                                <td class="alignright">Cart total:</td>\n                                <td class="alignright">€19.46</td>\n                            </tr>\n                            <tr>\n                                <td class="alignright">Shipping:</td>\n                                <td class="alignright">€8.47</td>\n                            </tr>\n                            <tr class="total">\n                                <td class="alignright" width="80%">Order Total:</td>\n                                <td class="alignright">€27.93</td>\n                            </tr>\n                        </tbody>\n                    </table>\n                </td>\n            </tr>\n        </tbody></table>\n    </td>\n</tr>\n\n<tr>\n    <td class="content-block">\n        <p>Shipping address:</p>\n        <p>  Isaak Yosef<br/>\n          Rietveldlaan 10<br/>\n          Wageningen<br/>\n          6708 SB<br/>\n          Netherlands<br/>\n        </p>\n    </td>\n</tr>\n\n\n    <tr>\n        <td class="content-block">\n            \n            You can view the status of this order by clicking <a href="http://wereja.com/en/accounts/orders/101062/" title="order status">here</a>\n        </td>\n    </tr>\n\n\n\n                                    \n                                        <tr>\n                                            <td class="content-block">\n                                                <p>Thanks for using our site!</p>\n                                                <p>The wereja.com team</p>\n                                            </td>\n                                        </tr>\n                                    \n                                </table>\n                            </td>\n                        </tr>\n                    </table>\n                </div>\n            </td>\n            <td></td>\n        </tr>\n    </table>\n\n    </body>\n</html>	2024-12-02 07:45:58.938694+00	1	isaak@springinformatics.com
1023	መረጋገጺ ትእዛዝ (#101064)	ሰላም Isaak,\n\n\nትእዛዝኪ(ካ) (#101064) በጺሕና ኣሎ። ኣብ ሓጺር ጊዜ ከነመስርሖ ኢና።\n\nትሕዝቶ ናይ'ቲ ትእዛዝ፥\n\n * ስዋ &#x27;ቲ ፍላስፋ - ብዝሒ፥ 1 - ዋጋ፥ €19.46\n\nጠቕላላ ዋጋ ኣቕሑት፥ €19.46\nመስደዲ €8.47\nድምር ዋጋ፥ €27.93\n\nዝስደዶ ኣድራሻ፥\n\n  Isaak Yosef\n  Rietveldlaan 10\n  Wageningen\n  6708 SB\n  Netherlands\n\n\n\n\nብዛዕባ ኩነታት ትእዛዝኪ(ካ) ኣብ ዝስዕብ ገጽ ምክትታል ይከኣልዩ፥\nhttp://wereja.com/ti/accounts/orders/101064/\n\n\nወነንቲ ዱካን\n	\n<!DOCTYPE html PUBLIC "-//W3C//DTD XHTML 1.0 Transitional//EN" "http://www.w3.org/TR/xhtml1/DTD/xhtml1-transitional.dtd">\n<html xmlns="http://www.w3.org/1999/xhtml">\n    <head>\n        <meta name="viewport" content="width=device-width" />\n        <meta http-equiv="Content-Type" content="text/html; charset=UTF-8" />\n        <style>\n            * {\n              margin: 0;\n              font-family: "Helvetica Neue", Helvetica, Arial, sans-serif;\n              box-sizing: border-box;\n              font-size: 14px;\n            }\n\n            img {\n              max-width: 100%;\n            }\n\n            body {\n              -webkit-font-smoothing: antialiased;\n              -webkit-text-size-adjust: none;\n              width: 100% !important;\n              height: 100%;\n              line-height: 1.6em;\n            }\n\n            table td {\n              vertical-align: top;\n            }\n\n            body {\n              background-color: #f6f6f6;\n            }\n\n            .body-wrap {\n              background-color: #f6f6f6;\n              width: 100%;\n            }\n\n            .container {\n              display: block !important;\n              max-width: 600px !important;\n              margin: 0 auto !important;\n              clear: both !important;\n            }\n\n            .content {\n              max-width: 600px;\n              margin: 0 auto;\n              display: block;\n              padding: 20px;\n            }\n\n            .main {\n              background-color: #fff;\n              border: 1px solid #e9e9e9;\n              border-radius: 3px;\n            }\n\n            .content-wrap {\n              padding: 20px;\n            }\n\n            .content-block {\n              padding: 0 0 20px;\n            }\n\n            .header {\n              width: 100%;\n              margin-bottom: 20px;\n            }\n\n            .footer {\n              width: 100%;\n              clear: both;\n              color: #999;\n              padding: 20px;\n            }\n            .footer p, .footer a, .footer td {\n              color: #999;\n              font-size: 12px;\n            }\n\n            h1, h2, h3 {\n              font-family: "Helvetica Neue", Helvetica, Arial, "Lucida Grande", sans-serif;\n              color: #000;\n              margin: 40px 0 0;\n              line-height: 1.2em;\n              font-weight: 400;\n            }\n\n            h1 {\n              font-size: 32px;\n              font-weight: 500;\n            }\n\n            h2 {\n              font-size: 24px;\n            }\n\n            h3 {\n              font-size: 18px;\n            }\n\n            h4 {\n              font-size: 14px;\n              font-weight: 600;\n            }\n\n            p, ul, ol {\n              margin-bottom: 10px;\n              font-weight: normal;\n            }\n            p li, ul li, ol li {\n              margin-left: 5px;\n              list-style-position: inside;\n            }\n\n            a {\n              color: #348eda;\n              text-decoration: underline;\n            }\n\n            .btn-primary {\n              text-decoration: none;\n              color: #FFF;\n              background-color: #348eda;\n              border: solid #348eda;\n              border-width: 10px 20px;\n              line-height: 2em;\n              font-weight: bold;\n              text-align: center;\n              cursor: pointer;\n              display: inline-block;\n              border-radius: 5px;\n              text-transform: capitalize;\n            }\n\n            .last {\n              margin-bottom: 0;\n            }\n\n            .first {\n              margin-top: 0;\n            }\n\n            .aligncenter {\n              text-align: center;\n            }\n\n            .alignright {\n              text-align: right;\n            }\n\n            .alignleft {\n              text-align: left;\n            }\n\n            .clear {\n              clear: both;\n            }\n\n            .alert {\n              font-size: 16px;\n              color: #fff;\n              font-weight: 500;\n              padding: 20px;\n              text-align: center;\n              border-radius: 3px 3px 0 0;\n            }\n            .alert a {\n              color: #fff;\n              text-decoration: none;\n              font-weight: 500;\n              font-size: 16px;\n            }\n            .alert.alert-warning {\n              background-color: #FF9F00;\n            }\n            .alert.alert-bad {\n              background-color: #D0021B;\n            }\n            .alert.alert-good {\n              background-color: #68B90F;\n            }\n\n            .invoice {\n              margin: 40px auto;\n              text-align: left;\n              width: 80%;\n            }\n            .order {\n              text-align: left;\n              width: 100%;\n            }\n            .invoice td, .order td {\n              padding: 5px 0;\n            }\n            .invoice .invoice-items, .order .order-items {\n              width: 100%;\n            }\n            .invoice .invoice-items td, .order .order-items td {\n              border-top: #eee 1px solid;\n            }\n            .invoice .invoice-items .total td, .order .order-items .total td {\n              border-top: 2px solid #333;\n              border-bottom: 2px solid #333;\n              font-weight: 700;\n            }\n\n            @media only screen and (max-width: 640px) {\n              body {\n                padding: 0 !important;\n              }\n\n              h1, h2, h3, h4 {\n                font-weight: 800 !important;\n                margin: 20px 0 5px !important;\n              }\n\n              h1 {\n                font-size: 22px !important;\n              }\n\n              h2 {\n                font-size: 18px !important;\n              }\n\n              h3 {\n                font-size: 16px !important;\n              }\n\n              .container {\n                padding: 0 !important;\n                width: 100% !important;\n              }\n\n              .content {\n                padding: 0 !important;\n              }\n\n              .content-wrap {\n                padding: 10px !important;\n              }\n\n              .invoice {\n                width: 100% !important;\n              }\n\n              .order {\n                width: 100% !important;\n              }\n            }\n\n        </style>\n    </head>\n\n    <body itemscope itemtype="http://schema.org/EmailMessage">\n\n    <table class="body-wrap">\n        <tr>\n            <td></td>\n            <td class="container" width="600">\n                <div class="content">\n                    <table class="main" width="100%" cellpadding="0" cellspacing="0" itemprop="action" itemscope itemtype="http://schema.org/ConfirmAction">\n                        <tr>\n                            <td class="content-wrap">\n                                <table width="100%" cellpadding="0" cellspacing="0">\n                                    \n                                    \n<tr>\n    <td class="content-block">\n        <p xmlns="http://www.w3.org/1999/html">ሰላም Isaak,</p>\n        <p>ትእዛዝኪ(ካ) (#101064) በጺሕና ኣሎ።\n        ኣብ ሓጺር ጊዜ ከነመስርሖ ኢና።</p>\n    </td>\n</tr>\n\n<tr>\n    <td class="content-block">\n        <table class="order">\n            <tbody><tr>\n                <td>ትሕዝቶ ናይ'ቲ ትእዛዝ፥</td>\n            </tr>\n            <tr>\n                <td>\n                    <table class="order-items" cellpadding="0" cellspacing="0">\n                        <tbody>\n                            \n                                <tr>\n                                    <td>ስዋ &#x27;ቲ ፍላስፋ &times; 1</td>\n                                    <td class="alignright">€19.46</td>\n                                </tr>\n                            \n                            <tr>\n                                <td class="alignright">ጠቕላላ ዋጋ ኣቕሑት፥</td>\n                                <td class="alignright">€19.46</td>\n                            </tr>\n                            <tr>\n                                <td class="alignright">መስደዲ</td>\n                                <td class="alignright">€8.47</td>\n                            </tr>\n                            <tr class="total">\n                                <td class="alignright" width="80%">ድምር ዋጋ፥</td>\n                                <td class="alignright">€27.93</td>\n                            </tr>\n                        </tbody>\n                    </table>\n                </td>\n            </tr>\n        </tbody></table>\n    </td>\n</tr>\n\n<tr>\n    <td class="content-block">\n        <p>ዝስደዶ ኣድራሻ፥</p>\n        <p>  Isaak Yosef<br/>\n          Rietveldlaan 10<br/>\n          Wageningen<br/>\n          6708 SB<br/>\n          Netherlands<br/>\n        </p>\n    </td>\n</tr>\n\n\n    <tr>\n        <td class="content-block">\n            \n            ብዛዕባ ኩነታት ትእዛዝኪ(ካ) <a href="http://wereja.com/ti/accounts/orders/101064/" title="order status">ኣብዚ</a> ተኸታተሊ(ል)።\n        </td>\n    </tr>\n\n\n\n                                    \n                                        <tr>\n                                            <td class="content-block">\n                                                <p>የቐንየልና!</p>\n                                                <p>ኣካየድቲ wereja.com</p>\n                                            </td>\n                                        </tr>\n                                    \n                                </table>\n                            </td>\n                        </tr>\n                    </table>\n                </div>\n            </td>\n            <td></td>\n        </tr>\n    </table>\n\n    </body>\n</html>	2024-12-06 13:41:53.029095+00	1	isaak@springinformatics.com
1024	Confirmation of order (#101046)	Hello Isaak,\n\n\nWe are pleased to confirm your order (#101046) has been received and\nwill be processed shortly.\n\nYour order contains:\n\n * Habeshawit - quantity: 1 - price: €18.15\n * Axum Zuria - quantity: 1 - price: €423.50\n * De Filosoof - quantity: 1 - price: €13.63\n\nCart total: €455.28\nShipping: €14.52\nOrder Total: €469.80\n\nShipping address:\n\n  Isaak Y\n  Rietveldlaan 10\n  Wageningen\n  Gelderland\n  6708SB\n  Netherlands\n\n\n\n\nYou can view the status of this order at the below URL:\nhttp://wereja.com/en/accounts/orders/101046/\n\n\nThe team\n	\n<!DOCTYPE html PUBLIC "-//W3C//DTD XHTML 1.0 Transitional//EN" "http://www.w3.org/TR/xhtml1/DTD/xhtml1-transitional.dtd">\n<html xmlns="http://www.w3.org/1999/xhtml">\n    <head>\n        <meta name="viewport" content="width=device-width" />\n        <meta http-equiv="Content-Type" content="text/html; charset=UTF-8" />\n        <style>\n            * {\n              margin: 0;\n              font-family: "Helvetica Neue", Helvetica, Arial, sans-serif;\n              box-sizing: border-box;\n              font-size: 14px;\n            }\n\n            img {\n              max-width: 100%;\n            }\n\n            body {\n              -webkit-font-smoothing: antialiased;\n              -webkit-text-size-adjust: none;\n              width: 100% !important;\n              height: 100%;\n              line-height: 1.6em;\n            }\n\n            table td {\n              vertical-align: top;\n            }\n\n            body {\n              background-color: #f6f6f6;\n            }\n\n            .body-wrap {\n              background-color: #f6f6f6;\n              width: 100%;\n            }\n\n            .container {\n              display: block !important;\n              max-width: 600px !important;\n              margin: 0 auto !important;\n              clear: both !important;\n            }\n\n            .content {\n              max-width: 600px;\n              margin: 0 auto;\n              display: block;\n              padding: 20px;\n            }\n\n            .main {\n              background-color: #fff;\n              border: 1px solid #e9e9e9;\n              border-radius: 3px;\n            }\n\n            .content-wrap {\n              padding: 20px;\n            }\n\n            .content-block {\n              padding: 0 0 20px;\n            }\n\n            .header {\n              width: 100%;\n              margin-bottom: 20px;\n            }\n\n            .footer {\n              width: 100%;\n              clear: both;\n              color: #999;\n              padding: 20px;\n            }\n            .footer p, .footer a, .footer td {\n              color: #999;\n              font-size: 12px;\n            }\n\n            h1, h2, h3 {\n              font-family: "Helvetica Neue", Helvetica, Arial, "Lucida Grande", sans-serif;\n              color: #000;\n              margin: 40px 0 0;\n              line-height: 1.2em;\n              font-weight: 400;\n            }\n\n            h1 {\n              font-size: 32px;\n              font-weight: 500;\n            }\n\n            h2 {\n              font-size: 24px;\n            }\n\n            h3 {\n              font-size: 18px;\n            }\n\n            h4 {\n              font-size: 14px;\n              font-weight: 600;\n            }\n\n            p, ul, ol {\n              margin-bottom: 10px;\n              font-weight: normal;\n            }\n            p li, ul li, ol li {\n              margin-left: 5px;\n              list-style-position: inside;\n            }\n\n            a {\n              color: #348eda;\n              text-decoration: underline;\n            }\n\n            .btn-primary {\n              text-decoration: none;\n              color: #FFF;\n              background-color: #348eda;\n              border: solid #348eda;\n              border-width: 10px 20px;\n              line-height: 2em;\n              font-weight: bold;\n              text-align: center;\n              cursor: pointer;\n              display: inline-block;\n              border-radius: 5px;\n              text-transform: capitalize;\n            }\n\n            .last {\n              margin-bottom: 0;\n            }\n\n            .first {\n              margin-top: 0;\n            }\n\n            .aligncenter {\n              text-align: center;\n            }\n\n            .alignright {\n              text-align: right;\n            }\n\n            .alignleft {\n              text-align: left;\n            }\n\n            .clear {\n              clear: both;\n            }\n\n            .alert {\n              font-size: 16px;\n              color: #fff;\n              font-weight: 500;\n              padding: 20px;\n              text-align: center;\n              border-radius: 3px 3px 0 0;\n            }\n            .alert a {\n              color: #fff;\n              text-decoration: none;\n              font-weight: 500;\n              font-size: 16px;\n            }\n            .alert.alert-warning {\n              background-color: #FF9F00;\n            }\n            .alert.alert-bad {\n              background-color: #D0021B;\n            }\n            .alert.alert-good {\n              background-color: #68B90F;\n            }\n\n            .invoice {\n              margin: 40px auto;\n              text-align: left;\n              width: 80%;\n            }\n            .order {\n              text-align: left;\n              width: 100%;\n            }\n            .invoice td, .order td {\n              padding: 5px 0;\n            }\n            .invoice .invoice-items, .order .order-items {\n              width: 100%;\n            }\n            .invoice .invoice-items td, .order .order-items td {\n              border-top: #eee 1px solid;\n            }\n            .invoice .invoice-items .total td, .order .order-items .total td {\n              border-top: 2px solid #333;\n              border-bottom: 2px solid #333;\n              font-weight: 700;\n            }\n\n            @media only screen and (max-width: 640px) {\n              body {\n                padding: 0 !important;\n              }\n\n              h1, h2, h3, h4 {\n                font-weight: 800 !important;\n                margin: 20px 0 5px !important;\n              }\n\n              h1 {\n                font-size: 22px !important;\n              }\n\n              h2 {\n                font-size: 18px !important;\n              }\n\n              h3 {\n                font-size: 16px !important;\n              }\n\n              .container {\n                padding: 0 !important;\n                width: 100% !important;\n              }\n\n              .content {\n                padding: 0 !important;\n              }\n\n              .content-wrap {\n                padding: 10px !important;\n              }\n\n              .invoice {\n                width: 100% !important;\n              }\n\n              .order {\n                width: 100% !important;\n              }\n            }\n\n        </style>\n    </head>\n\n    <body itemscope itemtype="http://schema.org/EmailMessage">\n\n    <table class="body-wrap">\n        <tr>\n            <td></td>\n            <td class="container" width="600">\n                <div class="content">\n                    <table class="main" width="100%" cellpadding="0" cellspacing="0" itemprop="action" itemscope itemtype="http://schema.org/ConfirmAction">\n                        <tr>\n                            <td class="content-wrap">\n                                <table width="100%" cellpadding="0" cellspacing="0">\n                                    \n                                    \n<tr>\n    <td class="content-block">\n        <p xmlns="http://www.w3.org/1999/html">Hello Isaak,</p>\n        <p>We are pleased to confirm your order (#101046) has been received and\n        will be processed shortly.</p>\n    </td>\n</tr>\n\n<tr>\n    <td class="content-block">\n        <table class="order">\n            <tbody><tr>\n                <td>Your order contains:</td>\n            </tr>\n            <tr>\n                <td>\n                    <table class="order-items" cellpadding="0" cellspacing="0">\n                        <tbody>\n                            \n                                <tr>\n                                    <td>Habeshawit &times; 1</td>\n                                    <td class="alignright">€18.15</td>\n                                </tr>\n                            \n                                <tr>\n                                    <td>Axum Zuria &times; 1</td>\n                                    <td class="alignright">€423.50</td>\n                                </tr>\n                            \n                                <tr>\n                                    <td>De Filosoof &times; 1</td>\n                                    <td class="alignright">€13.63</td>\n                                </tr>\n                            \n                            <tr>\n                                <td class="alignright">Cart total:</td>\n                                <td class="alignright">€455.28</td>\n                            </tr>\n                            <tr>\n                                <td class="alignright">Shipping:</td>\n                                <td class="alignright">€14.52</td>\n                            </tr>\n                            <tr class="total">\n                                <td class="alignright" width="80%">Order Total:</td>\n                                <td class="alignright">€469.80</td>\n                            </tr>\n                        </tbody>\n                    </table>\n                </td>\n            </tr>\n        </tbody></table>\n    </td>\n</tr>\n\n<tr>\n    <td class="content-block">\n        <p>Shipping address:</p>\n        <p>  Isaak Y<br/>\n          Rietveldlaan 10<br/>\n          Wageningen<br/>\n          Gelderland<br/>\n          6708SB<br/>\n          Netherlands<br/>\n        </p>\n    </td>\n</tr>\n\n\n    <tr>\n        <td class="content-block">\n            \n            You can view the status of this order by clicking <a href="http://wereja.com/en/accounts/orders/101046/" title="order status">here</a>\n        </td>\n    </tr>\n\n\n\n                                    \n                                        <tr>\n                                            <td class="content-block">\n                                                <p>Thanks for using our site!</p>\n                                                <p>The wereja.com team</p>\n                                            </td>\n                                        </tr>\n                                    \n                                </table>\n                            </td>\n                        </tr>\n                    </table>\n                </div>\n            </td>\n            <td></td>\n        </tr>\n    </table>\n\n    </body>\n</html>	2024-12-06 22:45:23.598969+00	2	isaakyo@yahoo.com
1025	Confirmation of order (#101068)	Hello Isaak,\n\n\nWe are pleased to confirm your order (#101068) has been received and\nwill be processed shortly.\n\nYour order contains:\n\n * De Filosoof - quantity: 1 - price: €19.46\n * Axum Zuria - quantity: 1 - price: €423.50\n * aynfelale - quantity: 1 - price: €32.16\n\nCart total: €475.12\nShipping: €0.00\nOrder Total: €475.12\n\nShipping address:\n\n  Isaak Yosef\n  Rietveldlaan 10\n  Wageningen\n  6708 SB\n  Netherlands\n\n\n\n\nYou can view the status of this order at the below URL:\nhttp://wereja.com/en/accounts/orders/101068/\n\n\nThe team\n	\n<!DOCTYPE html PUBLIC "-//W3C//DTD XHTML 1.0 Transitional//EN" "http://www.w3.org/TR/xhtml1/DTD/xhtml1-transitional.dtd">\n<html xmlns="http://www.w3.org/1999/xhtml">\n    <head>\n        <meta name="viewport" content="width=device-width" />\n        <meta http-equiv="Content-Type" content="text/html; charset=UTF-8" />\n        <style>\n            * {\n              margin: 0;\n              font-family: "Helvetica Neue", Helvetica, Arial, sans-serif;\n              box-sizing: border-box;\n              font-size: 14px;\n            }\n\n            img {\n              max-width: 100%;\n            }\n\n            body {\n              -webkit-font-smoothing: antialiased;\n              -webkit-text-size-adjust: none;\n              width: 100% !important;\n              height: 100%;\n              line-height: 1.6em;\n            }\n\n            table td {\n              vertical-align: top;\n            }\n\n            body {\n              background-color: #f6f6f6;\n            }\n\n            .body-wrap {\n              background-color: #f6f6f6;\n              width: 100%;\n            }\n\n            .container {\n              display: block !important;\n              max-width: 600px !important;\n              margin: 0 auto !important;\n              clear: both !important;\n            }\n\n            .content {\n              max-width: 600px;\n              margin: 0 auto;\n              display: block;\n              padding: 20px;\n            }\n\n            .main {\n              background-color: #fff;\n              border: 1px solid #e9e9e9;\n              border-radius: 3px;\n            }\n\n            .content-wrap {\n              padding: 20px;\n            }\n\n            .content-block {\n              padding: 0 0 20px;\n            }\n\n            .header {\n              width: 100%;\n              margin-bottom: 20px;\n            }\n\n            .footer {\n              width: 100%;\n              clear: both;\n              color: #999;\n              padding: 20px;\n            }\n            .footer p, .footer a, .footer td {\n              color: #999;\n              font-size: 12px;\n            }\n\n            h1, h2, h3 {\n              font-family: "Helvetica Neue", Helvetica, Arial, "Lucida Grande", sans-serif;\n              color: #000;\n              margin: 40px 0 0;\n              line-height: 1.2em;\n              font-weight: 400;\n            }\n\n            h1 {\n              font-size: 32px;\n              font-weight: 500;\n            }\n\n            h2 {\n              font-size: 24px;\n            }\n\n            h3 {\n              font-size: 18px;\n            }\n\n            h4 {\n              font-size: 14px;\n              font-weight: 600;\n            }\n\n            p, ul, ol {\n              margin-bottom: 10px;\n              font-weight: normal;\n            }\n            p li, ul li, ol li {\n              margin-left: 5px;\n              list-style-position: inside;\n            }\n\n            a {\n              color: #348eda;\n              text-decoration: underline;\n            }\n\n            .btn-primary {\n              text-decoration: none;\n              color: #FFF;\n              background-color: #348eda;\n              border: solid #348eda;\n              border-width: 10px 20px;\n              line-height: 2em;\n              font-weight: bold;\n              text-align: center;\n              cursor: pointer;\n              display: inline-block;\n              border-radius: 5px;\n              text-transform: capitalize;\n            }\n\n            .last {\n              margin-bottom: 0;\n            }\n\n            .first {\n              margin-top: 0;\n            }\n\n            .aligncenter {\n              text-align: center;\n            }\n\n            .alignright {\n              text-align: right;\n            }\n\n            .alignleft {\n              text-align: left;\n            }\n\n            .clear {\n              clear: both;\n            }\n\n            .alert {\n              font-size: 16px;\n              color: #fff;\n              font-weight: 500;\n              padding: 20px;\n              text-align: center;\n              border-radius: 3px 3px 0 0;\n            }\n            .alert a {\n              color: #fff;\n              text-decoration: none;\n              font-weight: 500;\n              font-size: 16px;\n            }\n            .alert.alert-warning {\n              background-color: #FF9F00;\n            }\n            .alert.alert-bad {\n              background-color: #D0021B;\n            }\n            .alert.alert-good {\n              background-color: #68B90F;\n            }\n\n            .invoice {\n              margin: 40px auto;\n              text-align: left;\n              width: 80%;\n            }\n            .order {\n              text-align: left;\n              width: 100%;\n            }\n            .invoice td, .order td {\n              padding: 5px 0;\n            }\n            .invoice .invoice-items, .order .order-items {\n              width: 100%;\n            }\n            .invoice .invoice-items td, .order .order-items td {\n              border-top: #eee 1px solid;\n            }\n            .invoice .invoice-items .total td, .order .order-items .total td {\n              border-top: 2px solid #333;\n              border-bottom: 2px solid #333;\n              font-weight: 700;\n            }\n\n            @media only screen and (max-width: 640px) {\n              body {\n                padding: 0 !important;\n              }\n\n              h1, h2, h3, h4 {\n                font-weight: 800 !important;\n                margin: 20px 0 5px !important;\n              }\n\n              h1 {\n                font-size: 22px !important;\n              }\n\n              h2 {\n                font-size: 18px !important;\n              }\n\n              h3 {\n                font-size: 16px !important;\n              }\n\n              .container {\n                padding: 0 !important;\n                width: 100% !important;\n              }\n\n              .content {\n                padding: 0 !important;\n              }\n\n              .content-wrap {\n                padding: 10px !important;\n              }\n\n              .invoice {\n                width: 100% !important;\n              }\n\n              .order {\n                width: 100% !important;\n              }\n            }\n\n        </style>\n    </head>\n\n    <body itemscope itemtype="http://schema.org/EmailMessage">\n\n    <table class="body-wrap">\n        <tr>\n            <td></td>\n            <td class="container" width="600">\n                <div class="content">\n                    <table class="main" width="100%" cellpadding="0" cellspacing="0" itemprop="action" itemscope itemtype="http://schema.org/ConfirmAction">\n                        <tr>\n                            <td class="content-wrap">\n                                <table width="100%" cellpadding="0" cellspacing="0">\n                                    \n                                    \n<tr>\n    <td class="content-block">\n        <p xmlns="http://www.w3.org/1999/html">Hello Isaak,</p>\n        <p>We are pleased to confirm your order (#101068) has been received and\n        will be processed shortly.</p>\n    </td>\n</tr>\n\n<tr>\n    <td class="content-block">\n        <table class="order">\n            <tbody><tr>\n                <td>Your order contains:</td>\n            </tr>\n            <tr>\n                <td>\n                    <table class="order-items" cellpadding="0" cellspacing="0">\n                        <tbody>\n                            \n                                <tr>\n                                    <td>De Filosoof &times; 1</td>\n                                    <td class="alignright">€19.46</td>\n                                </tr>\n                            \n                                <tr>\n                                    <td>Axum Zuria &times; 1</td>\n                                    <td class="alignright">€423.50</td>\n                                </tr>\n                            \n                                <tr>\n                                    <td>aynfelale &times; 1</td>\n                                    <td class="alignright">€32.16</td>\n                                </tr>\n                            \n                            <tr>\n                                <td class="alignright">Cart total:</td>\n                                <td class="alignright">€475.12</td>\n                            </tr>\n                            <tr>\n                                <td class="alignright">Shipping:</td>\n                                <td class="alignright">€0.00</td>\n                            </tr>\n                            <tr class="total">\n                                <td class="alignright" width="80%">Order Total:</td>\n                                <td class="alignright">€475.12</td>\n                            </tr>\n                        </tbody>\n                    </table>\n                </td>\n            </tr>\n        </tbody></table>\n    </td>\n</tr>\n\n<tr>\n    <td class="content-block">\n        <p>Shipping address:</p>\n        <p>  Isaak Yosef<br/>\n          Rietveldlaan 10<br/>\n          Wageningen<br/>\n          6708 SB<br/>\n          Netherlands<br/>\n        </p>\n    </td>\n</tr>\n\n\n    <tr>\n        <td class="content-block">\n            \n            You can view the status of this order by clicking <a href="http://wereja.com/en/accounts/orders/101068/" title="order status">here</a>\n        </td>\n    </tr>\n\n\n\n                                    \n                                        <tr>\n                                            <td class="content-block">\n                                                <p>Thanks for using our site!</p>\n                                                <p>The wereja.com team</p>\n                                            </td>\n                                        </tr>\n                                    \n                                </table>\n                            </td>\n                        </tr>\n                    </table>\n                </div>\n            </td>\n            <td></td>\n        </tr>\n    </table>\n\n    </body>\n</html>	2024-12-07 11:09:46.296184+00	1	isaak@springinformatics.com
\.


--
-- Data for Name: communication_notification; Type: TABLE DATA; Schema: public; Owner: postgres
--

COPY public.communication_notification (id, subject, body, location, date_sent, date_read, recipient_id, sender_id) FROM stdin;
1	Golden Zuria is back in stock	<a href="/en/catalogue/golden-zuria_26/">Golden Zuria</a> is back in stock	Inbox	2024-06-04 07:21:39.357269+00	2024-06-04 07:37:36.367276+00	3	\N
2	መብሊዒ ቁርሲ ናብ ዕዳጋ ቀሪቡ ኣሎ	<a href="/ti/catalogue/baskets_23/">መብሊዒ ቁርሲ</a> ናብ ዕዳጋ ቀሪቡ ኣሎ።	Inbox	2024-06-07 12:56:52.878031+00	2024-06-07 13:01:12.112606+00	3	\N
3	Mes / Tej is back in stock	<a href="/en/catalogue/mes-tej_9/">Mes / Tej</a> is back in stock	Inbox	2024-07-15 10:06:44.78056+00	2024-07-15 21:51:39.471718+00	2	\N
4	ስዋ &#x27;ቲ ፍላስፋ ናብ ዕዳጋ ቀሪቡ ኣሎ	<a href="/ti/catalogue/de-filosof_8/">ስዋ &#x27;ቲ ፍላስፋ</a> ናብ ዕዳጋ ቀሪቡ ኣሎ።	Inbox	2024-08-03 13:20:16.858233+00	2024-08-03 16:57:05.106131+00	1	\N
29	De Filosoof is back in stock	<a href="/en/catalogue/de-filosof_8/">De Filosoof</a> is back in stock	Inbox	2024-10-05 09:55:23.469839+00	2024-10-18 16:11:09.329048+00	1	\N
30	De Filosoof is back in stock	<a href="/en/catalogue/de-filosof_8/">De Filosoof</a> is back in stock	Inbox	2024-10-05 09:55:23.480906+00	2024-10-25 20:42:20.141198+00	2	\N
\.


--
-- Data for Name: cookie_consent_cookie; Type: TABLE DATA; Schema: public; Owner: wenani_wereja
--

COPY public.cookie_consent_cookie (id, name, description, path, domain, created, cookiegroup_id, description_en, description_la, description_nl, description_ti, name_en, name_la, name_nl, name_ti) FROM stdin;
1	Google_Analytics	Google analytics cookies may be used to customize and improve user's web browsing across sites.	/		2024-08-29 08:35:59.248184+00	1	Google analytics cookies may be used to customize and improve user's web browsing across sites.	Google analytics cookies may be used to customize and improve user's web browsing across sites.	Google analytics cookies may be used to customize and improve user's web browsing across sites.	ጉግል ኣናልይቲክስ (Google Analytics) ንናይ ተጠቃሚ  ተመኩሮ ኣብ ዝተፈላለዩ ድሕረ-ገጻት ንምምሕያሽ፣ ክምኡዉን ንተጠቃሚ ብዝሰማማዕ ትሕዝቶ ንምቕራብ ኣብ መዓላ ዝኸዉን ሓቤረታ ይእክብ። እዚ ኩኪ ምቕባል ናይ ግድን ኣይኮነን።	Google_Analytics	Google_Analytics	Google_Analytics	Google_Analytics
2	csrftoken	This cookie is necessary to protect the user from cross-site forgery malwares.	/		2024-08-29 08:37:23.373337+00	2	This cookie is necessary to protect the user from cross-site forgery malwares.	This cookie is necessary to protect the user from cross-site forgery malwares.	This cookie is necessary to protect the user from cross-site forgery malwares.	እዚ ኩኪዚ ኣንጻር መታለልቲ ማል-ዌራት ንምክልኻል ኣድላዪ እዩ።	csrftoken	csrftoken	csrftoken	csrftoken
3	sessionid	This cookie is necessary to save the user's browsing data in this website in order to customize some services of this application to the user. It helps to improve the user's experience in the website.	/		2024-08-29 08:38:38.422706+00	2	This cookie is necessary to save the user's browsing data in this website in order to customize some services of this application to the user. It helps to improve the user's experience in the website.		This cookie is necessary to save the user's browsing data in this website in order to customize some services of this application to the user. It helps to improve the user's experience in the website.	እዚ ኩኪ ነዚ ድሕር-ገጽ ብግቡእ ንኽሰርሕ ኣድላዩ እዩ። ናይ ተጠቃሚ ንጥፈታት ኣብዚ ድሕረ-ገጽ ብምዝካር ነዚ መተግበሪ ንኽሰርሕ ይጠቅም። ክምኡዉን ብፍላይ ነቲ ተጠቃሚ ዝቃደዉ ትሕዝቶ ንምርኣይ ይሕግዝ።	sessionid	sessionid	sessionid	sessionid
\.


--
-- Data for Name: cookie_consent_cookiegroup; Type: TABLE DATA; Schema: public; Owner: wenani_wereja
--

COPY public.cookie_consent_cookiegroup (id, varname, name, description, is_required, is_deletable, ordering, created, description_en, description_la, description_nl, description_ti, name_en, name_la, name_nl, name_ti) FROM stdin;
2	required	Required Cookies	The following cookies are required for the website to function properly.	t	t	1	2024-08-29 08:32:42.098961+00	The following cookies are required for the website to function properly.	The following cookies are required for the website to function properly.	The following cookies are required for the website to function properly.	እዞም ዝስዕቡ ኩኪታት ነዚ ድሕረ-ገጽ ብግቡእ ንክሰርሕ ኣድለይቲ እዮም።	Required Cookies	Required Cookies	Required Cookies	ኣድለይቲ ኩኪታት
1	analytics	Analytics	The following optional cookies may be used to improve user's experience across web.	f	t	2	2024-08-29 08:31:03.886633+00	The following optional cookies may be used to improve user's experience across web.		The following optional cookies may be used to improve user's experience across web.	እዞም ዝስዕቡ ኩኪታት ንናይ ተጠቃሚ ተሞክሮ ኣብ ዝተፈላላለዩ ድሕረ-ገጻት ንምምሕያሽ ክጠቕሙ ይኽሉ እዮም። ናይ ግድን ኣይኮኑን ተጠቃሚ ክቕበሎም።	Analytics	\N	Analytics	መጽናዕታዊ
\.


--
-- Data for Name: cookie_consent_logitem; Type: TABLE DATA; Schema: public; Owner: wenani_wereja
--

COPY public.cookie_consent_logitem (id, action, version, created, cookiegroup_id) FROM stdin;
1	1	2024-08-29T08:35:59.248184+00:00	2024-08-29 08:39:34.538796+00	1
2	1	2024-08-29T08:35:59.248184+00:00	2024-08-29 12:19:16.195631+00	1
3	1	2024-08-29T08:35:59.248184+00:00	2024-08-29 15:26:27.674356+00	1
4	1	2024-08-29T08:35:59.248184+00:00	2024-09-03 07:06:05.624674+00	1
5	1	2024-08-29T08:35:59.248184+00:00	2024-09-03 07:29:19.907455+00	1
6	1	2024-08-29T08:35:59.248184+00:00	2024-09-03 18:12:28.320299+00	1
7	1	2024-08-29T08:35:59.248184+00:00	2024-09-06 15:00:34.851447+00	1
8	1	2024-08-29T08:35:59.248184+00:00	2024-09-06 15:02:38.557509+00	1
9	1	2024-08-29T08:35:59.248184+00:00	2024-09-06 17:44:41.388897+00	1
10	1	2024-08-29T08:35:59.248184+00:00	2024-09-07 20:44:53.791064+00	1
11	1	2024-08-29T08:35:59.248184+00:00	2024-09-09 11:41:45.904672+00	1
12	1	2024-08-29T08:35:59.248184+00:00	2024-09-09 13:25:08.260388+00	1
13	1	2024-08-29T08:35:59.248184+00:00	2024-09-09 19:58:45.670016+00	1
14	1	2024-08-29T08:35:59.248184+00:00	2024-09-11 12:32:58.394315+00	1
15	1	2024-08-29T08:35:59.248184+00:00	2024-09-12 13:32:52.984277+00	1
16	1	2024-08-29T08:35:59.248184+00:00	2024-09-13 20:35:43.42749+00	1
17	1	2024-08-29T08:35:59.248184+00:00	2024-09-17 14:30:51.967968+00	1
18	1	2024-08-29T08:35:59.248184+00:00	2024-09-18 14:27:59.424758+00	1
19	1	2024-08-29T08:35:59.248184+00:00	2024-09-18 15:29:01.003004+00	1
20	1	2024-08-29T08:35:59.248184+00:00	2024-09-23 07:34:04.516031+00	1
21	1	2024-08-29T08:35:59.248184+00:00	2024-09-26 14:24:46.056546+00	1
22	1	2024-08-29T08:35:59.248184+00:00	2024-09-26 19:10:08.73809+00	1
23	1	2024-08-29T08:35:59.248184+00:00	2024-09-28 07:14:14.331281+00	1
24	1	2024-08-29T08:35:59.248184+00:00	2024-10-01 07:15:56.793985+00	1
25	1	2024-08-29T08:35:59.248184+00:00	2024-10-01 07:31:49.1506+00	1
26	1	2024-08-29T08:35:59.248184+00:00	2024-10-01 19:41:02.909206+00	1
27	1	2024-08-29T08:35:59.248184+00:00	2024-10-02 13:33:18.437149+00	1
28	1	2024-08-29T08:35:59.248184+00:00	2024-10-02 13:35:38.094701+00	1
29	1	2024-08-29T08:35:59.248184+00:00	2024-10-05 08:56:26.923807+00	1
30	1	2024-08-29T08:35:59.248184+00:00	2024-10-08 07:54:52.209756+00	1
31	1	2024-08-29T08:35:59.248184+00:00	2024-10-10 07:12:00.805986+00	1
32	1	2024-08-29T08:35:59.248184+00:00	2024-10-11 09:37:33.92695+00	1
33	1	2024-08-29T08:35:59.248184+00:00	2024-10-11 17:00:55.770959+00	1
34	1	2024-08-29T08:35:59.248184+00:00	2024-10-14 15:36:28.644322+00	1
35	1	2024-08-29T08:35:59.248184+00:00	2024-10-14 18:20:22.933925+00	1
36	1	2024-08-29T08:35:59.248184+00:00	2024-10-15 11:50:23.76332+00	1
37	1	2024-08-29T08:35:59.248184+00:00	2024-10-18 15:57:32.429129+00	1
38	1	2024-08-29T08:35:59.248184+00:00	2024-10-18 16:03:03.08712+00	1
39	1	2024-08-29T08:35:59.248184+00:00	2024-10-18 20:53:24.311652+00	1
40	1	2024-08-29T08:35:59.248184+00:00	2024-10-19 09:26:35.769366+00	1
41	1	2024-08-29T08:35:59.248184+00:00	2024-10-21 07:09:33.953161+00	1
42	1	2024-08-29T08:35:59.248184+00:00	2024-10-21 12:21:48.435602+00	1
43	1	2024-08-29T08:35:59.248184+00:00	2024-10-22 07:07:09.185294+00	1
44	1	2024-08-29T08:35:59.248184+00:00	2024-10-22 12:22:49.783917+00	1
45	1	2024-08-29T08:35:59.248184+00:00	2024-10-22 12:24:09.479752+00	1
46	1	2024-08-29T08:35:59.248184+00:00	2024-10-22 13:11:16.453697+00	1
47	1	2024-08-29T08:35:59.248184+00:00	2024-10-22 15:45:56.764169+00	1
48	1	2024-08-29T08:35:59.248184+00:00	2024-10-23 07:18:13.514518+00	1
49	1	2024-08-29T08:35:59.248184+00:00	2024-10-23 19:23:43.323934+00	1
50	1	2024-08-29T08:35:59.248184+00:00	2024-10-24 07:35:35.405628+00	1
51	1	2024-08-29T08:35:59.248184+00:00	2024-10-24 07:38:19.780526+00	1
52	1	2024-08-29T08:35:59.248184+00:00	2024-10-25 20:13:48.17753+00	1
53	1	2024-08-29T08:35:59.248184+00:00	2024-10-25 20:42:01.67417+00	1
54	1	2024-08-29T08:35:59.248184+00:00	2024-10-26 17:04:54.933197+00	1
55	1	2024-08-29T08:35:59.248184+00:00	2024-10-26 17:14:19.987034+00	1
56	1	2024-08-29T08:35:59.248184+00:00	2024-10-27 06:48:40.666309+00	1
57	1	2024-08-29T08:35:59.248184+00:00	2024-10-27 19:42:42.067903+00	1
58	1	2024-08-29T08:35:59.248184+00:00	2024-10-27 20:24:32.094487+00	1
59	1	2024-08-29T08:35:59.248184+00:00	2024-10-31 10:09:10.11313+00	1
60	1	2024-08-29T08:35:59.248184+00:00	2024-11-01 13:05:16.722816+00	1
61	1	2024-08-29T08:35:59.248184+00:00	2024-11-04 08:16:02.705403+00	1
62	1	2024-08-29T08:35:59.248184+00:00	2024-11-04 11:12:34.642808+00	1
63	1	2024-08-29T08:35:59.248184+00:00	2024-11-04 15:37:28.670333+00	1
64	1	2024-08-29T08:35:59.248184+00:00	2024-11-06 18:11:41.928187+00	1
65	1	2024-08-29T08:35:59.248184+00:00	2024-11-07 14:34:30.981784+00	1
66	1	2024-08-29T08:35:59.248184+00:00	2024-11-07 14:48:35.047207+00	1
67	1	2024-08-29T08:35:59.248184+00:00	2024-11-07 14:54:30.183312+00	1
68	1	2024-08-29T08:35:59.248184+00:00	2024-11-07 17:14:21.927618+00	1
69	1	2024-08-29T08:35:59.248184+00:00	2024-11-07 20:45:27.521594+00	1
70	1	2024-08-29T08:35:59.248184+00:00	2024-11-07 20:52:22.015189+00	1
71	1	2024-08-29T08:35:59.248184+00:00	2024-11-08 09:36:37.797421+00	1
72	1	2024-08-29T08:35:59.248184+00:00	2024-11-08 11:06:29.455576+00	1
73	1	2024-08-29T08:35:59.248184+00:00	2024-11-08 11:44:36.335852+00	1
74	1	2024-08-29T08:35:59.248184+00:00	2024-11-08 11:46:10.872734+00	1
75	1	2024-08-29T08:35:59.248184+00:00	2024-11-08 14:40:01.096919+00	1
76	1	2024-08-29T08:35:59.248184+00:00	2024-11-08 14:43:10.249086+00	1
77	1	2024-08-29T08:35:59.248184+00:00	2024-11-08 16:50:49.482525+00	1
78	1	2024-08-29T08:35:59.248184+00:00	2024-11-08 17:09:09.860394+00	1
79	1	2024-08-29T08:35:59.248184+00:00	2024-11-08 17:12:34.248038+00	1
80	1	2024-08-29T08:35:59.248184+00:00	2024-11-08 17:13:46.555907+00	1
81	1	2024-08-29T08:35:59.248184+00:00	2024-11-08 18:30:36.436224+00	1
82	1	2024-08-29T08:35:59.248184+00:00	2024-11-09 07:31:17.470324+00	1
83	1	2024-08-29T08:35:59.248184+00:00	2024-11-09 14:05:19.043393+00	1
84	1	2024-08-29T08:35:59.248184+00:00	2024-11-09 14:08:33.025017+00	1
85	1	2024-08-29T08:35:59.248184+00:00	2024-11-10 11:38:58.553472+00	1
86	1	2024-08-29T08:35:59.248184+00:00	2024-11-12 08:00:15.580798+00	1
87	1	2024-08-29T08:35:59.248184+00:00	2024-11-12 08:06:35.138842+00	1
88	1	2024-08-29T08:35:59.248184+00:00	2024-11-12 08:10:16.985865+00	1
89	1	2024-08-29T08:35:59.248184+00:00	2024-11-12 08:10:58.712528+00	1
90	1	2024-08-29T08:35:59.248184+00:00	2024-11-12 08:11:01.783637+00	1
91	1	2024-08-29T08:35:59.248184+00:00	2024-11-12 08:12:33.662053+00	1
92	1	2024-08-29T08:35:59.248184+00:00	2024-11-12 08:15:32.096167+00	1
93	1	2024-08-29T08:35:59.248184+00:00	2024-11-12 08:17:31.398959+00	1
94	1	2024-08-29T08:35:59.248184+00:00	2024-11-12 08:33:07.729812+00	1
95	1	2024-08-29T08:35:59.248184+00:00	2024-11-12 09:04:35.849862+00	1
96	1	2024-08-29T08:35:59.248184+00:00	2024-11-12 13:54:39.232239+00	1
97	1	2024-08-29T08:35:59.248184+00:00	2024-11-13 14:52:31.059765+00	1
98	1	2024-08-29T08:35:59.248184+00:00	2024-11-15 12:19:10.522106+00	1
99	1	2024-08-29T08:35:59.248184+00:00	2024-11-18 10:46:13.898922+00	1
100	1	2024-08-29T08:35:59.248184+00:00	2024-11-18 20:41:00.293307+00	1
101	1	2024-08-29T08:35:59.248184+00:00	2024-11-19 08:01:00.403705+00	1
102	1	2024-08-29T08:35:59.248184+00:00	2024-11-19 14:02:58.53576+00	1
103	1	2024-08-29T08:35:59.248184+00:00	2024-11-20 10:09:34.220051+00	1
104	1	2024-08-29T08:35:59.248184+00:00	2024-11-22 08:44:00.96713+00	1
105	1	2024-08-29T08:35:59.248184+00:00	2024-11-22 08:50:52.185015+00	1
106	1	2024-08-29T08:35:59.248184+00:00	2024-11-22 14:30:29.66154+00	1
107	1	2024-08-29T08:35:59.248184+00:00	2024-11-22 14:45:53.094456+00	1
108	1	2024-08-29T08:35:59.248184+00:00	2024-11-23 16:34:39.277355+00	1
109	1	2024-08-29T08:35:59.248184+00:00	2024-11-23 19:03:23.948428+00	1
110	1	2024-08-29T08:35:59.248184+00:00	2024-11-24 14:49:48.792127+00	1
111	1	2024-08-29T08:35:59.248184+00:00	2024-11-25 09:58:52.879862+00	1
112	1	2024-08-29T08:35:59.248184+00:00	2024-11-25 11:02:43.034436+00	1
113	1	2024-08-29T08:35:59.248184+00:00	2024-11-25 19:59:37.112123+00	1
114	1	2024-08-29T08:35:59.248184+00:00	2024-11-29 10:11:05.868764+00	1
115	1	2024-08-29T08:35:59.248184+00:00	2024-12-01 08:06:24.779553+00	1
116	1	2024-08-29T08:35:59.248184+00:00	2024-12-01 14:01:32.497906+00	1
117	1	2024-08-29T08:35:59.248184+00:00	2024-12-01 14:36:59.024228+00	1
118	1	2024-08-29T08:35:59.248184+00:00	2024-12-02 07:44:28.871612+00	1
119	1	2024-08-29T08:35:59.248184+00:00	2024-12-02 16:31:00.138324+00	1
120	1	2024-08-29T08:35:59.248184+00:00	2024-12-04 21:30:39.203129+00	1
121	1	2024-08-29T08:35:59.248184+00:00	2024-12-06 11:48:17.284508+00	1
122	1	2024-08-29T08:35:59.248184+00:00	2024-12-06 13:39:13.782792+00	1
123	1	2024-08-29T08:35:59.248184+00:00	2024-12-07 15:59:47.683197+00	1
124	1	2024-08-29T08:35:59.248184+00:00	2024-12-07 16:00:00.603374+00	1
125	1	2024-08-29T08:35:59.248184+00:00	2024-12-07 16:12:24.056973+00	1
126	1	2024-08-29T08:35:59.248184+00:00	2024-12-07 16:12:58.077261+00	1
127	1	2024-08-29T08:35:59.248184+00:00	2024-12-12 16:33:18.634787+00	1
128	1	2024-08-29T08:35:59.248184+00:00	2024-12-16 18:18:50.850443+00	1
129	1	2024-08-29T08:35:59.248184+00:00	2024-12-18 16:52:45.631046+00	1
130	1	2024-08-29T08:35:59.248184+00:00	2024-12-18 16:58:59.96361+00	1
131	1	2024-08-29T08:35:59.248184+00:00	2024-12-28 22:24:56.602794+00	1
132	1	2024-08-29T08:35:59.248184+00:00	2025-01-04 17:07:33.88879+00	1
133	1	2024-08-29T08:35:59.248184+00:00	2025-01-06 13:23:59.591469+00	1
134	1	2024-08-29T08:35:59.248184+00:00	2025-01-06 13:55:59.819323+00	1
135	1	2024-08-29T08:35:59.248184+00:00	2025-01-06 14:21:57.059974+00	1
136	1	2024-08-29T08:35:59.248184+00:00	2025-01-07 09:59:23.556696+00	1
137	1	2024-08-29T08:35:59.248184+00:00	2025-01-07 16:50:39.402223+00	1
138	1	2024-08-29T08:35:59.248184+00:00	2025-01-08 18:04:56.805761+00	1
139	-1	2024-08-29T08:35:59.248184+00:00	2025-01-09 10:21:39.160357+00	1
140	1	2024-08-29T08:35:59.248184+00:00	2025-01-11 05:01:33.937284+00	1
141	1	2024-08-29T08:35:59.248184+00:00	2025-01-19 17:04:28.024048+00	1
142	1	2024-08-29T08:35:59.248184+00:00	2025-01-22 13:55:50.856495+00	1
143	1	2024-08-29T08:35:59.248184+00:00	2025-01-23 10:30:35.382938+00	1
\.


--
-- Data for Name: django_admin_log; Type: TABLE DATA; Schema: public; Owner: postgres
--

COPY public.django_admin_log (id, action_time, object_id, object_repr, action_flag, change_message, content_type_id, user_id) FROM stdin;
1	2023-09-06 07:52:03.578782+00	3	Refunded	1	[{"added": {}}]	72	1
2	2023-09-06 07:52:38.589984+00	1	Being processed	1	[{"added": {}}]	76	1
3	2023-09-06 07:52:56.422556+00	2	Shipped	1	[{"added": {}}]	76	1
4	2023-09-06 07:53:13.564032+00	3	Returned	1	[{"added": {}}]	76	1
5	2023-09-06 07:54:50.878424+00	4	Cancelled	1	[{"added": {}}]	76	1
6	2023-12-11 11:02:26.489508+00	15	Stripe	3		43	1
7	2023-12-11 14:05:02.488613+00	4	Failed	1	[{"added": {}}]	72	1
8	2023-12-11 14:05:10.938938+00	5	Cancelled	1	[{"added": {}}]	72	1
9	2024-02-23 10:21:03.697205+00	AF	Afghanistan	2	[{"changed": {"fields": ["Is shipping country"]}}]	13	1
10	2024-02-23 10:22:01.659792+00	AL	Albania	2	[{"changed": {"fields": ["Is shipping country"]}}]	13	1
11	2024-02-23 10:22:40.152734+00	DZ	Algeria	2	[{"changed": {"fields": ["Is shipping country"]}}]	13	1
12	2024-02-23 10:23:38.474072+00	AD	Andorra	2	[{"changed": {"fields": ["Is shipping country"]}}]	13	1
13	2024-02-23 10:23:43.296364+00	AO	Angola	2	[{"changed": {"fields": ["Is shipping country"]}}]	13	1
14	2024-02-23 10:23:57.706917+00	AI	Anguilla	2	[{"changed": {"fields": ["Official name", "Is shipping country"]}}]	13	1
15	2024-02-23 10:24:09.135461+00	AQ	Antarctica	2	[{"changed": {"fields": ["Official name", "Is shipping country"]}}]	13	1
16	2024-02-23 10:24:20.44769+00	AG	Antigua and Barbuda	2	[{"changed": {"fields": ["Official name", "Is shipping country"]}}]	13	1
17	2024-02-23 10:24:26.127966+00	AR	Argentina	2	[{"changed": {"fields": ["Is shipping country"]}}]	13	1
18	2024-02-23 10:24:36.144288+00	AM	Armenia	2	[{"changed": {"fields": ["Is shipping country"]}}]	13	1
19	2024-02-23 10:24:41.425712+00	AM	Armenia	2	[]	13	1
20	2024-02-23 10:37:25.844185+00	1	weight shipping cost	1	[{"added": {}}, {"added": {"name": "Weight Band", "object": "Charge for weights up to 3 kg"}}, {"added": {"name": "Weight Band", "object": "Charge for weights up to 6 kg"}}, {"added": {"name": "Weight Band", "object": "Charge for weights up to 15 kg"}}]	17	1
21	2024-02-23 10:42:27.24216+00	NL	Netherlands	2	[{"changed": {"fields": ["Is shipping country"]}}]	13	1
22	2024-02-23 10:42:38.410653+00	DE	Germany	2	[{"changed": {"fields": ["Is shipping country"]}}]	13	1
23	2024-02-23 10:42:49.045204+00	BE	Belgium	2	[{"changed": {"fields": ["Is shipping country"]}}]	13	1
24	2024-03-04 11:00:25.679819+00	1	order shipped	1	[{"added": {}}]	31	1
25	2024-03-05 12:15:37.471328+00	1	order shipped	3		31	1
26	2024-03-05 12:33:31.042469+00	2	order_shipped	1	[{"added": {}}]	31	1
27	2024-03-05 12:35:13.137669+00	2	order_shipped	3		31	1
28	2024-06-13 07:16:38.99356+00	1	Being processed	2	[]	76	1
29	2024-06-13 07:32:55.096118+00	1	ኣብ መስርሕ	2	[{"changed": {"fields": ["Name [en]", "Name [ti]", "Name [nl]"]}}]	76	1
30	2024-06-13 07:33:33.029571+00	4	Cancelled	2	[{"changed": {"fields": ["Name [en]", "Name [nl]"]}}]	76	1
31	2024-06-13 07:34:12.262111+00	2	ተሰዲዱ	2	[{"changed": {"fields": ["Name [en]", "Name [ti]", "Name [nl]"]}}]	76	1
32	2024-06-13 07:35:00.278225+00	3	ተመሊሱ	2	[{"changed": {"fields": ["Name [en]", "Name [ti]", "Name [nl]"]}}]	76	1
33	2024-06-13 07:35:24.592026+00	4	ተሰሪዙ	2	[{"changed": {"fields": ["Name [ti]"]}}]	76	1
34	2024-06-13 07:44:15.139672+00	5	ተሰሪዙ	2	[{"changed": {"fields": ["Name [en]", "Name [ti]", "Name [nl]"]}}]	72	1
35	2024-06-13 07:45:01.815348+00	3	ተመሊሱ	2	[{"changed": {"fields": ["Name [en]", "Name [ti]", "Name [nl]"]}}]	72	1
36	2024-06-13 07:45:37.993657+00	2	ኣብ ምጽባይ	2	[{"changed": {"fields": ["Name [en]", "Name [ti]", "Name [nl]"]}}]	72	1
37	2024-06-13 07:46:17.056458+00	1	ተኸፊሉ	2	[{"changed": {"fields": ["Name [en]", "Name [ti]", "Name [nl]"]}}]	72	1
38	2024-06-13 07:47:12.188823+00	4	ኣይሰለጠን	2	[{"changed": {"fields": ["Name [en]", "Name [ti]", "Name [nl]"]}}]	72	1
39	2024-06-13 07:50:29.217212+00	266	'Order status changed from 'Being processed' to 'Pr' (wenani)	2	[]	69	1
40	2024-06-13 08:02:21.037998+00	67	Order #100797, type ተሰዲዱ	2	[]	74	1
41	2024-06-14 08:01:10.787702+00	3	ተመሊሱ	2	[]	72	1
42	2024-06-14 08:09:59.499333+00	5	ተሰሪዙ	3		72	1
43	2024-06-14 08:11:06.422807+00	8	ተሰሪዙ	2	[{"changed": {"fields": ["Name [ti]", "Name [nl]"]}}]	72	1
44	2024-06-14 08:19:10.272576+00	2	ተሰዲዱ	2	[]	76	1
45	2024-06-14 08:47:18.004822+00	8	ተሰሪዙ	2	[{"changed": {"fields": ["Name [en]"]}}]	72	1
46	2024-06-14 08:51:11.706408+00	9	Failed	3		72	1
47	2024-06-14 08:51:11.712233+00	7	Paid	3		72	1
48	2024-06-14 08:51:11.712891+00	6	Pending	3		72	1
49	2024-06-18 18:23:32.520525+00	10		3		72	1
50	2024-06-18 18:23:32.526486+00	11		3		72	1
51	2024-06-19 07:27:55.93183+00	17	Pending	3		72	1
52	2024-06-19 07:37:14.788492+00	2	ኣብ ምጽባይ	2	[]	72	1
53	2024-06-19 14:49:44.991958+00	18	Pending	3		72	1
54	2024-06-19 14:49:45.001629+00	19	Pre-processing	3		72	1
55	2024-06-24 07:10:09.447812+00	3	ክብደት	2	[{"changed": {"fields": ["Name", "Name [en]", "Name [ti]", "Name [nl]"]}}]	23	1
56	2024-06-24 07:11:11.658082+00	4	መዐቀኒ	2	[{"changed": {"fields": ["Name [en]", "Name [ti]", "Name [nl]"]}}]	23	1
57	2024-06-24 07:12:21.130528+00	5	ብዝሒ	2	[{"changed": {"fields": ["Name [en]", "Name [ti]", "Name [nl]"]}}]	23	1
58	2024-06-24 07:13:17.296003+00	15	ዓቐን	2	[{"changed": {"fields": ["Name [en]", "Name [ti]", "Name [nl]"]}}]	23	1
59	2024-06-24 07:14:30.759911+00	6	ዓቐን	2	[{"changed": {"fields": ["Name [en]", "Name [ti]", "Name [nl]"]}}]	23	1
60	2024-07-02 09:48:00.47407+00	1	wereja.com	2	[{"changed": {"fields": ["Domain name", "Display name"]}}]	7	1
61	2024-07-10 15:49:50.937998+00	CA	Canada	2	[{"changed": {"fields": ["Official name", "Is shipping country"]}}]	13	1
62	2024-08-29 08:31:03.88932+00	1	Analytics	1	[{"added": {}}]	93	1
63	2024-08-29 08:32:42.100357+00	2	Required Cookies	1	[{"added": {}}]	93	1
64	2024-08-29 08:32:50.837799+00	2	Required Cookies	2	[{"changed": {"fields": ["Is required"]}}]	93	1
65	2024-08-29 08:35:59.250636+00	1	Google_Analytics /	1	[{"added": {}}]	92	1
66	2024-08-29 08:37:23.375007+00	2	csrftoken /	1	[{"added": {}}]	92	1
67	2024-08-29 08:38:38.423993+00	3	sessionid /	1	[{"added": {}}]	92	1
68	2024-08-29 08:40:08.42489+00	2	Required Cookies	2	[{"changed": {"fields": ["Ordering"]}}]	93	1
69	2024-08-29 08:40:18.252463+00	1	Analytics	2	[{"changed": {"fields": ["Ordering"]}}]	93	1
70	2024-11-03 08:20:31.509541+00	SE	Sweden	2	[{"changed": {"fields": ["Is shipping country"]}}]	13	1
71	2024-11-07 20:44:56.404851+00	1	/ ---> /about _wereja	1	[{"added": {}}]	95	1
72	2024-11-07 20:47:29.3196+00	1	/ ---> /about _wereja	3		95	1
73	2024-11-07 20:47:59.751617+00	2	/ ---> about_redirect	1	[{"added": {}}]	95	1
74	2024-11-08 08:53:36.354929+00	2	/ ---> about_redirect	3		95	1
75	2024-11-08 08:53:51.193785+00	3	/ ---> /about_wereja	1	[{"added": {}}]	95	1
76	2024-12-04 08:43:47.321971+00	1	Facebook	1	[{"added": {}}]	100	1
77	2024-12-04 08:44:00.116572+00	2	X	1	[{"added": {}}]	100	1
78	2024-12-04 08:44:14.529017+00	3	LinkedIn	1	[{"added": {}}]	100	1
79	2024-12-04 08:44:27.113201+00	4	YouTube	1	[{"added": {}}]	100	1
80	2024-12-04 08:44:49.823314+00	5	Instagram	1	[{"added": {}}]	100	1
\.


--
-- Data for Name: django_content_type; Type: TABLE DATA; Schema: public; Owner: postgres
--

COPY public.django_content_type (id, app_label, model) FROM stdin;
1	admin	logentry
2	auth	permission
3	auth	group
4	auth	user
5	contenttypes	contenttype
6	sessions	session
7	sites	site
8	flatpages	flatpage
9	analytics	productrecord
10	analytics	userproductview
11	analytics	userrecord
12	analytics	usersearch
13	address	country
14	address	useraddress
15	shipping	orderanditemcharges
16	shipping	weightband
17	shipping	weightbased
18	catalogue	attributeoption
19	catalogue	attributeoptiongroup
20	catalogue	category
21	catalogue	option
22	catalogue	product
23	catalogue	productattribute
24	catalogue	productattributevalue
25	catalogue	productcategory
26	catalogue	productclass
27	catalogue	productimage
28	catalogue	productrecommendation
29	reviews	productreview
30	reviews	vote
31	communication	communicationeventtype
32	communication	email
33	communication	notification
34	partner	partner
35	partner	partneraddress
36	partner	stockalert
37	partner	stockrecord
38	basket	basket
39	basket	line
40	basket	lineattribute
41	payment	bankcard
42	payment	source
43	payment	sourcetype
44	payment	transaction
45	offer	benefit
46	offer	condition
47	offer	conditionaloffer
48	offer	range
49	offer	rangeproduct
50	offer	rangeproductfileupload
51	offer	absolutediscountbenefit
52	offer	countcondition
53	offer	coveragecondition
54	offer	fixedpricebenefit
55	offer	multibuydiscountbenefit
56	offer	percentagediscountbenefit
57	offer	shippingbenefit
58	offer	shippingabsolutediscountbenefit
59	offer	shippingfixedpricebenefit
60	offer	shippingpercentagediscountbenefit
61	offer	valuecondition
62	order	billingaddress
63	order	communicationevent
64	order	line
65	order	lineattribute
66	order	lineprice
67	order	order
68	order	orderdiscount
69	order	ordernote
70	order	paymentevent
71	order	paymenteventquantity
72	order	paymenteventtype
73	order	shippingaddress
74	order	shippingevent
75	order	shippingeventquantity
76	order	shippingeventtype
77	order	orderstatuschange
78	order	surcharge
79	customer	productalert
80	voucher	voucher
81	voucher	voucherapplication
82	voucher	voucherset
83	wishlists	line
84	wishlists	wishlist
85	wishlists	wishlistsharedemail
86	thumbnail	kvstore
87	offer	fixedunitdiscountbenefit
88	order	orderlinediscount
89	captcha	captchastore
90	account	emailaddress
91	account	emailconfirmation
92	cookie_consent	cookie
93	cookie_consent	cookiegroup
94	cookie_consent	logitem
95	redirects	redirect
96	mfa	authenticator
97	socialaccount	socialaccount
98	socialaccount	socialapp
99	socialaccount	socialtoken
100	home	shopsocialmedia
101	shopfront	socialmedia
102	shopfront	notice
103	shopfront	banner
\.


--
-- Data for Name: django_flatpage; Type: TABLE DATA; Schema: public; Owner: postgres
--

COPY public.django_flatpage (id, url, title, content, enable_comments, template_name, registration_required, content_en, content_la, content_nl, content_ti, title_en, title_la, title_nl, title_ti) FROM stdin;
1	/about/company/	ብዛዕባና	<p><span style="caret-color: rgb(0, 0, 0); color: rgb(0, 0, 0); font-family: -webkit-standard; font-size: medium; font-style: normal; font-variant-caps: normal; font-weight: 400; letter-spacing: normal; orphans: auto; text-align: start; text-indent: 0px; text-transform: none; white-space: normal; widows: auto; word-spacing: 0px; -webkit-text-stroke-width: 0px; text-decoration: none; display: inline !important; float: none;">ቀንዲ ዕላማ ናይ ወረጃ ኣፍረይቲን ዓደግትን ብቐሊሉ፣ ብዝሓሰረ፣ብስሉጥ ንኽተዓዳደጉ እዩ።</span></p>	f		f	<p><span style="caret-color: rgb(0, 0, 0); color: rgb(0, 0, 0); font-family: -webkit-standard; font-size: medium; font-style: normal; font-variant-caps: normal; font-weight: 400; letter-spacing: normal; orphans: auto; text-align: start; text-indent: 0px; text-transform: none; white-space: normal; widows: auto; word-spacing: 0px; -webkit-text-stroke-width: 0px; text-decoration: none; display: inline !important; float: none;">Wereja was founded to connect Habesha buyers and sellers around the globe. It helps producers of any scale to access global market.</span></p>		<p><span style="caret-color: rgb(0, 0, 0); color: rgb(0, 0, 0); font-family: -webkit-standard; font-size: medium; font-style: normal; font-variant-caps: normal; font-weight: 400; letter-spacing: normal; orphans: auto; text-align: start; text-indent: 0px; text-transform: none; white-space: normal; widows: auto; word-spacing: 0px; -webkit-text-stroke-width: 0px; text-decoration: none; display: inline !important; float: none;">Wereja was founded to connect Habesha buyers and sellers around the globe. It helps producers of any scale to access global market.</span></p>	<p><span style="caret-color: rgb(0, 0, 0); color: rgb(0, 0, 0); font-family: -webkit-standard; font-size: medium; font-style: normal; font-variant-caps: normal; font-weight: 400; letter-spacing: normal; orphans: auto; text-align: start; text-indent: 0px; text-transform: none; white-space: normal; widows: auto; word-spacing: 0px; -webkit-text-stroke-width: 0px; text-decoration: none; display: inline !important; float: none;">ቀንዲ ዕላማ ናይ ወረጃ ኣፍረይቲን ዓደግትን ብቐሊሉ፣ ብዝሓሰረ፣ብስሉጥ ንኽተዓዳደጉ እዩ።</span></p>	About us	\N	Over ons	ብዛዕባና
2	/about/privacy/	ብዛዕባ ዉልቃዊ ሓብሬታ	<p><span style="caret-color: rgb(0, 0, 0); color: rgb(0, 0, 0); font-family: -webkit-standard; font-size: medium; font-style: normal; font-variant-caps: normal; font-weight: 400; letter-spacing: normal; orphans: auto; text-align: start; text-indent: 0px; text-transform: none; white-space: normal; widows: auto; word-spacing: 0px; -webkit-text-stroke-width: 0px; text-decoration: none; display: inline !important; float: none;">ዝኾነ ሓበሬታ ብዛዕባኹም ንሕዞ ምስ ካልእ ኣይንካፈሎን ኢና። ንሕቶታትኩም ንምምላስ ወይከኣ ባዛዕባ ዝዓድክምዎ ክንሕብረኩም ጥራይ ንጥቀመሉ።</span></p>	f		f	<p><span style="caret-color: rgb(0, 0, 0); color: rgb(0, 0, 0); font-family: -webkit-standard; font-size: medium; font-style: normal; font-variant-caps: normal; font-weight: 400; letter-spacing: normal; orphans: auto; text-align: start; text-indent: 0px; text-transform: none; white-space: normal; widows: auto; word-spacing: 0px; -webkit-text-stroke-width: 0px; text-decoration: none; display: inline !important; float: none;">Any information about you in our system will not be shared with anyone. We use your contact information only to contact you about your purchases or to respond to your inquiries.</span></p>		<p><span style="caret-color: rgb(0, 0, 0); color: rgb(0, 0, 0); font-family: -webkit-standard; font-size: medium; font-style: normal; font-variant-caps: normal; font-weight: 400; letter-spacing: normal; orphans: auto; text-align: start; text-indent: 0px; text-transform: none; white-space: normal; widows: auto; word-spacing: 0px; -webkit-text-stroke-width: 0px; text-decoration: none; display: inline !important; float: none;">Any information about you in our system will not be shared with anyone. We use your contact information only to contact you about your purchases or to respond to your inquiries.</span></p>	<p><span style="caret-color: rgb(0, 0, 0); color: rgb(0, 0, 0); font-family: -webkit-standard; font-size: medium; font-style: normal; font-variant-caps: normal; font-weight: 400; letter-spacing: normal; orphans: auto; text-align: start; text-indent: 0px; text-transform: none; white-space: normal; widows: auto; word-spacing: 0px; -webkit-text-stroke-width: 0px; text-decoration: none; display: inline !important; float: none;">ዝኾነ ሓበሬታ ብዛዕባኹም ንሕዞ ምስ ካልእ ኣይንካፈሎን ኢና። ንሕቶታትኩም ንምምላስ ወይከኣ ባዛዕባ ዝዓድክምዎ ክንሕብረኩም ጥራይ ንጥቀመሉ።</span></p>	Privacy policy	\N	Prive beleid	ብዛዕባ ዉልቃዊ ሓብሬታ
3	/about/refund/	ብዛዕባ ምምላስ ኣቕሓን ገንዘብን	<p><span style="caret-color: rgb(0, 0, 0); color: rgb(0, 0, 0); font-family: -webkit-standard; font-size: medium; font-style: normal; font-variant-caps: normal; font-weight: 400; letter-spacing: normal; orphans: auto; text-align: start; text-indent: 0px; text-transform: none; white-space: normal; widows: auto; word-spacing: 0px; -webkit-text-stroke-width: 0px; text-decoration: none; display: inline !important; float: none;">ዝተገዝኡ ኣቑሑ ኣብ ዉሽጢ 2 ሰሙን ክምለሱ ይኽእሉ እዮም። ናይ መምለሲ ክፍሊት ካብ ዓሚል እዩ። እንድሕር ኣቑሑት ዝኾነ ብዓሚል ዝኾነ ብልሽት እንተይ ሃሊዎ ዋጋ ናይ እቑሑ ኣብ ዉሽቲ 2 ሰሙን ንመልስ።</span></p>	f		f			<p><span style="caret-color: rgb(0, 0, 0); color: rgb(0, 0, 0); font-family: -webkit-standard; font-size: medium; font-style: normal; font-variant-caps: normal; font-weight: 400; letter-spacing: normal; orphans: auto; text-align: start; text-indent: 0px; text-transform: none; white-space: normal; widows: auto; word-spacing: 0px; -webkit-text-stroke-width: 0px; text-decoration: none; display: inline !important; float: none;">Items can be returned within 2 weeks. Provided that items were not damaged or tampered, we refund within two weeks.</span></p>	<p><span style="caret-color: rgb(0, 0, 0); color: rgb(0, 0, 0); font-family: -webkit-standard; font-size: medium; font-style: normal; font-variant-caps: normal; font-weight: 400; letter-spacing: normal; orphans: auto; text-align: start; text-indent: 0px; text-transform: none; white-space: normal; widows: auto; word-spacing: 0px; -webkit-text-stroke-width: 0px; text-decoration: none; display: inline !important; float: none;">ዝተገዝኡ ኣቑሑ ኣብ ዉሽጢ 2 ሰሙን ክምለሱ ይኽእሉ እዮም። ናይ መምለሲ ክፍሊት ካብ ዓሚል እዩ። እንድሕር ኣቑሑት ዝኾነ ብዓሚል ዝኾነ ብልሽት እንተይ ሃሊዎ ዋጋ ናይ እቑሑ ኣብ ዉሽቲ 2 ሰሙን ንመልስ።</span></p>	Refund and return policy	\N	Retour beleid	ብዛዕባ ምምላስ ኣቕሓን ገንዘብን
4	/about/faq/	ዝዉቱር ሕቶታት		f		f					FAQ	\N	FAQ	ዝዉቱር ሕቶታት
5	/about/terms-conditions/	Terms and conditions	<h1 class="font-600 text-2xl font-bold">Terms and Conditions for Wereja SaaS E-Commerce Platform</h1>\r\n<h2 class="font-600 text-xl font-bold">Definitions</h2>\r\n<p class="whitespace-pre-wrap break-words">For the purposes of these Terms and Conditions, the following definitions apply:</p>\r\n<ol class="-mt-1 [li&gt;&amp;]:mt-2 list-decimal space-y-2 pl-8">\r\n<li class="whitespace-normal break-words"><strong>Platform</strong> or <strong>SaaS Platform</strong>: Refers to Wereja, the web-based software application provided by Spring Informatics that enables users to create, manage, and operate online e-commerce stores through a subscription-based service.</li>\r\n<li class="whitespace-normal break-words"><strong>User</strong> or <strong>Users</strong>: Includes any individual, business, or legal entity that:\r\n<ul class="-mt-1 [li&gt;&amp;]:mt-2 list-disc space-y-2 pl-8">\r\n<li class="whitespace-normal break-words">Registers an account on the Platform</li>\r\n<li class="whitespace-normal break-words">Accesses or uses the Platform's services</li>\r\n<li class="whitespace-normal break-words">Creates an online store or sells products through the Platform</li>\r\n<li class="whitespace-normal break-words">Includes account owners, administrators, employees, and authorized representatives</li>\r\n</ul>\r\n</li>\r\n<li class="whitespace-normal break-words"><strong>Content</strong>: Any and all data, information, text, graphics, images, video, audio, software, store designs, product listings, descriptions, pricing, customer interactions, and other materials:\r\n<ul class="-mt-1 [li&gt;&amp;]:mt-2 list-disc space-y-2 pl-8">\r\n<li class="whitespace-normal break-words">Uploaded, published, or displayed by Users on the Platform</li>\r\n<li class="whitespace-normal break-words">Used in connection with a User's online store</li>\r\n<li class="whitespace-normal break-words">Created or generated through the Platform's services</li>\r\n</ul>\r\n</li>\r\n<li class="whitespace-normal break-words"><strong>Subscription</strong>: The recurring service agreement between the User and Wereja that provides access to the Platform's features and services for a specified period and pricing tier.</li>\r\n<li class="whitespace-normal break-words"><strong>Merchant</strong>: A User who creates and operates an online store using the Platform for the purpose of selling products or services.</li>\r\n<li class="whitespace-normal break-words"><strong>Customer</strong>: An end-user who browses, interacts with, or makes purchases from a Merchant's online store through the Platform.</li>\r\n<li class="whitespace-normal break-words"><strong>Intellectual Property</strong>: All patents, copyrights, trademarks, trade secrets, domain names, and other intellectual property rights associated with the Platform, its features, design, and underlying technologies.</li>\r\n</ol>\r\n<h2 class="font-600 text-xl font-bold">1. Acceptance of Terms</h2>\r\n<p class="whitespace-pre-wrap break-words">1.1 By accessing or using Wereja, you agree to be bound by these Terms and Conditions ("Terms"), our Privacy Policy, and any additional guidelines or rules applicable to specific services.</p>\r\n<p class="whitespace-pre-wrap break-words">1.2 Wereja reserves the right to modify these Terms at any time. Continued use of the platform after changes constitutes acceptance of the updated Terms.</p>\r\n<h2 class="font-600 text-xl font-bold">2. Platform Description</h2>\r\n<p class="whitespace-pre-wrap break-words">2.1 Wereja is a Software-as-a-Service (SaaS) e-commerce platform that provides merchants with tools to create, manage, and operate online stores.</p>\r\n<p class="whitespace-pre-wrap break-words">2.2 The platform offers various subscription tiers with different features and capabilities.</p>\r\n<h2 class="font-600 text-xl font-bold">3. User Accounts</h2>\r\n<p class="whitespace-pre-wrap break-words">3.1 Users must provide accurate, current, and complete information during registration.</p>\r\n<p class="whitespace-pre-wrap break-words">3.2 Users are responsible for maintaining the confidentiality of their account credentials.</p>\r\n<p class="whitespace-pre-wrap break-words">3.3 Users agree to:</p>\r\n<ul class="-mt-1 [li&gt;&amp;]:mt-2 list-disc space-y-2 pl-8">\r\n<li class="whitespace-normal break-words">Notify immediately of any unauthorized use of their account</li>\r\n<li class="whitespace-normal break-words">Not share account credentials</li>\r\n<li class="whitespace-normal break-words">Use the platform for lawful purposes only</li>\r\n</ul>\r\n<p class="whitespace-pre-wrap break-words">3.4 Wereja reserves the right to suspend or terminate accounts that violate these Terms.</p>\r\n<h2 class="font-600 text-xl font-bold">4. Subscription and Billing</h2>\r\n<p class="whitespace-pre-wrap break-words">4.1 Users can select from various subscription plans with different features and pricing.</p>\r\n<p class="whitespace-pre-wrap break-words">4.2 Billing</p>\r\n<ul class="-mt-1 [li&gt;&amp;]:mt-2 list-disc space-y-2 pl-8">\r\n<li class="whitespace-normal break-words">Subscriptions are auto-renewed unless canceled</li>\r\n<li class="whitespace-normal break-words">Pricing is subject to change with 30 days' notice</li>\r\n<li class="whitespace-normal break-words">Users are responsible for all charges associated with their account</li>\r\n</ul>\r\n<p class="whitespace-pre-wrap break-words">4.3 Refund Policy</p>\r\n<ul class="-mt-1 [li&gt;&amp;]:mt-2 list-disc space-y-2 pl-8">\r\n<li class="whitespace-normal break-words">Prorated refunds may be available for unused portions of paid periods</li>\r\n<li class="whitespace-normal break-words">No refunds for partial months</li>\r\n<li class="whitespace-normal break-words">Refund requests must be submitted within 14 days of payment</li>\r\n</ul>\r\n<h2 class="font-600 text-xl font-bold">5. Intellectual Property Rights</h2>\r\n<p class="whitespace-pre-wrap break-words">5.1 Wereja and its original content, features, and functionality are owned by the company and are protected by international copyright, trademark, patent, trade secret, and other intellectual property laws.</p>\r\n<p class="whitespace-pre-wrap break-words">5.2 Users retain ownership of their store content and data.</p>\r\n<p class="whitespace-pre-wrap break-words">5.3 Users grant Wereja a non-exclusive, worldwide, royalty-free license to use, reproduce, and distribute their content solely for platform functionality.</p>\r\n<h2 class="font-600 text-xl font-bold">6. User Content and Conduct</h2>\r\n<p class="whitespace-pre-wrap break-words">6.1 Users are solely responsible for their store content, products, and interactions with customers.</p>\r\n<p class="whitespace-pre-wrap break-words">6.2 Prohibited Content:</p>\r\n<ul class="-mt-1 [li&gt;&amp;]:mt-2 list-disc space-y-2 pl-8">\r\n<li class="whitespace-normal break-words">Illegal goods or services</li>\r\n<li class="whitespace-normal break-words">Counterfeit or fraudulent items</li>\r\n<li class="whitespace-normal break-words">Content that infringes on third-party rights</li>\r\n<li class="whitespace-normal break-words">Explicit, offensive, or harmful material</li>\r\n</ul>\r\n<p class="whitespace-pre-wrap break-words">6.3 Wereja reserves the right to remove content that violates these Terms.</p>\r\n<h2 class="font-600 text-xl font-bold">7. Limitation of Liability</h2>\r\n<p class="whitespace-pre-wrap break-words">7.1 Wereja is not liable for:</p>\r\n<ul class="-mt-1 [li&gt;&amp;]:mt-2 list-disc space-y-2 pl-8">\r\n<li class="whitespace-normal break-words">Direct or indirect damages arising from platform use</li>\r\n<li class="whitespace-normal break-words">Loss of profits, data, or business interruption</li>\r\n<li class="whitespace-normal break-words">Actions of third-party merchants or customers</li>\r\n</ul>\r\n<p class="whitespace-pre-wrap break-words">7.2 Total liability is limited to the amount paid by the user in the preceding 12 months.</p>\r\n<h2 class="font-600 text-xl font-bold">8. Data Protection and Privacy</h2>\r\n<p class="whitespace-pre-wrap break-words">8.1 User data is handled according to our Privacy Policy.</p>\r\n<p class="whitespace-pre-wrap break-words">8.2 Users consent to:</p>\r\n<ul class="-mt-1 [li&gt;&amp;]:mt-2 list-disc space-y-2 pl-8">\r\n<li class="whitespace-normal break-words">Data collection and processing</li>\r\n<li class="whitespace-normal break-words">Communication related to platform services</li>\r\n<li class="whitespace-normal break-words">Aggregated, anonymized data usage for platform improvements</li>\r\n</ul>\r\n<h2 class="font-600 text-xl font-bold">9. Platform Performance and Availability</h2>\r\n<p class="whitespace-pre-wrap break-words">9.1 Wereja aims to provide 99.9% uptime, excluding scheduled maintenance.</p>\r\n<p class="whitespace-pre-wrap break-words">9.2 No guarantees are made for:</p>\r\n<ul class="-mt-1 [li&gt;&amp;]:mt-2 list-disc space-y-2 pl-8">\r\n<li class="whitespace-normal break-words">Uninterrupted or error-free service</li>\r\n<li class="whitespace-normal break-words">Restoration of lost data</li>\r\n<li class="whitespace-normal break-words">Specific performance levels</li>\r\n</ul>\r\n<h2 class="font-600 text-xl font-bold">10. Termination</h2>\r\n<p class="whitespace-pre-wrap break-words">10.1 Wereja may terminate or suspend access:</p>\r\n<ul class="-mt-1 [li&gt;&amp;]:mt-2 list-disc space-y-2 pl-8">\r\n<li class="whitespace-normal break-words">For violation of Terms</li>\r\n<li class="whitespace-normal break-words">If user fails to pay subscription fees</li>\r\n<li class="whitespace-normal break-words">At its sole discretion</li>\r\n</ul>\r\n<p class="whitespace-pre-wrap break-words">10.2 Users may terminate their account at any time.</p>\r\n<h2 class="font-600 text-xl font-bold">11. Dispute Resolution</h2>\r\n<p class="whitespace-pre-wrap break-words">11.1 Any disputes shall be resolved through binding arbitration in The Netherlands.</p>\r\n<p class="whitespace-pre-wrap break-words">11.2 Users waive the right to a jury trial or class action lawsuit.</p>\r\n<h2 class="font-600 text-xl font-bold">12. Domain Name Registration and Ownership</h2>\r\n<p class="whitespace-pre-wrap break-words">12.1 Domain Name Registration</p>\r\n<ul class="-mt-1 [li&gt;&amp;]:mt-2 list-disc space-y-2 pl-8">\r\n<li class="whitespace-normal break-words">Users have the option to register a custom domain name through Wereja or use a third-party domain registrar.</li>\r\n<li class="whitespace-normal break-words">When registering a domain through Wereja, users must provide accurate registration information.</li>\r\n</ul>\r\n<p class="whitespace-pre-wrap break-words">12.2 Domain Name Ownership</p>\r\n<ul class="-mt-1 [li&gt;&amp;]:mt-2 list-disc space-y-2 pl-8">\r\n<li class="whitespace-normal break-words">Users retain full ownership of their registered domain name.</li>\r\n<li class="whitespace-normal break-words">Wereja acts solely as a domain registration service provider and does not claim any proprietary rights to the user's domain.</li>\r\n</ul>\r\n<p class="whitespace-pre-wrap break-words">12.3 Domain Registration Responsibilities</p>\r\n<ul class="-mt-1 [li&gt;&amp;]:mt-2 list-disc space-y-2 pl-8">\r\n<li class="whitespace-normal break-words">Users are responsible for:\r\n<ul class="-mt-1 [li&gt;&amp;]:mt-2 list-disc space-y-2 pl-8">\r\n<li class="whitespace-normal break-words">Selecting and maintaining a unique domain name</li>\r\n<li class="whitespace-normal break-words">Paying all associated domain registration and renewal fees</li>\r\n<li class="whitespace-normal break-words">Ensuring compliance with domain registration policies</li>\r\n<li class="whitespace-normal break-words">Protecting their domain registration information</li>\r\n</ul>\r\n</li>\r\n</ul>\r\n<p class="whitespace-pre-wrap break-words">12.4 Domain Transfer and Management</p>\r\n<ul class="-mt-1 [li&gt;&amp;]:mt-2 list-disc space-y-2 pl-8">\r\n<li class="whitespace-normal break-words">Users may transfer their domain name to another registrar at any time</li>\r\n<li class="whitespace-normal break-words">Wereja will facilitate domain transfers upon user request</li>\r\n<li class="whitespace-normal break-words">Transfer fees and current registrar policies may apply</li>\r\n</ul>\r\n<p class="whitespace-pre-wrap break-words">12.5 Domain Dispute Resolution</p>\r\n<ul class="-mt-1 [li&gt;&amp;]:mt-2 list-disc space-y-2 pl-8">\r\n<li class="whitespace-normal break-words">Users are solely responsible for resolving any disputes related to their domain name</li>\r\n<li class="whitespace-normal break-words">Wereja is not liable for domain name conflicts, trademark issues, or intellectual property disputes</li>\r\n</ul>\r\n<p class="whitespace-pre-wrap break-words">12.6 Domain Renewal and Expiration</p>\r\n<ul class="-mt-1 [li&gt;&amp;]:mt-2 list-disc space-y-2 pl-8">\r\n<li class="whitespace-normal break-words">Users will receive renewal notifications prior to domain expiration</li>\r\n<li class="whitespace-normal break-words">Failure to renew may result in:\r\n<ul class="-mt-1 [li&gt;&amp;]:mt-2 list-disc space-y-2 pl-8">\r\n<li class="whitespace-normal break-words">Domain name becoming available to other registrants</li>\r\n<li class="whitespace-normal break-words">Potential loss of website and email services</li>\r\n<li class="whitespace-normal break-words">No liability on Wereja's part for such consequences</li>\r\n</ul>\r\n</li>\r\n</ul>\r\n<p class="whitespace-pre-wrap break-words">12.7 Privacy and Protection</p>\r\n<ul class="-mt-1 [li&gt;&amp;]:mt-2 list-disc space-y-2 pl-8">\r\n<li class="whitespace-normal break-words">Users may opt for domain privacy protection services</li>\r\n<li class="whitespace-normal break-words">Additional fees may apply for privacy protection</li>\r\n<li class="whitespace-normal break-words">Wereja cannot guarantee complete anonymity or protection from public WHOIS records</li>\r\n</ul>\r\n<h2 class="font-600 text-xl font-bold">13. Miscellaneous</h2>\r\n<p class="whitespace-pre-wrap break-words">13.1 These Terms are governed by the laws of The Netherlands.</p>\r\n<p class="whitespace-pre-wrap break-words">13.2 If any provision is found invalid, the remainder will continue in full force.</p>\r\n<h2 class="font-600 text-xl font-bold">14. Contact Information</h2>\r\n<p class="whitespace-pre-wrap break-words">For questions about these Terms, contact:</p>\r\n<ul class="-mt-1 [li&gt;&amp;]:mt-2 list-disc space-y-2 pl-8">\r\n<li class="whitespace-normal break-words">Email: <a href="../../../../contact">contact</a></li>\r\n<li class="whitespace-normal break-words">Address: Rietveldlaan 10, 6708 SB, Wageningen, The Netherlands</li>\r\n</ul>\r\n<p class="whitespace-pre-wrap break-words"><strong>Last Updated:</strong> 02 Dec 2024.</p>	f		f	<h1 class="font-600 text-2xl font-bold">Terms and Conditions for Wereja SaaS E-Commerce Platform</h1>\r\n<h2 class="font-600 text-xl font-bold">Definitions</h2>\r\n<p class="whitespace-pre-wrap break-words">For the purposes of these Terms and Conditions, the following definitions apply:</p>\r\n<ol class="-mt-1 [li&gt;&amp;]:mt-2 list-decimal space-y-2 pl-8">\r\n<li class="whitespace-normal break-words"><strong>Platform</strong> or <strong>SaaS Platform</strong>: Refers to Wereja, the web-based software application provided by Spring Informatics that enables users to create, manage, and operate online e-commerce stores through a subscription-based service.</li>\r\n<li class="whitespace-normal break-words"><strong>User</strong> or <strong>Users</strong>: Includes any individual, business, or legal entity that:\r\n<ul class="-mt-1 [li&gt;&amp;]:mt-2 list-disc space-y-2 pl-8">\r\n<li class="whitespace-normal break-words">Registers an account on the Platform</li>\r\n<li class="whitespace-normal break-words">Accesses or uses the Platform's services</li>\r\n<li class="whitespace-normal break-words">Creates an online store or sells products through the Platform</li>\r\n<li class="whitespace-normal break-words">Includes account owners, administrators, employees, and authorized representatives</li>\r\n</ul>\r\n</li>\r\n<li class="whitespace-normal break-words"><strong>Content</strong>: Any and all data, information, text, graphics, images, video, audio, software, store designs, product listings, descriptions, pricing, customer interactions, and other materials:\r\n<ul class="-mt-1 [li&gt;&amp;]:mt-2 list-disc space-y-2 pl-8">\r\n<li class="whitespace-normal break-words">Uploaded, published, or displayed by Users on the Platform</li>\r\n<li class="whitespace-normal break-words">Used in connection with a User's online store</li>\r\n<li class="whitespace-normal break-words">Created or generated through the Platform's services</li>\r\n</ul>\r\n</li>\r\n<li class="whitespace-normal break-words"><strong>Subscription</strong>: The recurring service agreement between the User and Wereja that provides access to the Platform's features and services for a specified period and pricing tier.</li>\r\n<li class="whitespace-normal break-words"><strong>Merchant</strong>: A User who creates and operates an online store using the Platform for the purpose of selling products or services.</li>\r\n<li class="whitespace-normal break-words"><strong>Customer</strong>: An end-user who browses, interacts with, or makes purchases from a Merchant's online store through the Platform.</li>\r\n<li class="whitespace-normal break-words"><strong>Intellectual Property</strong>: All patents, copyrights, trademarks, trade secrets, domain names, and other intellectual property rights associated with the Platform, its features, design, and underlying technologies.</li>\r\n</ol>\r\n<h2 class="font-600 text-xl font-bold">1. Acceptance of Terms</h2>\r\n<p class="whitespace-pre-wrap break-words">1.1 By accessing or using Wereja, you agree to be bound by these Terms and Conditions ("Terms"), our Privacy Policy, and any additional guidelines or rules applicable to specific services.</p>\r\n<p class="whitespace-pre-wrap break-words">1.2 Wereja reserves the right to modify these Terms at any time. Continued use of the platform after changes constitutes acceptance of the updated Terms.</p>\r\n<h2 class="font-600 text-xl font-bold">2. Platform Description</h2>\r\n<p class="whitespace-pre-wrap break-words">2.1 Wereja is a Software-as-a-Service (SaaS) e-commerce platform that provides merchants with tools to create, manage, and operate online stores.</p>\r\n<p class="whitespace-pre-wrap break-words">2.2 The platform offers various subscription tiers with different features and capabilities.</p>\r\n<h2 class="font-600 text-xl font-bold">3. User Accounts</h2>\r\n<p class="whitespace-pre-wrap break-words">3.1 Users must provide accurate, current, and complete information during registration.</p>\r\n<p class="whitespace-pre-wrap break-words">3.2 Users are responsible for maintaining the confidentiality of their account credentials.</p>\r\n<p class="whitespace-pre-wrap break-words">3.3 Users agree to:</p>\r\n<ul class="-mt-1 [li&gt;&amp;]:mt-2 list-disc space-y-2 pl-8">\r\n<li class="whitespace-normal break-words">Notify immediately of any unauthorized use of their account</li>\r\n<li class="whitespace-normal break-words">Not share account credentials</li>\r\n<li class="whitespace-normal break-words">Use the platform for lawful purposes only</li>\r\n</ul>\r\n<p class="whitespace-pre-wrap break-words">3.4 Wereja reserves the right to suspend or terminate accounts that violate these Terms.</p>\r\n<h2 class="font-600 text-xl font-bold">4. Subscription and Billing</h2>\r\n<p class="whitespace-pre-wrap break-words">4.1 Users can select from various subscription plans with different features and pricing.</p>\r\n<p class="whitespace-pre-wrap break-words">4.2 Billing</p>\r\n<ul class="-mt-1 [li&gt;&amp;]:mt-2 list-disc space-y-2 pl-8">\r\n<li class="whitespace-normal break-words">Subscriptions are auto-renewed unless canceled</li>\r\n<li class="whitespace-normal break-words">Pricing is subject to change with 30 days' notice</li>\r\n<li class="whitespace-normal break-words">Users are responsible for all charges associated with their account</li>\r\n</ul>\r\n<p class="whitespace-pre-wrap break-words">4.3 Refund Policy</p>\r\n<ul class="-mt-1 [li&gt;&amp;]:mt-2 list-disc space-y-2 pl-8">\r\n<li class="whitespace-normal break-words">Prorated refunds may be available for unused portions of paid periods</li>\r\n<li class="whitespace-normal break-words">No refunds for partial months</li>\r\n<li class="whitespace-normal break-words">Refund requests must be submitted within 14 days of payment</li>\r\n</ul>\r\n<h2 class="font-600 text-xl font-bold">5. Intellectual Property Rights</h2>\r\n<p class="whitespace-pre-wrap break-words">5.1 Wereja and its original content, features, and functionality are owned by the company and are protected by international copyright, trademark, patent, trade secret, and other intellectual property laws.</p>\r\n<p class="whitespace-pre-wrap break-words">5.2 Users retain ownership of their store content and data.</p>\r\n<p class="whitespace-pre-wrap break-words">5.3 Users grant Wereja a non-exclusive, worldwide, royalty-free license to use, reproduce, and distribute their content solely for platform functionality.</p>\r\n<h2 class="font-600 text-xl font-bold">6. User Content and Conduct</h2>\r\n<p class="whitespace-pre-wrap break-words">6.1 Users are solely responsible for their store content, products, and interactions with customers.</p>\r\n<p class="whitespace-pre-wrap break-words">6.2 Prohibited Content:</p>\r\n<ul class="-mt-1 [li&gt;&amp;]:mt-2 list-disc space-y-2 pl-8">\r\n<li class="whitespace-normal break-words">Illegal goods or services</li>\r\n<li class="whitespace-normal break-words">Counterfeit or fraudulent items</li>\r\n<li class="whitespace-normal break-words">Content that infringes on third-party rights</li>\r\n<li class="whitespace-normal break-words">Explicit, offensive, or harmful material</li>\r\n</ul>\r\n<p class="whitespace-pre-wrap break-words">6.3 Wereja reserves the right to remove content that violates these Terms.</p>\r\n<h2 class="font-600 text-xl font-bold">7. Limitation of Liability</h2>\r\n<p class="whitespace-pre-wrap break-words">7.1 Wereja is not liable for:</p>\r\n<ul class="-mt-1 [li&gt;&amp;]:mt-2 list-disc space-y-2 pl-8">\r\n<li class="whitespace-normal break-words">Direct or indirect damages arising from platform use</li>\r\n<li class="whitespace-normal break-words">Loss of profits, data, or business interruption</li>\r\n<li class="whitespace-normal break-words">Actions of third-party merchants or customers</li>\r\n</ul>\r\n<p class="whitespace-pre-wrap break-words">7.2 Total liability is limited to the amount paid by the user in the preceding 12 months.</p>\r\n<h2 class="font-600 text-xl font-bold">8. Data Protection and Privacy</h2>\r\n<p class="whitespace-pre-wrap break-words">8.1 User data is handled according to our Privacy Policy.</p>\r\n<p class="whitespace-pre-wrap break-words">8.2 Users consent to:</p>\r\n<ul class="-mt-1 [li&gt;&amp;]:mt-2 list-disc space-y-2 pl-8">\r\n<li class="whitespace-normal break-words">Data collection and processing</li>\r\n<li class="whitespace-normal break-words">Communication related to platform services</li>\r\n<li class="whitespace-normal break-words">Aggregated, anonymized data usage for platform improvements</li>\r\n</ul>\r\n<h2 class="font-600 text-xl font-bold">9. Platform Performance and Availability</h2>\r\n<p class="whitespace-pre-wrap break-words">9.1 Wereja aims to provide 99.9% uptime, excluding scheduled maintenance.</p>\r\n<p class="whitespace-pre-wrap break-words">9.2 No guarantees are made for:</p>\r\n<ul class="-mt-1 [li&gt;&amp;]:mt-2 list-disc space-y-2 pl-8">\r\n<li class="whitespace-normal break-words">Uninterrupted or error-free service</li>\r\n<li class="whitespace-normal break-words">Restoration of lost data</li>\r\n<li class="whitespace-normal break-words">Specific performance levels</li>\r\n</ul>\r\n<h2 class="font-600 text-xl font-bold">10. Termination</h2>\r\n<p class="whitespace-pre-wrap break-words">10.1 Wereja may terminate or suspend access:</p>\r\n<ul class="-mt-1 [li&gt;&amp;]:mt-2 list-disc space-y-2 pl-8">\r\n<li class="whitespace-normal break-words">For violation of Terms</li>\r\n<li class="whitespace-normal break-words">If user fails to pay subscription fees</li>\r\n<li class="whitespace-normal break-words">At its sole discretion</li>\r\n</ul>\r\n<p class="whitespace-pre-wrap break-words">10.2 Users may terminate their account at any time.</p>\r\n<h2 class="font-600 text-xl font-bold">11. Dispute Resolution</h2>\r\n<p class="whitespace-pre-wrap break-words">11.1 Any disputes shall be resolved through binding arbitration in The Netherlands.</p>\r\n<p class="whitespace-pre-wrap break-words">11.2 Users waive the right to a jury trial or class action lawsuit.</p>\r\n<h2 class="font-600 text-xl font-bold">12. Domain Name Registration and Ownership</h2>\r\n<p class="whitespace-pre-wrap break-words">12.1 Domain Name Registration</p>\r\n<ul class="-mt-1 [li&gt;&amp;]:mt-2 list-disc space-y-2 pl-8">\r\n<li class="whitespace-normal break-words">Users have the option to register a custom domain name through Wereja or use a third-party domain registrar.</li>\r\n<li class="whitespace-normal break-words">When registering a domain through Wereja, users must provide accurate registration information.</li>\r\n</ul>\r\n<p class="whitespace-pre-wrap break-words">12.2 Domain Name Ownership</p>\r\n<ul class="-mt-1 [li&gt;&amp;]:mt-2 list-disc space-y-2 pl-8">\r\n<li class="whitespace-normal break-words">Users retain full ownership of their registered domain name.</li>\r\n<li class="whitespace-normal break-words">Wereja acts solely as a domain registration service provider and does not claim any proprietary rights to the user's domain.</li>\r\n</ul>\r\n<p class="whitespace-pre-wrap break-words">12.3 Domain Registration Responsibilities</p>\r\n<ul class="-mt-1 [li&gt;&amp;]:mt-2 list-disc space-y-2 pl-8">\r\n<li class="whitespace-normal break-words">Users are responsible for:\r\n<ul class="-mt-1 [li&gt;&amp;]:mt-2 list-disc space-y-2 pl-8">\r\n<li class="whitespace-normal break-words">Selecting and maintaining a unique domain name</li>\r\n<li class="whitespace-normal break-words">Paying all associated domain registration and renewal fees</li>\r\n<li class="whitespace-normal break-words">Ensuring compliance with domain registration policies</li>\r\n<li class="whitespace-normal break-words">Protecting their domain registration information</li>\r\n</ul>\r\n</li>\r\n</ul>\r\n<p class="whitespace-pre-wrap break-words">12.4 Domain Transfer and Management</p>\r\n<ul class="-mt-1 [li&gt;&amp;]:mt-2 list-disc space-y-2 pl-8">\r\n<li class="whitespace-normal break-words">Users may transfer their domain name to another registrar at any time</li>\r\n<li class="whitespace-normal break-words">Wereja will facilitate domain transfers upon user request</li>\r\n<li class="whitespace-normal break-words">Transfer fees and current registrar policies may apply</li>\r\n</ul>\r\n<p class="whitespace-pre-wrap break-words">12.5 Domain Dispute Resolution</p>\r\n<ul class="-mt-1 [li&gt;&amp;]:mt-2 list-disc space-y-2 pl-8">\r\n<li class="whitespace-normal break-words">Users are solely responsible for resolving any disputes related to their domain name</li>\r\n<li class="whitespace-normal break-words">Wereja is not liable for domain name conflicts, trademark issues, or intellectual property disputes</li>\r\n</ul>\r\n<p class="whitespace-pre-wrap break-words">12.6 Domain Renewal and Expiration</p>\r\n<ul class="-mt-1 [li&gt;&amp;]:mt-2 list-disc space-y-2 pl-8">\r\n<li class="whitespace-normal break-words">Users will receive renewal notifications prior to domain expiration</li>\r\n<li class="whitespace-normal break-words">Failure to renew may result in:\r\n<ul class="-mt-1 [li&gt;&amp;]:mt-2 list-disc space-y-2 pl-8">\r\n<li class="whitespace-normal break-words">Domain name becoming available to other registrants</li>\r\n<li class="whitespace-normal break-words">Potential loss of website and email services</li>\r\n<li class="whitespace-normal break-words">No liability on Wereja's part for such consequences</li>\r\n</ul>\r\n</li>\r\n</ul>\r\n<p class="whitespace-pre-wrap break-words">12.7 Privacy and Protection</p>\r\n<ul class="-mt-1 [li&gt;&amp;]:mt-2 list-disc space-y-2 pl-8">\r\n<li class="whitespace-normal break-words">Users may opt for domain privacy protection services</li>\r\n<li class="whitespace-normal break-words">Additional fees may apply for privacy protection</li>\r\n<li class="whitespace-normal break-words">Wereja cannot guarantee complete anonymity or protection from public WHOIS records</li>\r\n</ul>\r\n<h2 class="font-600 text-xl font-bold">13. Miscellaneous</h2>\r\n<p class="whitespace-pre-wrap break-words">13.1 These Terms are governed by the laws of The Netherlands.</p>\r\n<p class="whitespace-pre-wrap break-words">13.2 If any provision is found invalid, the remainder will continue in full force.</p>\r\n<h2 class="font-600 text-xl font-bold">14. Contact Information</h2>\r\n<p class="whitespace-pre-wrap break-words">For questions about these Terms, contact:</p>\r\n<ul class="-mt-1 [li&gt;&amp;]:mt-2 list-disc space-y-2 pl-8">\r\n<li class="whitespace-normal break-words">Email: <a href="../../../../contact">contact</a></li>\r\n<li class="whitespace-normal break-words">Address: Rietveldlaan 10, 6708 SB, Wageningen, The Netherlands</li>\r\n</ul>\r\n<p class="whitespace-pre-wrap break-words"><strong>Last Updated:</strong> 02 Dec 2024.</p>				Terms and conditions	\N	Terms and conditions	ዉዕልን ኩነት ኣጠቓቕማን
\.


--
-- Data for Name: django_flatpage_sites; Type: TABLE DATA; Schema: public; Owner: postgres
--

COPY public.django_flatpage_sites (id, flatpage_id, site_id) FROM stdin;
1	1	1
2	2	1
3	3	1
4	4	1
5	5	1
\.


--
-- Data for Name: django_migrations; Type: TABLE DATA; Schema: public; Owner: postgres
--

COPY public.django_migrations (id, app, name, applied) FROM stdin;
1	contenttypes	0001_initial	2023-08-31 09:54:17.767723+00
2	auth	0001_initial	2023-08-31 09:54:17.847898+00
3	address	0001_initial	2023-08-31 09:54:17.894937+00
4	address	0002_auto_20150927_1547	2023-08-31 09:54:17.922956+00
5	address	0003_auto_20150927_1551	2023-08-31 09:54:17.947763+00
6	address	0004_auto_20170226_1122	2023-08-31 09:54:17.965069+00
7	address	0005_regenerate_user_address_hashes	2023-08-31 09:54:17.979447+00
8	address	0006_auto_20181115_1953	2023-08-31 09:54:17.989903+00
9	address	0007_alter_useraddress_id	2023-08-31 09:54:18.01727+00
10	admin	0001_initial	2023-08-31 09:54:18.043595+00
11	admin	0002_logentry_remove_auto_add	2023-08-31 09:54:18.057471+00
12	admin	0003_logentry_add_action_flag_choices	2023-08-31 09:54:18.068802+00
13	catalogue	0001_initial	2023-08-31 09:54:18.401563+00
14	analytics	0001_initial	2023-08-31 09:54:18.476812+00
15	analytics	0002_auto_20140827_1705	2023-08-31 09:54:18.588938+00
16	analytics	0003_auto_20200801_0817	2023-08-31 09:54:18.616589+00
17	analytics	0004_auto_20230801_1444	2023-08-31 09:54:18.7026+00
18	contenttypes	0002_remove_content_type_name	2023-08-31 09:54:18.747272+00
19	auth	0002_alter_permission_name_max_length	2023-08-31 09:54:18.776067+00
20	auth	0003_alter_user_email_max_length	2023-08-31 09:54:18.787377+00
21	auth	0004_alter_user_username_opts	2023-08-31 09:54:18.800788+00
22	auth	0005_alter_user_last_login_null	2023-08-31 09:54:18.815072+00
23	auth	0006_require_contenttypes_0002	2023-08-31 09:54:18.81723+00
24	auth	0007_alter_validators_add_error_messages	2023-08-31 09:54:18.830889+00
25	auth	0008_alter_user_username_max_length	2023-08-31 09:54:18.849818+00
26	auth	0009_alter_user_last_name_max_length	2023-08-31 09:54:18.863736+00
27	auth	0010_alter_group_name_max_length	2023-08-31 09:54:18.888533+00
28	auth	0011_update_proxy_permissions	2023-08-31 09:54:18.914204+00
29	auth	0012_alter_user_first_name_max_length	2023-08-31 09:54:18.927269+00
30	sites	0001_initial	2023-08-31 09:54:18.93413+00
31	partner	0001_initial	2023-08-31 09:54:19.088857+00
32	customer	0001_initial	2023-08-31 09:54:19.200257+00
33	basket	0001_initial	2023-08-31 09:54:19.28728+00
34	basket	0002_auto_20140827_1705	2023-08-31 09:54:19.444435+00
35	order	0001_initial	2023-08-31 09:54:20.567251+00
36	offer	0001_initial	2023-08-31 09:54:21.039927+00
37	voucher	0001_initial	2023-08-31 09:54:21.175172+00
38	basket	0003_basket_vouchers	2023-08-31 09:54:21.245876+00
39	basket	0004_auto_20141007_2032	2023-08-31 09:54:21.277124+00
40	basket	0005_auto_20150604_1450	2023-08-31 09:54:21.335391+00
41	basket	0006_auto_20160111_1108	2023-08-31 09:54:21.364177+00
42	basket	0007_slugfield_noop	2023-08-31 09:54:21.397137+00
43	basket	0008_auto_20181115_1953	2023-08-31 09:54:21.432571+00
44	basket	0009_line_date_updated	2023-08-31 09:54:21.478692+00
45	basket	0010_json_basket_option	2023-08-31 09:54:21.612292+00
46	basket	0011_json_basket_option	2023-08-31 09:54:21.633308+00
47	basket	0012_auto_20230801_1444	2023-08-31 09:54:21.826627+00
48	catalogue	0002_auto_20150217_1221	2023-08-31 09:54:21.862742+00
49	catalogue	0003_data_migration_slugs	2023-08-31 09:54:21.922246+00
50	catalogue	0004_auto_20150217_1710	2023-08-31 09:54:21.977459+00
51	catalogue	0005_auto_20150604_1450	2023-08-31 09:54:22.033832+00
52	catalogue	0006_auto_20150807_1725	2023-08-31 09:54:22.092413+00
53	catalogue	0007_auto_20151207_1440	2023-08-31 09:54:22.101773+00
54	catalogue	0008_auto_20160304_1652	2023-08-31 09:54:22.232007+00
55	catalogue	0009_slugfield_noop	2023-08-31 09:54:22.290044+00
56	catalogue	0010_auto_20170420_0439	2023-08-31 09:54:22.450947+00
57	catalogue	0011_auto_20170422_1355	2023-08-31 09:54:22.479793+00
58	catalogue	0012_auto_20170609_1902	2023-08-31 09:54:22.561484+00
59	catalogue	0013_auto_20170821_1548	2023-08-31 09:54:22.619791+00
60	catalogue	0014_auto_20181115_1953	2023-08-31 09:54:22.814597+00
61	catalogue	0015_product_is_public	2023-08-31 09:54:22.844378+00
62	catalogue	0016_auto_20190327_0757	2023-08-31 09:54:23.106318+00
63	catalogue	0017_auto_20190816_0938	2023-08-31 09:54:23.32029+00
64	catalogue	0018_auto_20191220_0920	2023-08-31 09:54:23.407514+00
65	catalogue	0019_option_required	2023-08-31 09:54:23.525925+00
66	catalogue	0020_auto_20200801_0817	2023-08-31 09:54:23.641731+00
67	catalogue	0021_auto_20201005_0844	2023-08-31 09:54:23.705736+00
68	catalogue	0022_auto_20210210_0539	2023-08-31 09:54:23.832394+00
69	catalogue	0023_auto_20210824_1414	2023-08-31 09:54:23.893526+00
70	catalogue	0024_remove_duplicate_attributes	2023-08-31 09:54:23.950227+00
71	catalogue	0025_attribute_code_uniquetogether_constraint	2023-08-31 09:54:23.968191+00
72	catalogue	0026_predefined_product_options	2023-08-31 09:54:24.105807+00
73	catalogue	0027_auto_20230801_1444	2023-08-31 09:54:25.171241+00
74	order	0002_auto_20141007_2032	2023-08-31 09:54:25.355137+00
75	order	0003_auto_20150113_1629	2023-08-31 09:54:25.399029+00
76	order	0004_auto_20160111_1108	2023-08-31 09:54:25.448098+00
77	order	0005_update_email_length	2023-08-31 09:54:25.483136+00
78	order	0006_orderstatuschange	2023-08-31 09:54:25.549717+00
79	order	0007_auto_20181115_1953	2023-08-31 09:54:25.635701+00
80	customer	0002_auto_20150807_1725	2023-08-31 09:54:25.641876+00
81	customer	0003_update_email_length	2023-08-31 09:54:25.679067+00
82	customer	0004_email_save	2023-08-31 09:54:25.76065+00
83	customer	0005_auto_20181115_1953	2023-08-31 09:54:25.78523+00
84	communication	0001_initial	2023-08-31 09:54:25.958354+00
85	order	0008_auto_20190301_1035	2023-08-31 09:54:26.025237+00
86	communication	0002_reset_table_names	2023-08-31 09:54:26.073653+00
87	communication	0003_remove_notification_category_make_code_uppercase	2023-08-31 09:54:26.102097+00
88	communication	0004_auto_20200801_0817	2023-08-31 09:54:26.137232+00
89	communication	0005_auto_20230801_1444	2023-08-31 09:54:26.272305+00
90	customer	0006_auto_20190430_1736	2023-08-31 09:54:26.428431+00
91	customer	0007_auto_20200801_0817	2023-08-31 09:54:26.579833+00
92	customer	0008_alter_productalert_id	2023-08-31 09:54:26.630934+00
93	flatpages	0001_initial	2023-08-31 09:54:26.707794+00
94	offer	0002_auto_20151210_1053	2023-08-31 09:54:26.731513+00
95	offer	0003_auto_20161120_1707	2023-08-31 09:54:26.753772+00
96	offer	0004_auto_20170415_1518	2023-08-31 09:54:26.768067+00
97	offer	0005_auto_20170423_1217	2023-08-31 09:54:26.878716+00
98	offer	0006_auto_20170504_0616	2023-08-31 09:54:26.982409+00
99	offer	0007_conditionaloffer_exclusive	2023-08-31 09:54:26.997415+00
100	offer	0008_auto_20181115_1953	2023-08-31 09:54:27.152937+00
101	offer	0009_auto_20200801_0817	2023-08-31 09:54:27.182414+00
102	offer	0010_conditionaloffer_combinations	2023-08-31 09:54:27.258193+00
103	offer	0011_auto_20230801_1444	2023-08-31 09:54:27.787888+00
104	order	0008_surcharge	2023-08-31 09:54:27.891371+00
105	order	0010_auto_20200724_0909	2023-08-31 09:54:27.998037+00
106	order	0011_auto_20200801_0817	2023-08-31 09:54:28.047689+00
107	order	0012_json_option_value	2023-08-31 09:54:28.106365+00
108	order	0013_json_option_value	2023-08-31 09:54:28.131281+00
110	partner	0002_auto_20141007_2032	2023-08-31 09:54:29.400704+00
111	partner	0003_auto_20150604_1450	2023-08-31 09:54:29.47997+00
112	partner	0004_auto_20160107_1755	2023-08-31 09:54:29.517761+00
113	partner	0005_auto_20181115_1953	2023-08-31 09:54:29.561267+00
114	partner	0006_auto_20200724_0909	2023-08-31 09:54:29.665053+00
115	partner	0007_auto_20230801_1444	2023-08-31 09:54:29.993649+00
116	payment	0001_initial	2023-08-31 09:54:30.251044+00
117	payment	0002_auto_20141007_2032	2023-08-31 09:54:30.277751+00
118	payment	0003_auto_20160323_1520	2023-08-31 09:54:30.304194+00
119	payment	0004_auto_20181115_1953	2023-08-31 09:54:30.317211+00
120	payment	0005_auto_20200801_0817	2023-08-31 09:54:30.355413+00
121	payment	0006_auto_20230801_1444	2023-08-31 09:54:30.614597+00
122	reviews	0001_initial	2023-08-31 09:54:30.820611+00
123	reviews	0002_update_email_length	2023-08-31 09:54:30.869798+00
124	reviews	0003_auto_20160802_1358	2023-08-31 09:54:30.91563+00
125	reviews	0004_auto_20170429_0941	2023-08-31 09:54:30.98014+00
126	reviews	0005_auto_20230801_1444	2023-08-31 09:54:31.09391+00
127	sessions	0001_initial	2023-08-31 09:54:31.113963+00
128	shipping	0001_initial	2023-08-31 09:54:31.418854+00
129	shipping	0002_auto_20150604_1450	2023-08-31 09:54:31.572711+00
130	shipping	0003_auto_20181115_1953	2023-08-31 09:54:31.60512+00
131	shipping	0004_auto_20230801_1444	2023-08-31 09:54:31.738518+00
132	sites	0002_alter_domain_unique	2023-08-31 09:54:31.889417+00
133	thumbnail	0001_initial	2023-08-31 09:54:31.900745+00
134	voucher	0002_auto_20170418_2132	2023-08-31 09:54:32.006971+00
135	voucher	0003_auto_20171212_0411	2023-08-31 09:54:32.073743+00
136	voucher	0004_auto_20180228_0940	2023-08-31 09:54:32.203082+00
137	voucher	0005_auto_20180402_1425	2023-08-31 09:54:32.273829+00
138	voucher	0006_auto_20180413_0911	2023-08-31 09:54:32.287447+00
139	voucher	0007_auto_20181115_1953	2023-08-31 09:54:32.495109+00
140	voucher	0008_auto_20200801_0817	2023-08-31 09:54:32.653513+00
141	voucher	0009_make_voucher_names_unique	2023-08-31 09:54:32.717939+00
142	voucher	0010_auto_20210224_0712	2023-08-31 09:54:32.853584+00
143	voucher	0011_auto_20230801_1444	2023-08-31 09:54:33.165387+00
144	wishlists	0001_initial	2023-08-31 09:54:33.399955+00
145	wishlists	0002_auto_20160111_1108	2023-08-31 09:54:33.432703+00
146	wishlists	0003_auto_20181115_1953	2023-08-31 09:54:33.465557+00
147	wishlists	0004_auto_20220328_0939	2023-08-31 09:54:33.629661+00
148	wishlists	0005_auto_20230801_1444	2023-08-31 09:54:33.769963+00
149	basket	0010_convert_to_valid_json	2023-08-31 09:54:33.782234+00
150	order	0012_convert_to_valid_json	2023-08-31 09:54:33.785428+00
151	order	0009_surcharge	2023-08-31 09:54:33.789809+00
152	basket	0012_line_code	2023-10-16 12:01:06.777621+00
153	basket	0013_merge_0012_auto_20230801_1444_0012_line_code	2023-10-16 12:01:06.785035+00
154	offer	0011_rangeproductfileupload_included	2023-10-16 12:01:06.838539+00
155	offer	0012_merge_20231016_1200	2023-10-16 12:01:06.841857+00
156	order	0014_tax_code	2023-10-16 12:33:36.534468+00
157	order	0015_merge_0014_auto_20230801_1444_0014_tax_code	2023-10-16 12:33:36.538259+00
158	catalogue	0028_attributeoption_code_attributeoptiongroup_code_and_more	2024-02-19 10:33:50.83741+00
159	offer	0012_fixedunitdiscountbenefit_alter_benefit_type	2024-02-19 10:33:50.876278+00
163	order	0014_auto_20230801_1444	2024-02-27 09:26:03.292947+00
164	order	0015_alter_surcharge_options_line_tax_code_and_more	2024-02-27 09:26:03.551105+00
165	order	0016_orderlinediscount	2024-02-27 09:26:03.682732+00
166	catalogue	0029_merge_20240227_1033	2024-02-27 10:34:47.489571+00
167	order	0015_orderlinediscount	2024-02-27 10:36:34.829432+00
168	order	0016_merge_0014_auto_20230801_1444_0015_orderlinediscount	2024-02-27 10:36:34.835132+00
169	captcha	0001_initial	2024-03-22 08:17:09.719713+00
170	captcha	0002_alter_captchastore_id	2024-03-22 08:17:09.729173+00
171	catalogue	0030_product_description_en_product_description_nl_and_more	2024-04-15 08:02:17.013047+00
172	order	0017_alter_surcharge_options	2024-04-15 08:02:17.13366+00
173	catalogue	0031_category_description_en_category_description_nl_and_more	2024-04-15 15:42:56.243026+00
174	catalogue	0032_category_meta_description_en_and_more	2024-04-19 07:25:14.540604+00
175	catalogue	0033_productclass_name_en_productclass_name_nl_and_more	2024-04-19 09:55:38.465513+00
176	catalogue	0034_remove_productclass_slug_en_and_more	2024-04-19 10:08:49.610477+00
177	catalogue	0035_productclass_slug_en_productclass_slug_nl_and_more	2024-04-19 12:52:13.450483+00
178	offer	0013_conditionaloffer_description_en_and_more	2024-04-20 14:38:17.66381+00
179	offer	0014_conditionaloffer_image	2024-04-21 09:16:56.975456+00
180	offer	0015_alter_conditionaloffer_image	2024-04-21 09:16:57.095588+00
181	offer	0016_conditionaloffer_test_name	2024-04-22 07:12:39.384845+00
182	offer	0017_remove_conditionaloffer_test_name	2024-04-22 07:15:48.890027+00
183	offer	0018_alter_conditionaloffer_image	2024-04-22 07:19:01.010101+00
184	offer	0019_alter_conditionaloffer_image	2024-04-22 07:51:56.118906+00
185	partner	0008_stockrecord_vat	2024-05-15 09:48:57.014819+00
186	catalogue	0036_category_description_la_category_meta_description_la_and_more	2024-05-31 13:33:35.245111+00
187	catalogue	0037_rename_description_la_category_description_fi_and_more	2024-05-31 13:44:26.65269+00
188	offer	0020_conditionaloffer_description_fi_and_more	2024-05-31 13:47:56.180836+00
189	catalogue	0038_rename_description_fi_category_description_la_and_more	2024-05-31 13:49:26.111573+00
190	offer	0021_rename_description_fi_conditionaloffer_description_la_and_more	2024-05-31 13:49:26.716647+00
191	catalogue	0039_attributeoptiongroup_name_en_and_more	2024-06-11 08:09:54.937157+00
192	catalogue	0040_attributeoption_option_en_attributeoption_option_la_and_more	2024-06-11 08:38:06.084544+00
193	offer	0022_range_name_en_range_name_la_range_name_nl_and_more	2024-06-11 14:15:50.066886+00
194	offer	0023_range_description_en_range_description_la_and_more	2024-06-11 14:15:50.196741+00
195	shipping	0005_weightbased_name_en_weightbased_name_la_and_more	2024-06-12 07:24:09.935671+00
196	order	0018_shippingeventtype_name_en_shippingeventtype_name_la_and_more	2024-06-13 07:30:00.33647+00
197	order	0019_paymenteventtype_name_en_paymenteventtype_name_la_and_more	2024-06-13 07:43:17.724863+00
198	catalogue	0041_productattribute_name_en_productattribute_name_la_and_more	2024-06-23 17:57:07.533754+00
199	flatpages	0002_flatpage_content_en_flatpage_content_la_and_more	2024-08-02 13:35:31.355496+00
200	account	0001_initial	2024-08-22 07:46:11.19851+00
201	account	0002_email_max_length	2024-08-22 07:46:11.24652+00
202	account	0003_alter_emailaddress_create_unique_verified_email	2024-08-22 07:46:11.308023+00
203	account	0004_alter_emailaddress_drop_unique_email	2024-08-22 07:46:11.368435+00
204	account	0005_emailaddress_idx_upper_email	2024-08-22 07:46:11.42836+00
205	account	0006_emailaddress_lower	2024-08-22 07:46:11.505916+00
206	account	0007_emailaddress_idx_email	2024-08-22 07:46:11.565759+00
207	account	0008_emailaddress_unique_primary_email_fixup	2024-08-22 07:46:11.647717+00
208	account	0009_emailaddress_unique_primary_email	2024-08-22 07:46:11.678068+00
209	cookie_consent	0001_initial	2024-08-29 07:51:48.834862+00
210	cookie_consent	0002_auto__add_logitem	2024-08-29 07:51:48.860945+00
211	cookie_consent	0003_alter_cookiegroup_varname	2024-08-29 07:51:49.023581+00
212	cookie_consent	0004_cookie_natural_key	2024-08-29 07:51:49.037398+00
213	cookie_consent	0005_cookie_description_en_cookie_description_la_and_more	2024-08-29 07:56:22.822185+00
214	redirects	0001_initial	2024-08-29 08:56:11.39633+00
215	redirects	0002_alter_redirect_new_path_help_text	2024-08-29 08:56:11.408057+00
216	catalogue	0042_productattributevalue_value_text_en_and_more	2024-09-03 06:41:55.408128+00
217	catalogue	0043_product_priority	2024-11-18 10:44:59.424733+00
218	catalogue	0044_remove_product_priority	2024-11-18 10:44:59.470188+00
219	offer	0024_range_excluded_categories	2024-11-18 10:44:59.573518+00
220	order	0020_line_allocation_cancelled_line_num_allocated_and_more	2024-11-18 10:44:59.896485+00
221	mfa	0001_initial	2024-11-18 11:33:40.198028+00
222	mfa	0002_authenticator_timestamps	2024-11-18 11:33:40.252996+00
223	mfa	0003_authenticator_type_uniq	2024-11-18 11:33:40.331702+00
224	socialaccount	0001_initial	2024-11-22 08:40:34.28102+00
225	socialaccount	0002_token_max_lengths	2024-11-22 08:40:34.396666+00
226	socialaccount	0003_extra_data_default_dict	2024-11-22 08:40:34.443508+00
227	socialaccount	0004_app_provider_id_settings	2024-11-22 08:40:34.519349+00
228	socialaccount	0005_socialtoken_nullable_app	2024-11-22 08:40:34.81563+00
229	socialaccount	0006_alter_socialaccount_extra_data	2024-11-22 08:40:34.849064+00
230	home	0001_initial	2024-12-04 08:42:02.140472+00
231	home	0002_remove_shopsocialmedia_name_en_and_more	2024-12-04 08:42:02.215685+00
232	home	0003_alter_shopsocialmedia_name	2024-12-04 08:42:02.229849+00
233	home	0004_alter_shopsocialmedia_url	2024-12-04 08:42:02.240298+00
234	home	0005_alter_shopsocialmedia_name_alter_shopsocialmedia_url	2024-12-04 08:42:02.253558+00
235	home	0006_alter_shopsocialmedia_options	2024-12-04 08:42:02.261789+00
236	shopfront	0001_initial	2025-01-07 07:57:01.288769+00
237	shopfront	0002_notice	2025-01-07 07:57:01.412796+00
238	shopfront	0003_alter_notice_start_datetime	2025-01-07 07:57:01.428578+00
239	shopfront	0004_alter_notice_end_datetime_and_more	2025-01-07 07:57:01.486908+00
240	shopfront	0005_rename_end_datetime_notice_end_date_and_more	2025-01-07 07:57:01.517078+00
241	shopfront	0006_alter_notice_content_alter_notice_content_en_and_more	2025-01-07 07:57:01.646268+00
242	shopfront	0007_alter_notice_content_alter_notice_content_en_and_more	2025-01-07 07:57:01.712657+00
243	shopfront	0008_alter_notice_unique_together	2025-01-07 07:57:01.755354+00
244	shopfront	0009_alter_notice_unique_together	2025-01-07 07:57:01.77693+00
245	shopfront	0010_alter_notice_unique_together	2025-01-07 07:57:01.797335+00
246	shopfront	0011_remove_notice_partner_notice_partner_id	2025-01-07 07:57:02.015918+00
247	shopfront	0012_remove_notice_partner_id_notice_partner	2025-01-07 07:57:02.441967+00
248	shopfront	0013_alter_notice_partner	2025-01-07 07:57:02.537662+00
249	shopfront	0014_alter_notice_options_socialmedia_partner	2025-01-07 07:57:02.65436+00
250	shopfront	0015_banner	2025-01-07 07:57:02.773388+00
251	shopfront	0016_banner_url_alter_banner_banner	2025-01-07 07:57:02.818252+00
252	shopfront	0017_remove_banner_url_banner_link_alter_socialmedia_url	2025-01-07 07:57:02.864569+00
253	shopfront	0018_alter_notice_content_alter_notice_content_en_and_more	2025-01-07 07:57:02.922114+00
\.


--
-- Data for Name: django_redirect; Type: TABLE DATA; Schema: public; Owner: wenani_wereja
--

COPY public.django_redirect (id, site_id, old_path, new_path) FROM stdin;
3	1	/	/about_wereja
\.


--
-- Data for Name: django_site; Type: TABLE DATA; Schema: public; Owner: postgres
--

COPY public.django_site (id, domain, name) FROM stdin;
1	wereja.com	wereja.com
\.


--
-- Data for Name: home_shopsocialmedia; Type: TABLE DATA; Schema: public; Owner: wenani_wereja
--

COPY public.home_shopsocialmedia (id, name, url) FROM stdin;
1	Facebook	https://facebook.com/test2
2	X	https://x.com/test3
3	LinkedIn	https://linkedin.com/test4
4	YouTube	https://youtube.com/test3
5	Instagram	https://instagram.com/test45
\.


--
-- Data for Name: mfa_authenticator; Type: TABLE DATA; Schema: public; Owner: wenani_wereja
--

COPY public.mfa_authenticator (id, type, data, user_id, created_at, last_used_at) FROM stdin;
\.


--
-- Data for Name: offer_benefit; Type: TABLE DATA; Schema: public; Owner: postgres
--

COPY public.offer_benefit (id, type, value, max_affected_items, proxy_class, range_id) FROM stdin;
4	Percentage	50.00	\N	\N	4
6	Percentage	25.00	\N	\N	4
7	Percentage	20.00	\N	\N	6
16	Percentage	25.00	5	\N	9
18	Percentage	20.00	7	\N	10
8	Absolute	5.00	1	\N	7
9	Shipping fixed price	0.00	\N	\N	\N
10	Fixed	10.00	10	\N	4
19	Absolute	5.00	1	\N	7
12	Percentage	10.00	\N	\N	4
20	Percentage	20.00	50	\N	10
13	Percentage	20.00	3	\N	4
14	Percentage	50.00	2	\N	6
21	Percentage	30.00	2	\N	11
\.


--
-- Data for Name: offer_condition; Type: TABLE DATA; Schema: public; Owner: postgres
--

COPY public.offer_condition (id, type, value, proxy_class, range_id) FROM stdin;
4	Coverage	1.00	\N	4
6	Count	1.00	\N	4
7	Count	1.00	\N	6
16	Count	1.00	\N	9
18	Count	1.00	\N	10
8	Count	1.00	\N	7
9	Value	25.00	\N	7
10	Count	1.00	\N	4
19	Count	1.00	\N	7
20	Count	1.00	\N	10
12	Value	5.00	\N	4
13	Count	1.00	\N	4
14	Count	1.00	\N	6
21	Count	1.00	\N	11
\.


--
-- Data for Name: offer_conditionaloffer; Type: TABLE DATA; Schema: public; Owner: postgres
--

COPY public.offer_conditionaloffer (id, name, slug, description, offer_type, status, priority, start_datetime, end_datetime, max_global_applications, max_user_applications, max_basket_applications, max_discount, total_discount, num_applications, num_orders, redirect_url, date_created, benefit_id, condition_id, exclusive, description_en, description_nl, description_ti, name_en, name_nl, name_ti, image, description_la, name_la) FROM stdin;
16	Esay T-shirt sale	esay-t-shirt-sale	<p>Esay T-shirt sale</p>	Site	Open	10	2024-05-09 17:00:00+00	2024-05-31 21:00:00+00	7	2	2	150.00	8.74	2	2		2024-05-09 14:11:41.631539+00	16	16	t	<p>Esay T-shirt sale</p>		<p>Esay T-shirt sale</p>	Esay T-shirt sale	Esay T-shirt korting	እሰይ ማልያ ዋጋ ምጉዳል		\N	\N
8	ኩፖን ኢ 2024	surprise-coupon-offer-2024	<p>discount applied at checkout.</p>	Voucher	Open	0	2024-01-05 13:15:00+00	2024-01-31 14:15:00+00	10	\N	1	\N	4.00	2	2		2024-01-05 13:14:57.551654+00	8	8	t	<p>discount applied at checkout.</p>	\N	<p>discount applied at checkout.</p>	surprise coupon offer 2024	\N	ኩፖን ኢ 2024		\N	\N
18	Habesha T-shirt 2024 sale	habesha-t-shirt-2024-sale		Site	Open	10	2024-05-09 16:00:00+00	2024-05-31 18:00:00+00	7	2	2	200.00	19.20	4	4		2024-05-09 15:59:06.345679+00	18	18	t				Habesha T-shirt 2024 sale	Habesha t-shirt korting 2024	ሓበሻ ማልያ ዋጋ ምጉዳል 2024		\N	\N
4	Alcohol Sale Dec	alcohol-sale-dec		Site	Suspended	1	2023-12-20 16:45:00+00	2023-12-30 17:45:00+00	\N	\N	\N	\N	52.00	4	4		2023-12-20 16:44:39.95667+00	4	4	t		\N		Alcohol Sale Dec	\N	Alcohol Sale Dec	\N	\N	\N
6	New Year Drinks Sale	new-year-drinks-sale		Site	Open	1	2023-12-31 16:30:00+00	2024-01-05 17:30:00+00	\N	\N	\N	\N	0.00	0	0		2023-12-31 16:35:36.971453+00	6	6	t		\N		New Year Drinks Sale	\N	New Year Drinks Sale	\N	\N	\N
7	Jan 2024 Gifts	jan-2024-gifts		Site	Open	1	2024-01-01 09:00:00+00	2024-01-07 10:00:00+00	\N	\N	\N	\N	0.00	0	0		2024-01-01 09:04:06.007457+00	7	7	t		\N		Jan 2024 Gifts	\N	Jan 2024 Gifts	\N	\N	\N
13	Fasika 2024 Offers	fasika-2024-offers		Site	Open	5	2024-04-21 10:45:00+00	2024-05-16 12:45:00+00	\N	\N	\N	\N	4.44	1	1		2024-04-21 10:45:38.631799+00	13	13	t				\N	\N	Fasika 2024 Offers		\N	\N
12	Spring 2024 Sale	spring-2024-sale	<p>Enjoy the spring with our alcoholic drinks.</p>	Site	Open	2	2024-03-12 08:45:00+00	2024-03-31 12:00:00+00	\N	\N	\N	\N	64.31	28	28		2024-03-12 08:48:39.801887+00	12	12	f	<p>Enjoy the spring with our alcoholic drinks.</p>	\N	<p>Enjoy the spring with our alcoholic drinks.</p>	Spring 2024 Sale	\N	Spring 2024 Sale	\N	\N	\N
10	€10 ምጉዳል	10-euros-off	<p>€10 ምጉዳል ኣብ ኩሎም መስተታት</p>	Site	Consumed	9	2024-06-11 13:30:00+00	2024-07-31 12:00:00+00	\N	\N	\N	100.00	100.00	8	8		2024-02-24 13:26:44.990307+00	10	10	f	<p>€10 off per alchololic drink, maximum 100 drinks per basket.</p>	\N	<p>€10 ምጉዳል ኣብ ኩሎም መስተታት</p>	€10 off per an alcoholic drink	\N	€10 ምጉዳል		\N	\N
19	Voucher 2024	ኩፖን-2024		Voucher	Suspended	0	2024-06-10 14:45:00+00	2024-12-31 16:45:00+00	100	1	1	500.00	0.00	0	0		2024-06-10 14:52:23.063352+00	19	19	f		\N		Voucher 2024	\N	ኩፖን 2024		\N	\N
20	ቅነሳ ክረምቲ 2024	ቅነሳ-ክረምቲ-2024	<p>20% ቅነሳ ኣብ ዝተመርጹ ኣቕሑ</p>	Site	Open	15	2024-06-20 08:15:00+00	2024-07-31 10:15:00+00	\N	4	2	\N	37.01	5	5		2024-06-20 08:25:35.994648+00	20	20	t	<p>20% discount on selected items.</p>	<p>20% korting op geselecterde producten.</p>	<p>20% ቅነሳ ኣብ ዝተመርጹ ኣቕሑ</p>	Summer 2024 deals	Zomer 2024 deals	ቅነሳ ክረምቲ 2024			\N
14	Fasika 2024	fasika-2024	<p>Happy Easter! Celebrate Easter with your loved ones with these 50% products.</p>	Site	Open	12	2024-04-21 11:45:00+00	2024-11-02 13:45:00+00	\N	\N	\N	\N	1979.80	49	49		2024-04-21 11:50:18.555895+00	14	14	f	<p>Happy Easter! Celebrate Easter with your loved ones with these 50% products.</p>		<p>ርሑስ ፋሲካ!!! ዓቢ ዋጋ ምጉዳል (50%) ኣብ ዝተፈላለዩ ፍርያት።</p>	Fasika 2024	Fasika 2024	ፋሲካ 2024	offers/fireworks.png		\N
21	X-mas 2024 Sale	x-mas-2024-sale	<p>30% off select items.</p>	Site	Open	20	2024-11-04 15:30:00+00	2025-01-10 16:30:00+00	20	3	2	700.00	74.14	6	6		2024-11-04 15:37:10.70267+00	21	21	f	<p>30% off select items.</p>	<p>30% korting op select items.</p>	<p>30% ቅነሳ ኣብ ዝተመርጹ ኣቑሑ።</p>	X-mas 2024 Sale	kerst 2024 sale	ቅነሳ ልደት 2024	offers/fireworks_mntwAze.png		\N
9	Free shipping	free-shipping	<p>Free shipping for orders above 25.00 Euros.</p>	Site	Open	8	2024-02-24 12:30:00+00	2025-01-31 12:00:00+00	200	\N	\N	\N	985.39	103	103		2024-02-24 12:31:44.360076+00	9	9	f	<p>Free shipping for orders above 25.00 Euros.</p>		<p>ነጻ ምስዳድ እንድሕር ድምር ዋጋ ናይ ዝተኣዘዙ ኣቕሓ ወይ ኣቑሑ ልዕሊ 25.00 Euros ኮይኑ።</p>	Free shipping	\N	ነጻ ምስዳድ			\N
\.


--
-- Data for Name: offer_conditionaloffer_combinations; Type: TABLE DATA; Schema: public; Owner: postgres
--

COPY public.offer_conditionaloffer_combinations (id, from_conditionaloffer_id, to_conditionaloffer_id) FROM stdin;
\.


--
-- Data for Name: offer_range; Type: TABLE DATA; Schema: public; Owner: postgres
--

COPY public.offer_range (id, name, slug, description, is_public, includes_all_products, proxy_class, date_created, name_en, name_la, name_nl, name_ti, description_en, description_la, description_nl, description_ti) FROM stdin;
10	ሓበሻ ማልያታት	habesha-t-shirts		t	f	\N	2024-05-09 15:55:29.06342+00	Habesha T-shirts	\N	Habesha T-shirts	ሓበሻ ማልያታት				
7	ኩሎም ኣቑሑ	all-products		f	t	\N	2024-01-05 13:12:34.441392+00	All products	\N	Alle producten	ኩሎም ኣቑሑ				
4	ኣልኮላዊ መስተታት	alcohol-sale		t	f	\N	2023-12-20 16:42:10.417659+00	Alcoholic Drinks	\N	alcoholic dranken	ኣልኮላዊ መስተታት				
9	እሰይ ማልያታት	esay-t-shirts		t	f	\N	2024-05-09 14:08:03.480663+00	Esay T-shirts	\N	Esay T-shirts	እሰይ ማልያታት				
6	Tortas	tortas		t	f	\N	2024-01-01 09:00:51.424594+00	Tortas	\N	Tortas	ምቁር ሕብስቲ				
11	ቅነሳ ልደት 2024	ቅነሳ-ልደት-2024		t	f	\N	2024-11-04 14:42:13.340629+00	X-mas 2024 Sale	\N	Kerst 2024 Sale	ቅነሳ ልደት 2024				
\.


--
-- Data for Name: offer_range_classes; Type: TABLE DATA; Schema: public; Owner: postgres
--

COPY public.offer_range_classes (id, range_id, productclass_id) FROM stdin;
\.


--
-- Data for Name: offer_range_excluded_categories; Type: TABLE DATA; Schema: public; Owner: wenani_wereja
--

COPY public.offer_range_excluded_categories (id, range_id, category_id) FROM stdin;
\.


--
-- Data for Name: offer_range_excluded_products; Type: TABLE DATA; Schema: public; Owner: postgres
--

COPY public.offer_range_excluded_products (id, range_id, product_id) FROM stdin;
20	9	34
21	9	36
22	9	35
23	9	11
24	10	15
25	10	35
26	10	16
27	10	13
28	10	11
\.


--
-- Data for Name: offer_range_included_categories; Type: TABLE DATA; Schema: public; Owner: postgres
--

COPY public.offer_range_included_categories (id, range_id, category_id) FROM stdin;
4	4	5
6	6	2
11	9	9
12	10	9
13	11	2
14	11	6
15	11	22
\.


--
-- Data for Name: offer_rangeproduct; Type: TABLE DATA; Schema: public; Owner: postgres
--

COPY public.offer_rangeproduct (id, display_order, product_id, range_id) FROM stdin;
\.


--
-- Data for Name: offer_rangeproductfileupload; Type: TABLE DATA; Schema: public; Owner: postgres
--

COPY public.offer_rangeproductfileupload (id, filepath, size, date_uploaded, status, error_message, date_processed, num_new_skus, num_unknown_skus, num_duplicate_skus, range_id, uploaded_by_id, upload_type) FROM stdin;
\.


--
-- Data for Name: order_billingaddress; Type: TABLE DATA; Schema: public; Owner: postgres
--

COPY public.order_billingaddress (id, title, first_name, last_name, line1, line2, line3, line4, state, postcode, search_text, country_id) FROM stdin;
\.


--
-- Data for Name: order_communicationevent; Type: TABLE DATA; Schema: public; Owner: postgres
--

COPY public.order_communicationevent (id, date_created, event_type_id, order_id) FROM stdin;
\.


--
-- Data for Name: order_line; Type: TABLE DATA; Schema: public; Owner: postgres
--

COPY public.order_line (id, partner_name, partner_sku, partner_line_reference, partner_line_notes, title, upc, quantity, line_price_incl_tax, line_price_excl_tax, line_price_before_discounts_incl_tax, line_price_before_discounts_excl_tax, unit_price_incl_tax, unit_price_excl_tax, status, order_id, partner_id, product_id, stockrecord_id, tax_code, allocation_cancelled, num_allocated) FROM stdin;
1	Saba	SBVG25			Veggy basket		1	5.44	4.50	5.44	4.50	5.44	4.50		1	1	3	3	\N	f	5
2	Saba	SBFR25			Fruits basket		1	10.28	8.50	10.28	8.50	10.28	8.50		2	1	1	1	\N	f	5
3	Saba	SBVG25			Veggy basket		2	10.88	9.00	10.88	9.00	5.44	4.50		3	1	3	3	\N	f	5
4	Saba	SBWDCK			Wedding cake		1	91.05	75.25	91.05	75.25	91.05	75.25		3	1	2	2	\N	f	5
5	Saba	SBVG25			Veggy basket		1	5.44	4.50	5.44	4.50	5.44	4.50		4	1	3	3	\N	f	5
6	Saba	SBFR25			Fruits basket		1	10.28	8.50	10.28	8.50	10.28	8.50		4	1	1	1	\N	f	5
7	Saba	SBVG25			Veggy basket		2	10.88	9.00	10.88	9.00	5.44	4.50		5	1	3	3	\N	f	5
8	Saba	SBVG25			Veggy basket		1	5.44	4.50	5.44	4.50	5.44	4.50		6	1	3	3	\N	f	5
9	Saba	SBVG25			Veggy basket		1	5.44	4.50	5.44	4.50	5.44	4.50		7	1	3	3	\N	f	5
10	Saba	SBFR25			Fruits basket		1	10.28	8.50	10.28	8.50	10.28	8.50		8	1	1	1	\N	f	5
11	Saba	SBFR25			Fruits basket		1	10.28	8.50	10.28	8.50	10.28	8.50		9	1	1	1	\N	f	5
12	Saba	SBVG25			Veggy basket		1	5.44	4.50	5.44	4.50	5.44	4.50		10	1	3	3	\N	f	5
13	Saba	SBWDCK			Wedding cake		5	455.25	376.25	455.25	376.25	91.05	75.25		11	1	2	2	\N	f	5
14	Saba	SBVG25			Veggy basket		1	5.44	4.50	5.44	4.50	5.44	4.50		11	1	3	3	\N	f	5
15	Saba	SBVG25			Veggy basket		1	5.44	4.50	5.44	4.50	5.44	4.50		12	1	3	3	\N	f	5
16	Saba	SBWDCK			Wedding cake		1	91.05	75.25	91.05	75.25	91.05	75.25		13	1	2	2	\N	f	5
17	Saba	SBWDCK			Wedding cake		1	91.05	75.25	91.05	75.25	91.05	75.25		14	1	2	2	\N	f	5
18	Saba	SBFR25			Fruits basket		1	10.28	8.50	10.28	8.50	10.28	8.50		15	1	1	1	\N	f	5
19	Saba	SBFR25			Fruits basket		1	10.28	8.50	10.28	8.50	10.28	8.50		16	1	1	1	\N	f	5
20	Saba	SBVG25			Veggy basket		1	5.44	4.50	5.44	4.50	5.44	4.50		16	1	3	3	\N	f	5
21	Saba	SBFR25			Fruits basket		3	30.84	25.50	30.84	25.50	10.28	8.50		17	1	1	1	\N	f	5
22	Saba	SBVG25			Veggy basket		1	5.44	4.50	5.44	4.50	5.44	4.50	Pending	18	1	3	3	\N	f	5
23	Saba	SBWDCK			Wedding cake		1	91.05	75.25	91.05	75.25	91.05	75.25	Pending	18	1	2	2	\N	f	5
24	Saba	SBVG25			Veggy basket		1	5.44	4.50	5.44	4.50	5.44	4.50	Pending	19	1	3	3	\N	f	5
25	Saba	SBVG25			Veggy basket		1	5.44	4.50	5.44	4.50	5.44	4.50	Pending	20	1	3	3	\N	f	5
26	Saba	SBVG25			Veggy basket		1	5.44	4.50	5.44	4.50	5.44	4.50	Pending	21	1	3	3	\N	f	5
27	Saba	SBWDCK			Wedding cake		1	91.05	75.25	91.05	75.25	91.05	75.25	Pending	22	1	2	2	\N	f	5
28	Saba	SBFR25			Fruits basket		1	10.28	8.50	10.28	8.50	10.28	8.50	Pending	23	1	1	1	\N	f	5
29	Saba	SBFR25			Fruits basket		1	10.28	8.50	10.28	8.50	10.28	8.50	Pending	24	1	1	1	\N	f	5
30	Saba	SBVG25			Veggy basket		1	5.44	4.50	5.44	4.50	5.44	4.50	Pending	25	1	3	3	\N	f	5
31	Saba	SBWDCK			Wedding cake		1	91.05	75.25	91.05	75.25	91.05	75.25	Pending	26	1	2	2	\N	f	5
32	Saba	SBFR25			Fruits basket		2	20.56	17.00	20.56	17.00	10.28	8.50	Pending	27	1	1	1	\N	f	5
35	Saba	SBFR25			Fruits basket		1	10.28	8.50	10.28	8.50	10.28	8.50	Pending	30	1	1	1	\N	f	5
36	Saba	SBWDCK			Wedding cake		1	91.05	75.25	91.05	75.25	91.05	75.25	Processed	31	1	2	2	\N	f	5
37	Saba	SBFR25			Fruits basket		1	10.28	8.50	10.28	8.50	10.28	8.50	Processed	32	1	1	1	\N	f	5
38	Saba	SBFR25			Fruits basket		1	10.28	8.50	10.28	8.50	10.28	8.50	Pending	33	1	1	1	\N	f	5
39	Saba	SBWDCK			Wedding cake		1	91.05	75.25	91.05	75.25	91.05	75.25	Pending	34	1	2	2	\N	f	5
40	Saba	SBFR25			Fruits basket		1	10.28	8.50	10.28	8.50	10.28	8.50	Pending	35	1	1	1	\N	f	5
41	Saba	SBWDCK			Wedding cake		1	91.05	75.25	91.05	75.25	91.05	75.25	Pending	36	1	2	2	\N	f	5
51	Saba	SBFR25			Fruits basket		1	10.28	8.50	10.28	8.50	10.28	8.50	Pending	46	1	1	1	\N	f	5
52	Saba	SBWDCK			Wedding cake		1	91.05	75.25	91.05	75.25	91.05	75.25	Pending	47	1	2	2	\N	f	5
53	Saba	SBVG25			Veggy basket		1	5.44	4.50	5.44	4.50	5.44	4.50	Pending	48	1	3	3	\N	f	5
54	Saba	SBWDCK			Wedding cake		1	91.05	75.25	91.05	75.25	91.05	75.25	Pending	49	1	2	2	\N	f	5
55	Saba	SBVG25			Veggy basket		1	5.44	4.50	5.44	4.50	5.44	4.50	Pending	50	1	3	3	\N	f	5
56	Saba	SBVG25			Veggy basket		1	5.44	4.50	5.44	4.50	5.44	4.50	Pending	51	1	3	3	\N	f	5
57	Saba	SBFR25			Fruits basket		1	10.28	8.50	10.28	8.50	10.28	8.50	Pending	52	1	1	1	\N	f	5
58	Saba	SBFR25			Fruits basket		1	10.28	8.50	10.28	8.50	10.28	8.50	Pending	53	1	1	1	\N	f	5
59	Saba	SBVG25			Veggy basket		1	5.44	4.50	5.44	4.50	5.44	4.50	Pending	54	1	3	3	\N	f	5
60	Saba	SBWDCK			Wedding cake		1	91.05	75.25	91.05	75.25	91.05	75.25	Pending	55	1	2	2	\N	f	5
61	Saba	SBVG25			Veggy basket		1	5.44	4.50	5.44	4.50	5.44	4.50	Pending	56	1	3	3	\N	f	5
62	Saba	SBVG25			Veggy basket		1	5.44	4.50	5.44	4.50	5.44	4.50	Pending	57	1	3	3	\N	f	5
63	Saba	SBVG25			Veggy basket		1	5.44	4.50	5.44	4.50	5.44	4.50	Pending	58	1	3	3	\N	f	5
64	Saba	SBVG25			Veggy basket		1	5.44	4.50	5.44	4.50	5.44	4.50	Pending	59	1	3	3	\N	f	5
65	Saba	SBWDCK			Wedding cake		1	91.05	75.25	91.05	75.25	91.05	75.25	Pending	60	1	2	2	\N	f	5
66	Saba	SBFR25			Fruits basket		1	10.28	8.50	10.28	8.50	10.28	8.50	Pending	61	1	1	1	\N	f	5
67	Saba	SBWDCK			Wedding cake		1	91.05	75.25	91.05	75.25	91.05	75.25	Pending	62	1	2	2	\N	f	5
68	Saba	SBFR25			Fruits basket		1	10.28	8.50	10.28	8.50	10.28	8.50	Pending	63	1	1	1	\N	f	5
69	Saba	SBVG25			Veggy basket		1	5.44	4.50	5.44	4.50	5.44	4.50	Pending	64	1	3	3	\N	f	5
70	Saba	SBVG25			Veggy basket		1	5.44	4.50	5.44	4.50	5.44	4.50	Pending	65	1	3	3	\N	f	5
71	Saba	SBWDCK			Wedding cake		1	91.05	75.25	91.05	75.25	91.05	75.25	Pending	66	1	2	2	\N	f	5
72	Saba	SBVG25			Veggy basket		1	5.44	4.50	5.44	4.50	5.44	4.50	Pending	67	1	3	3	\N	f	5
73	Saba	SBVG25			Veggy basket		1	5.44	4.50	5.44	4.50	5.44	4.50	Pending	68	1	3	3	\N	f	5
74	Saba	SBVG25			Veggy basket		1	5.44	4.50	5.44	4.50	5.44	4.50	Pending	69	1	3	3	\N	f	5
75	Saba	SBVG25			Veggy basket		1	5.44	4.50	5.44	4.50	5.44	4.50	Pending	70	1	3	3	\N	f	5
76	Saba	SBVG25			Veggy basket		1	5.44	4.50	5.44	4.50	5.44	4.50	Pending	71	1	3	3	\N	f	5
77	Saba	SBVG25			Veggy basket		1	5.44	4.50	5.44	4.50	5.44	4.50	Pending	72	1	3	3	\N	f	5
78	Saba	SBVG25			Veggy basket		1	5.44	4.50	5.44	4.50	5.44	4.50	Pending	73	1	3	3	\N	f	5
79	Saba	SBWDCK			Wedding cake		1	91.05	75.25	91.05	75.25	91.05	75.25	Pending	74	1	2	2	\N	f	5
80	Saba	SBFR25			Fruits basket		1	10.28	8.50	10.28	8.50	10.28	8.50	Pending	75	1	1	1	\N	f	5
81	Saba	SBFR25			Fruits basket		1	10.28	8.50	10.28	8.50	10.28	8.50	Pending	76	1	1	1	\N	f	5
82	Saba	SBWDCK			Wedding cake		1	91.05	75.25	91.05	75.25	91.05	75.25	Pending	77	1	2	2	\N	f	5
83	Saba	SBWDCK			Wedding cake		1	91.05	75.25	91.05	75.25	91.05	75.25	Pending	78	1	2	2	\N	f	5
84	Saba	SBWDCK			Wedding cake		1	91.05	75.25	91.05	75.25	91.05	75.25	Pending	79	1	2	2	\N	f	5
85	Saba	SBVG25			Veggy basket		1	5.44	4.50	5.44	4.50	5.44	4.50	Pending	80	1	3	3	\N	f	5
86	Saba	SBWDCK			Wedding cake		1	91.05	75.25	91.05	75.25	91.05	75.25	Pending	81	1	2	2	\N	f	5
87	Saba	SBFR25			Fruits basket		1	10.28	8.50	10.28	8.50	10.28	8.50	Pending	82	1	1	1	\N	f	5
88	Saba	SBFR25			Fruits basket		1	10.28	8.50	10.28	8.50	10.28	8.50	Pending	83	1	1	1	\N	f	5
89	Saba	SBWDCK			Wedding cake		1	91.05	75.25	91.05	75.25	91.05	75.25	Pending	84	1	2	2	\N	f	5
90	Saba	SBFR25			Fruits basket		1	10.28	8.50	10.28	8.50	10.28	8.50	Pending	85	1	1	1	\N	f	5
91	Saba	SBFR25			Fruits basket		1	10.28	8.50	10.28	8.50	10.28	8.50	Pending	86	1	1	1	\N	f	5
92	Saba	SBVG25			Veggy basket		1	5.44	4.50	5.44	4.50	5.44	4.50	Pending	87	1	3	3	\N	f	5
93	Saba	SBVG25			Veggy basket		1	5.44	4.50	5.44	4.50	5.44	4.50	Pending	88	1	3	3	\N	f	5
94	Saba	SBVG25			Veggy basket		1	5.44	4.50	5.44	4.50	5.44	4.50	Pending	89	1	3	3	\N	f	5
95	Saba	SBVG25			Veggy basket		2	10.88	9.00	10.88	9.00	5.44	4.50	Pending	90	1	3	3	\N	f	5
96	Saba	SBVG25			Veggy basket		1	5.44	4.50	5.44	4.50	5.44	4.50	Pending	91	1	3	3	\N	f	5
97	Saba	SBVG25			Veggy basket		1	5.44	4.50	5.44	4.50	5.44	4.50	Pending	92	1	3	3	\N	f	5
98	Saba	SBVG25			Veggy basket		1	5.44	4.50	5.44	4.50	5.44	4.50	Pending	93	1	3	3	\N	f	5
99	Saba	SBVG25			Veggy basket		1	5.44	4.50	5.44	4.50	5.44	4.50	Pending	94	1	3	3	\N	f	5
100	Saba	SBVG25			Veggy basket		1	5.44	4.50	5.44	4.50	5.44	4.50	Pending	95	1	3	3	\N	f	5
101	Saba	SBVG25			Veggy basket		1	5.44	4.50	5.44	4.50	5.44	4.50	Pending	96	1	3	3	\N	f	5
102	Saba	SBVG25			Veggy basket		1	5.44	4.50	5.44	4.50	5.44	4.50	Pending	97	1	3	3	\N	f	5
103	Saba	SBVG25			Veggy basket		1	5.44	4.50	5.44	4.50	5.44	4.50	Pending	98	1	3	3	\N	f	5
104	Saba	SBVG25			Veggy basket		1	5.44	4.50	5.44	4.50	5.44	4.50	Pending	99	1	3	3	\N	f	5
105	Saba	SBVG25			Veggy basket		1	5.44	4.50	5.44	4.50	5.44	4.50	Pending	100	1	3	3	\N	f	5
106	Saba	SBVG25			Veggy basket		2	10.88	9.00	10.88	9.00	5.44	4.50	Pending	101	1	3	3	\N	f	5
107	Saba	SBVG25			Veggy basket		1	5.44	4.50	5.44	4.50	5.44	4.50	Pending	102	1	3	3	\N	f	5
108	Saba	SBVG25			Veggy basket		1	5.44	4.50	5.44	4.50	5.44	4.50	Pending	103	1	3	3	\N	f	5
109	Saba	SBVG25			Veggy basket		1	5.44	4.50	5.44	4.50	5.44	4.50	Pending	104	1	3	3	\N	f	5
110	Saba	SBWDCK			Wedding cake		1	91.05	75.25	91.05	75.25	91.05	75.25	Pending	105	1	2	2	\N	f	5
111	Saba	SBWDCK			Wedding cake		1	91.05	75.25	91.05	75.25	91.05	75.25	Pending	106	1	2	2	\N	f	5
112	Saba	SBVG25			Veggy basket		1	5.44	4.50	5.44	4.50	5.44	4.50	Pending	107	1	3	3	\N	f	5
113	Saba	SBWDCK			Wedding cake		1	91.05	75.25	91.05	75.25	91.05	75.25	Pending	108	1	2	2	\N	f	5
114	Saba	SBFR25			Fruits basket		1	10.28	8.50	10.28	8.50	10.28	8.50	Pending	109	1	1	1	\N	f	5
115	Saba	SBVG25			Veggy basket		1	5.44	4.50	5.44	4.50	5.44	4.50	Pending	110	1	3	3	\N	f	5
116	Saba	SBWDCK			Wedding cake		1	91.05	75.25	91.05	75.25	91.05	75.25	Pending	111	1	2	2	\N	f	5
117	Saba	SBWDCK			Wedding cake		1	91.05	75.25	91.05	75.25	91.05	75.25	Pending	112	1	2	2	\N	f	5
118	Saba	SBFR25			Fruits basket		1	10.28	8.50	10.28	8.50	10.28	8.50	Pending	113	1	1	1	\N	f	5
119	Saba	SBWDCK			Wedding cake		1	91.05	75.25	91.05	75.25	91.05	75.25	Pending	114	1	2	2	\N	f	5
120	Saba	SBVG25			Veggy basket		1	5.44	4.50	5.44	4.50	5.44	4.50	Pending	115	1	3	3	\N	f	5
121	Saba	SBVG25			Veggy basket		1	5.44	4.50	5.44	4.50	5.44	4.50	Pending	116	1	3	3	\N	f	5
122	Saba	SBVG25			Veggy basket		1	5.44	4.50	5.44	4.50	5.44	4.50	Pending	117	1	3	3	\N	f	5
123	Saba	SBVG25			Veggy basket		1	5.44	4.50	5.44	4.50	5.44	4.50	Pending	118	1	3	3	\N	f	5
124	Saba	SBWDCK			Wedding cake		1	91.05	75.25	91.05	75.25	91.05	75.25	Pending	119	1	2	2	\N	f	5
125	Saba	SBFR25			Fruits basket		1	10.28	8.50	10.28	8.50	10.28	8.50	Pending	120	1	1	1	\N	f	5
126	Saba	SBFR25			Fruits basket		1	10.28	8.50	10.28	8.50	10.28	8.50	Pending	121	1	1	1	\N	f	5
127	Saba	SBVG25			Veggy basket		1	5.44	4.50	5.44	4.50	5.44	4.50	Pending	122	1	3	3	\N	f	5
128	Saba	SBWDCK			Wedding cake		1	91.05	75.25	91.05	75.25	91.05	75.25	Pending	123	1	2	2	\N	f	5
129	Saba	SBFR25			Fruits basket		1	10.28	8.50	10.28	8.50	10.28	8.50	Pending	124	1	1	1	\N	f	5
130	Saba	SBWDCK			Wedding cake		1	91.05	75.25	91.05	75.25	91.05	75.25	Pending	125	1	2	2	\N	f	5
131	Saba	SBFR25			Fruits basket		1	10.28	8.50	10.28	8.50	10.28	8.50	Pending	126	1	1	1	\N	f	5
132	Saba	SBFR25			Fruits basket		1	10.28	8.50	10.28	8.50	10.28	8.50	Pending	127	1	1	1	\N	f	5
133	Saba	SBFR25			Fruits basket		1	10.28	8.50	10.28	8.50	10.28	8.50	Pending	128	1	1	1	\N	f	5
134	Saba	SBFR25			Fruits basket		1	10.28	8.50	10.28	8.50	10.28	8.50	Pending	129	1	1	1	\N	f	5
135	Saba	SBFR25			Fruits basket		1	10.28	8.50	10.28	8.50	10.28	8.50	Pending	130	1	1	1	\N	f	5
136	Saba	SBWDCK			Wedding cake		1	91.05	75.25	91.05	75.25	91.05	75.25	Pending	131	1	2	2	\N	f	5
137	Saba	SBFR25			Fruits basket		1	10.28	8.50	10.28	8.50	10.28	8.50	Pending	132	1	1	1	\N	f	5
138	Saba	SBFR25			Fruits basket		1	10.28	8.50	10.28	8.50	10.28	8.50	Pending	133	1	1	1	\N	f	5
139	Saba	SBFR25			Fruits basket		1	10.28	8.50	10.28	8.50	10.28	8.50	Pending	134	1	1	1	\N	f	5
140	Saba	SBFR25			Fruits basket		1	10.28	8.50	10.28	8.50	10.28	8.50	Pending	135	1	1	1	\N	f	5
141	Saba	SBFR25			Fruits basket		1	10.28	8.50	10.28	8.50	10.28	8.50	Pending	136	1	1	1	\N	f	5
142	Saba	SBFR25			Fruits basket		1	10.28	8.50	10.28	8.50	10.28	8.50	Pending	137	1	1	1	\N	f	5
143	Saba	SBWDCK			Wedding cake		1	91.05	75.25	91.05	75.25	91.05	75.25	Pending	138	1	2	2	\N	f	5
144	Saba	SBWDCK			Wedding cake		1	91.05	75.25	91.05	75.25	91.05	75.25	Pending	139	1	2	2	\N	f	5
145	Saba	SBWDCK			Wedding cake		2	182.10	150.50	182.10	150.50	91.05	75.25	Pending	140	1	2	2	\N	f	5
146	Saba	SBVG25			Veggy basket		1	5.44	4.50	5.44	4.50	5.44	4.50	Pending	141	1	3	3	\N	f	5
147	Saba	SBVG25			Veggy basket		1	5.44	4.50	5.44	4.50	5.44	4.50	Pending	142	1	3	3	\N	f	5
148	Saba	SBWDCK			Wedding cake		1	91.05	75.25	91.05	75.25	91.05	75.25	Pending	143	1	2	2	\N	f	5
149	Saba	SBVG25			Veggy basket		1	5.44	4.50	5.44	4.50	5.44	4.50	Pending	144	1	3	3	\N	f	5
150	Saba	SBWDCK			Wedding cake		1	91.05	75.25	91.05	75.25	91.05	75.25	Pending	145	1	2	2	\N	f	5
151	Saba	SBFR25			Fruits basket		1	10.28	8.50	10.28	8.50	10.28	8.50	Pending	146	1	1	1	\N	f	5
152	Saba	SBFR25			Fruits basket		1	10.28	8.50	10.28	8.50	10.28	8.50	Pending	147	1	1	1	\N	f	5
153	Saba	SBVG25			Veggy basket		1	5.44	4.50	5.44	4.50	5.44	4.50	Pending	148	1	3	3	\N	f	5
154	Saba	SBVG25			Veggy basket		1	5.44	4.50	5.44	4.50	5.44	4.50	Pending	149	1	3	3	\N	f	5
155	Saba	SBVG25			Veggy basket		1	5.44	4.50	5.44	4.50	5.44	4.50	Pending	150	1	3	3	\N	f	5
156	Saba	SBWDCK			Wedding cake		1	91.05	75.25	91.05	75.25	91.05	75.25	Pending	151	1	2	2	\N	f	5
157	Saba	SBFR25			Fruits basket		1	10.28	8.50	10.28	8.50	10.28	8.50	Pending	152	1	1	1	\N	f	5
158	Saba	SBVG25			Veggy basket		1	5.44	4.50	5.44	4.50	5.44	4.50	Pending	153	1	3	3	\N	f	5
159	Saba	SBVG25			Veggy basket		1	5.44	4.50	5.44	4.50	5.44	4.50	Pending	154	1	3	3	\N	f	5
160	Saba	SBVG25			Veggy basket		1	5.44	4.50	5.44	4.50	5.44	4.50	Pending	155	1	3	3	\N	f	5
161	Saba	SBWDCK			Wedding cake		1	91.05	75.25	91.05	75.25	91.05	75.25	Pending	156	1	2	2	\N	f	5
162	Saba	SBWDCK			Wedding cake		1	91.05	75.25	91.05	75.25	91.05	75.25	Pending	157	1	2	2	\N	f	5
163	Saba	SBWDCK			Wedding cake		1	91.05	75.25	91.05	75.25	91.05	75.25	Pending	158	1	2	2	\N	f	5
164	Saba	SBWDCK			Wedding cake		1	91.05	75.25	91.05	75.25	91.05	75.25	Pending	159	1	2	2	\N	f	5
165	Saba	SBFR25			Fruits basket		1	10.28	8.50	10.28	8.50	10.28	8.50	Pending	160	1	1	1	\N	f	5
166	Saba	SBFR25			Fruits basket		1	10.28	8.50	10.28	8.50	10.28	8.50	Pending	161	1	1	1	\N	f	5
167	Saba	SBFR25			Fruits basket		1	10.28	8.50	10.28	8.50	10.28	8.50	Pending	162	1	1	1	\N	f	5
168	Saba	SBFR25			Fruits basket		1	10.28	8.50	10.28	8.50	10.28	8.50	Pending	163	1	1	1	\N	f	5
169	Saba	SBFR25			Fruits basket		1	10.28	8.50	10.28	8.50	10.28	8.50	Pending	164	1	1	1	\N	f	5
170	Saba	SBWDCK			Wedding cake		1	91.05	75.25	91.05	75.25	91.05	75.25	Pending	165	1	2	2	\N	f	5
171	Saba	SBFR25			Fruits basket		1	10.28	8.50	10.28	8.50	10.28	8.50	Pending	166	1	1	1	\N	f	5
172	Saba	SBFR25			Fruits basket		1	10.28	8.50	10.28	8.50	10.28	8.50	Pending	167	1	1	1	\N	f	5
173	Saba	SBFR25			Fruits basket		1	10.28	8.50	10.28	8.50	10.28	8.50	Pending	168	1	1	1	\N	f	5
174	Saba	SBFR25			Fruits basket		1	10.28	8.50	10.28	8.50	10.28	8.50	Pending	169	1	1	1	\N	f	5
175	Saba	SBFR25			Fruits basket		1	10.28	8.50	10.28	8.50	10.28	8.50	Pending	170	1	1	1	\N	f	5
176	Saba	SBFR25			Fruits basket		1	10.28	8.50	10.28	8.50	10.28	8.50	Pending	171	1	1	1	\N	f	5
177	Saba	SBFR25			Fruits basket		1	10.28	8.50	10.28	8.50	10.28	8.50	Pending	172	1	1	1	\N	f	5
178	Saba	SBFR25			Fruits basket		1	10.28	8.50	10.28	8.50	10.28	8.50	Pending	173	1	1	1	\N	f	5
179	Saba	SBFR25			Fruits basket		1	10.28	8.50	10.28	8.50	10.28	8.50	Pending	174	1	1	1	\N	f	5
180	Saba	SBFR25			Fruits basket		1	10.28	8.50	10.28	8.50	10.28	8.50	Pending	175	1	1	1	\N	f	5
203	Saba	SBWDCK			Wedding cake		1	91.05	75.25	91.05	75.25	91.05	75.25	Pending	197	1	2	2	\N	f	5
181	Saba	SBFR25			Fruits basket		1	10.28	8.50	10.28	8.50	10.28	8.50	Processed	176	1	1	1	\N	f	5
182	Saba	SBWDCK			Wedding cake		1	91.05	75.25	91.05	75.25	91.05	75.25	Pending	177	1	2	2	\N	f	5
183	Saba	SBFR25			Fruits basket		1	10.28	8.50	10.28	8.50	10.28	8.50	Pending	178	1	1	1	\N	f	5
184	Saba	SBFR25			Fruits basket		1	10.28	8.50	10.28	8.50	10.28	8.50	Pending	179	1	1	1	\N	f	5
185	Saba	SBFR25			Fruits basket		1	10.28	8.50	10.28	8.50	10.28	8.50	Pending	180	1	1	1	\N	f	5
186	Saba	SBFR25			Fruits basket		1	10.28	8.50	10.28	8.50	10.28	8.50	Pending	181	1	1	1	\N	f	5
187	Saba	SBFR25			Fruits basket		1	10.28	8.50	10.28	8.50	10.28	8.50	Pending	182	1	1	1	\N	f	5
188	Saba	SBFR25			Fruits basket		1	10.28	8.50	10.28	8.50	10.28	8.50	Pending	183	1	1	1	\N	f	5
189	Saba	SBFR25			Fruits basket		1	10.28	8.50	10.28	8.50	10.28	8.50	Pending	184	1	1	1	\N	f	5
190	Saba	SBFR25			Fruits basket		1	10.28	8.50	10.28	8.50	10.28	8.50	Pending	185	1	1	1	\N	f	5
191	Saba	SBWDCK			Wedding cake		1	91.05	75.25	91.05	75.25	91.05	75.25	Pending	186	1	2	2	\N	f	5
192	Saba	SBFR25			Fruits basket		1	10.28	8.50	10.28	8.50	10.28	8.50	Pending	186	1	1	1	\N	f	5
193	Saba	SBFR25			Fruits basket		1	10.28	8.50	10.28	8.50	10.28	8.50	Pending	187	1	1	1	\N	f	5
194	Saba	SBFR25			Fruits basket		1	10.28	8.50	10.28	8.50	10.28	8.50	Pending	188	1	1	1	\N	f	5
195	Saba	SBFR25			Fruits basket		1	10.28	8.50	10.28	8.50	10.28	8.50	Pending	189	1	1	1	\N	f	5
196	Saba	SBFR25			Fruits basket		1	10.28	8.50	10.28	8.50	10.28	8.50	Pending	190	1	1	1	\N	f	5
197	Saba	SBFR25			Fruits basket		1	10.28	8.50	10.28	8.50	10.28	8.50	Pending	191	1	1	1	\N	f	5
198	Saba	SBFR25			Fruits basket		1	10.28	8.50	10.28	8.50	10.28	8.50	Pending	192	1	1	1	\N	f	5
199	Saba	SBFR25			Fruits basket		1	10.28	8.50	10.28	8.50	10.28	8.50	Pending	193	1	1	1	\N	f	5
200	Saba	SBFR25			Fruits basket		1	10.28	8.50	10.28	8.50	10.28	8.50	Pending	194	1	1	1	\N	f	5
201	Saba	SBFR25			Fruits basket		1	10.28	8.50	10.28	8.50	10.28	8.50	Pending	195	1	1	1	\N	f	5
202	Saba	SBWDCK			Wedding cake		1	91.05	75.25	91.05	75.25	91.05	75.25	Pending	196	1	2	2	\N	f	5
204	Saba	SBWDCK			Wedding cake		1	91.05	75.25	91.05	75.25	91.05	75.25	Pending	198	1	2	2	\N	f	5
205	Saba	SBFR25			Fruits basket		1	10.28	8.50	10.28	8.50	10.28	8.50	Pending	199	1	1	1	\N	f	5
206	Saba	SBFR25			Fruits basket		1	10.28	8.50	10.28	8.50	10.28	8.50	Pending	200	1	1	1	\N	f	5
207	Saba	SBWDCK			Wedding cake		1	91.05	75.25	91.05	75.25	91.05	75.25	Pending	201	1	2	2	\N	f	5
208	Saba	SBWDCK			Wedding cake		1	91.05	75.25	91.05	75.25	91.05	75.25	Pending	202	1	2	2	\N	f	5
209	Saba	SBFR25			Fruits basket		1	10.28	8.50	10.28	8.50	10.28	8.50	Pending	203	1	1	1	\N	f	5
210	Saba	SBWDCK			Wedding cake		1	91.05	75.25	91.05	75.25	91.05	75.25	Pending	204	1	2	2	\N	f	5
211	Saba	SBFR25			Fruits basket		1	10.28	8.50	10.28	8.50	10.28	8.50	Pending	205	1	1	1	\N	f	5
212	Saba	SBWDCK			Wedding cake		2	182.10	150.50	182.10	150.50	91.05	75.25	Pending	206	1	2	2	\N	f	5
213	Saba	SBFR25			Fruits basket		1	10.28	8.50	10.28	8.50	10.28	8.50	Pending	207	1	1	1	\N	f	5
214	Saba	SBVG25			Veggy basket		1	5.44	4.50	5.44	4.50	5.44	4.50	Pending	208	1	3	3	\N	f	5
215	Saba	SBVG25			Veggy basket		1	5.44	4.50	5.44	4.50	5.44	4.50	Pending	209	1	3	3	\N	f	5
216	Saba	SBVG25			Veggy basket		1	5.44	4.50	5.44	4.50	5.44	4.50	Pending	210	1	3	3	\N	f	5
217	Saba	SBVG25			Veggy basket		1	5.44	4.50	5.44	4.50	5.44	4.50	Pending	211	1	3	3	\N	f	5
218	Saba	SBVG25			Veggy basket		1	5.44	4.50	5.44	4.50	5.44	4.50	Pending	212	1	3	3	\N	f	5
219	Saba	SBVG25			Veggy basket		1	5.44	4.50	5.44	4.50	5.44	4.50	Pending	213	1	3	3	\N	f	5
220	Saba	SBVG25			Veggy basket		1	5.44	4.50	5.44	4.50	5.44	4.50	Pending	214	1	3	3	\N	f	5
221	Saba	SBVG25			Veggy basket		1	5.44	4.50	5.44	4.50	5.44	4.50	Pending	215	1	3	3	\N	f	5
222	Saba	SBVG25			Veggy basket		1	5.44	4.50	5.44	4.50	5.44	4.50	Pending	216	1	3	3	\N	f	5
223	Saba	SBVG25			Veggy basket		1	5.44	4.50	5.44	4.50	5.44	4.50	Pending	217	1	3	3	\N	f	5
224	Saba	SBVG25			Veggy basket		1	5.44	4.50	5.44	4.50	5.44	4.50	Pending	218	1	3	3	\N	f	5
225	Saba	SBVG25			Veggy basket		1	5.44	4.50	5.44	4.50	5.44	4.50	Pending	219	1	3	3	\N	f	5
226	Saba	SBVG25			Veggy basket		1	5.44	4.50	5.44	4.50	5.44	4.50	Pending	220	1	3	3	\N	f	5
227	Saba	SBVG25			Veggy basket		1	5.44	4.50	5.44	4.50	5.44	4.50	Pending	221	1	3	3	\N	f	5
228	Saba	SBVG25			Veggy basket		1	5.44	4.50	5.44	4.50	5.44	4.50	Pending	222	1	3	3	\N	f	5
229	Saba	SBVG25			Veggy basket		1	5.44	4.50	5.44	4.50	5.44	4.50	Pending	223	1	3	3	\N	f	5
230	Saba	SBVG25			Veggy basket		1	5.44	4.50	5.44	4.50	5.44	4.50	Pending	224	1	3	3	\N	f	5
231	Saba	SBVG25			Veggy basket		1	5.44	4.50	5.44	4.50	5.44	4.50	Pending	225	1	3	3	\N	f	5
232	Saba	SBVG25			Veggy basket		1	5.44	4.50	5.44	4.50	5.44	4.50	Pending	226	1	3	3	\N	f	5
233	Saba	SBVG25			Veggy basket		1	5.44	4.50	5.44	4.50	5.44	4.50	Pending	227	1	3	3	\N	f	5
234	Saba	SBVG25			Veggy basket		1	5.44	4.50	5.44	4.50	5.44	4.50	Pending	228	1	3	3	\N	f	5
235	Saba	SBVG25			Veggy basket		1	5.44	4.50	5.44	4.50	5.44	4.50	Pending	229	1	3	3	\N	f	5
236	Saba	SBVG25			Veggy basket		1	5.44	4.50	5.44	4.50	5.44	4.50	Pending	230	1	3	3	\N	f	5
237	Saba	SBWDCK			Wedding cake		1	91.05	75.25	91.05	75.25	91.05	75.25	Pending	231	1	2	2	\N	f	5
238	Saba	SBFR25			Fruits basket		1	10.28	8.50	10.28	8.50	10.28	8.50	Pending	232	1	1	1	\N	f	5
239	Saba	SBFR25			Fruits basket		1	10.28	8.50	10.28	8.50	10.28	8.50	Pending	233	1	1	1	\N	f	5
240	Saba	SBFR25			Fruits basket		1	10.28	8.50	10.28	8.50	10.28	8.50	Pending	234	1	1	1	\N	f	5
241	Saba	SBFR25			Fruits basket		1	10.28	8.50	10.28	8.50	10.28	8.50	Pending	235	1	1	1	\N	f	5
242	Saba	SBFR25			Fruits basket		1	10.28	8.50	10.28	8.50	10.28	8.50	Pending	236	1	1	1	\N	f	5
243	Saba	SBFR25			Fruits basket		1	10.28	8.50	10.28	8.50	10.28	8.50	Pending	237	1	1	1	\N	f	5
244	Saba	SBWDCK			Wedding cake		1	91.05	75.25	91.05	75.25	91.05	75.25	Pending	238	1	2	2	\N	f	5
245	Saba	SBFR25			Fruits basket		1	10.28	8.50	10.28	8.50	10.28	8.50	Pending	239	1	1	1	\N	f	5
246	Saba	SBFR25			Fruits basket		1	10.28	8.50	10.28	8.50	10.28	8.50	Pending	240	1	1	1	\N	f	5
247	Saba	SBFR25			Fruits basket		1	10.28	8.50	10.28	8.50	10.28	8.50	Pending	241	1	1	1	\N	f	5
248	Saba	SBWDCK			Wedding cake		1	91.05	75.25	91.05	75.25	91.05	75.25	Pending	242	1	2	2	\N	f	5
249	Saba	SBFR25			Fruits basket		1	10.28	8.50	10.28	8.50	10.28	8.50	Pending	243	1	1	1	\N	f	5
250	Saba	SBFR25			Fruits basket		1	10.28	8.50	10.28	8.50	10.28	8.50	Pending	244	1	1	1	\N	f	5
251	Saba	SBFR25			Fruits basket		1	10.28	8.50	10.28	8.50	10.28	8.50	Pending	245	1	1	1	\N	f	5
252	Saba	SBFR25			Fruits basket		1	10.28	8.50	10.28	8.50	10.28	8.50	Pending	246	1	1	1	\N	f	5
253	Saba	SBFR25			Fruits basket		1	10.28	8.50	10.28	8.50	10.28	8.50	Pending	247	1	1	1	\N	f	5
254	Saba	SBVG25			Veggy basket		1	5.44	4.50	5.44	4.50	5.44	4.50	Pending	247	1	3	3	\N	f	5
255	Saba	SBWDCK			Wedding cake		1	91.05	75.25	91.05	75.25	91.05	75.25	Pending	248	1	2	2	\N	f	5
256	Saba	SBWDCK			Wedding cake		1	91.05	75.25	91.05	75.25	91.05	75.25	Pending	249	1	2	2	\N	f	5
257	Saba	SBWDCK			Wedding cake		1	91.05	75.25	91.05	75.25	91.05	75.25	Pending	250	1	2	2	\N	f	5
258	Saba	SBWDCK			Wedding cake		1	91.05	75.25	91.05	75.25	91.05	75.25	Pending	251	1	2	2	\N	f	5
259	Saba	SBWDCK			Wedding cake		1	91.05	75.25	91.05	75.25	91.05	75.25	Pending	252	1	2	2	\N	f	5
260	Saba	SBVG25			Veggy basket		1	5.44	4.50	5.44	4.50	5.44	4.50	Pending	253	1	3	3	\N	f	5
261	Saba	SBVG25			Veggy basket		1	5.44	4.50	5.44	4.50	5.44	4.50	Pending	254	1	3	3	\N	f	5
262	Saba	SBWDCK			Wedding cake		1	91.05	75.25	91.05	75.25	91.05	75.25	Pending	255	1	2	2	\N	f	5
263	Saba	SBVG25			Veggy basket		1	5.44	4.50	5.44	4.50	5.44	4.50	Pending	256	1	3	3	\N	f	5
264	Saba	SBVG25			Veggy basket		1	5.44	4.50	5.44	4.50	5.44	4.50	Pending	257	1	3	3	\N	f	5
265	Saba	SBVG25			Veggy basket		1	5.44	4.50	5.44	4.50	5.44	4.50	Pending	258	1	3	3	\N	f	5
266	Saba	SBWDCK			Wedding cake		1	91.05	75.25	91.05	75.25	91.05	75.25	Pending	259	1	2	2	\N	f	5
267	Saba	SBWDCK			Wedding cake		1	91.05	75.25	91.05	75.25	91.05	75.25	Pending	260	1	2	2	\N	f	5
268	Saba	SBWDCK			Wedding cake		1	91.05	75.25	91.05	75.25	91.05	75.25	Pending	261	1	2	2	\N	f	5
269	Saba	SBWDCK			Wedding cake		1	91.05	75.25	91.05	75.25	91.05	75.25	Pending	262	1	2	2	\N	f	5
270	Saba	SBWDCK			Wedding cake		1	91.05	75.25	91.05	75.25	91.05	75.25	Pending	263	1	2	2	\N	f	5
271	Saba	SBWDCK			Wedding cake		1	91.05	75.25	91.05	75.25	91.05	75.25	Pending	264	1	2	2	\N	f	5
272	Saba	SBWDCK			Wedding cake		1	91.05	75.25	91.05	75.25	91.05	75.25	Pending	265	1	2	2	\N	f	5
273	Saba	SBWDCK			Wedding cake		1	91.05	75.25	91.05	75.25	91.05	75.25	Pending	266	1	2	2	\N	f	5
274	Saba	SBWDCK			Wedding cake		1	91.05	75.25	91.05	75.25	91.05	75.25	Pending	267	1	2	2	\N	f	5
275	Saba	SBWDCK			Wedding cake		1	91.05	75.25	91.05	75.25	91.05	75.25	Pending	268	1	2	2	\N	f	5
276	Saba	SBWDCK			Wedding cake		1	91.05	75.25	91.05	75.25	91.05	75.25	Pending	269	1	2	2	\N	f	5
277	Saba	SBWDCK			Wedding cake		1	91.05	75.25	91.05	75.25	91.05	75.25	Pending	270	1	2	2	\N	f	5
278	Saba	SBWDCK			Wedding cake		1	91.05	75.25	91.05	75.25	91.05	75.25	Pending	271	1	2	2	\N	f	5
279	Saba	SBWDCK			Wedding cake		1	91.05	75.25	91.05	75.25	91.05	75.25	Pending	272	1	2	2	\N	f	5
280	Saba	SBWDCK			Wedding cake		1	91.05	75.25	91.05	75.25	91.05	75.25	Pending	273	1	2	2	\N	f	5
281	Saba	SBWDCK			Wedding cake		1	91.05	75.25	91.05	75.25	91.05	75.25	Pending	274	1	2	2	\N	f	5
282	Saba	SBWDCK			Wedding cake		1	91.05	75.25	91.05	75.25	91.05	75.25	Pending	275	1	2	2	\N	f	5
283	Saba	SBWDCK			Wedding cake		1	91.05	75.25	91.05	75.25	91.05	75.25	Pending	276	1	2	2	\N	f	5
284	Saba	SBWDCK			Wedding cake		1	91.05	75.25	91.05	75.25	91.05	75.25	Pending	277	1	2	2	\N	f	5
285	Saba	SBWDCK			Wedding cake		1	91.05	75.25	91.05	75.25	91.05	75.25	Pending	278	1	2	2	\N	f	5
286	Saba	SBWDCK			Wedding cake		1	91.05	75.25	91.05	75.25	91.05	75.25	Pending	279	1	2	2	\N	f	5
287	Saba	SBWDCK			Wedding cake		1	91.05	75.25	91.05	75.25	91.05	75.25	Pending	280	1	2	2	\N	f	5
288	Saba	SBWDCK			Wedding cake		1	91.05	75.25	91.05	75.25	91.05	75.25	Pending	281	1	2	2	\N	f	5
289	Saba	SBWDCK			Wedding cake		1	91.05	75.25	91.05	75.25	91.05	75.25	Pending	282	1	2	2	\N	f	5
294	Saba	SBWDCK			Wedding cake		1	91.05	75.25	91.05	75.25	91.05	75.25	Pending	287	1	2	2	\N	f	5
295	Saba	SBVG25			Veggy basket		1	5.44	4.50	5.44	4.50	5.44	4.50	Pending	288	1	3	3	\N	f	5
296	Saba	SBVG25			Veggy basket		1	5.44	4.50	5.44	4.50	5.44	4.50	Processed	289	1	3	3	\N	f	5
303	Saba	SBMS75			Mes / Tej		1	5.98	4.94	15.12	12.50	15.12	12.50	Pending	293	1	9	7	\N	f	5
299	Saba	SBDFF2			De Filosoof		1	19.53	16.14	22.22	18.36	22.22	18.36	Processed	291	1	8	6	\N	f	5
300	Saba	SBMS75			Mes / Tej		1	13.29	10.99	15.12	12.50	15.12	12.50	Processed	291	1	9	7	\N	f	5
301	Saba	SBTSHRT23			Ethiopian New Year Shirts		1	18.46	15.26	20.99	17.35	20.99	17.35	Processed	291	1	11	8	\N	f	5
298	Saba	SBWDCK			Wedding cake		1	91.05	75.25	91.05	75.25	91.05	75.25	Processed	290	1	2	2	\N	f	5
304	Saba	SBDFF2			De Filosoof		2	22.22	18.36	44.44	36.72	22.22	18.36	Pending	294	1	8	6	\N	f	5
305	Saba	SBDFF2			De Filosoof		1	11.11	9.18	22.22	18.36	22.22	18.36	Pending	295	1	8	6	\N	f	5
306	Saba	SBFR25			Fruits basket		1	10.28	8.50	10.28	8.50	10.28	8.50	Pending	295	1	1	1	\N	f	5
302	Saba	SBDFF2			De Filosoof		1	8.77	7.25	22.22	18.36	22.22	18.36	Processed	292	1	8	6	\N	f	5
292	Saba	SBWDCK			Wedding cake		1	91.05	75.25	91.05	75.25	91.05	75.25	Processed	285	1	2	2	\N	f	5
291	Saba	SBWDCK			Wedding cake		1	91.05	75.25	91.05	75.25	91.05	75.25	Processed	284	1	2	2	\N	f	5
290	Saba	SBWDCK			Wedding cake		1	91.05	75.25	91.05	75.25	91.05	75.25	Processed	283	1	2	2	\N	f	5
308	Saba	SBADSHR			Adidas		1	112.95	93.35	114.95	95.00	114.95	95.00	Pending	297	1	22	15	\N	f	5
311	Saba	SBADSHR			Adidas		1	114.95	95.00	114.95	95.00	114.95	95.00	Pending	300	1	22	15	\N	f	5
312	Saba	SBADSHR			Adidas		1	114.95	95.00	114.95	95.00	114.95	95.00	Pending	300	1	22	15	\N	f	5
313	Saba	SBADSHR			Adidas		1	114.95	95.00	114.95	95.00	114.95	95.00	Pending	301	1	22	15	\N	f	5
329	Saba	SBTSHRT23			Ethiopian New Year Shirts		1	20.99	17.35	20.99	17.35	20.99	17.35	Processed	317	1	11	8	\N	f	5
330	Saba	SBTSHRT23			Ethiopian New Year Shirts		1	20.99	17.35	20.99	17.35	20.99	17.35	Processed	318	1	11	8	\N	f	5
344	Saba	SBVG25			Veggy basket		4	21.76	18.00	21.76	18.00	5.44	4.50	Processed	327	1	3	3	\N	f	5
345	Saba	SBMS75			Mes / Tej		1	15.12	12.50	15.12	12.50	15.12	12.50	Processed	327	1	9	7	\N	f	5
346	Saba	SBVG25			Veggy basket		2	10.88	9.00	10.88	9.00	5.44	4.50	Processed	328	1	3	3	\N	f	5
336	Saba	SBDFF2			De Filosoof		2	24.44	20.19	44.44	36.72	22.22	18.36	Processed	323	1	8	6	\N	f	5
337	Saba	SBMS75			Mes / Tej		1	5.12	4.23	15.12	12.50	15.12	12.50	Processed	323	1	9	7	\N	f	5
338	Saba	SBTSHRT23			Ethiopian New Year Shirts		1	18.90	15.62	20.99	17.35	20.99	17.35	Processed	323	1	11	8	\N	f	5
347	Saba	SBDFF2			De Filosoof		1	12.22	10.10	22.22	18.36	22.22	18.36	Processed	328	1	8	6	\N	f	5
334	Saba	SBMS75			Mes / Tej		2	30.24	25.00	30.24	25.00	15.12	12.50	Processed	321	1	9	7	\N	f	5
340	Saba	SBVG25			Veggy basket		5	27.20	22.50	27.20	22.50	5.44	4.50	Processed	325	1	3	3	\N	f	5
314	Saba	SBSTS1			White		1	10.12	8.37	15.12	12.50	15.12	12.50	Pending	302	1	16	\N	\N	f	5
343	Saba	SBTSHRT23			Ethiopian New Year Shirts		1	18.90	15.62	20.99	17.35	20.99	17.35	Processed	326	1	11	8	\N	f	5
328	Saba	SBDFF2			De Filosoof		1	22.22	18.36	22.22	18.36	22.22	18.36	Processed	316	1	8	6	\N	f	5
339	Saba	SBTHRT30			Black		2	38.13	31.50	42.36	35.00	21.18	17.50	Processed	324	1	15	9	\N	f	5
327	Saba	SBMS75			Mes / Tej		1	15.12	12.50	15.12	12.50	15.12	12.50	Processed	315	1	9	7	\N	f	5
332	Saba	SBTRT47			Torta	SBTRT40	1	90.75	75.00	90.75	75.00	90.75	75.00	Processed	320	1	5	4	\N	f	5
333	Saba	SBWDCK			Wedding cake		2	182.10	150.50	182.10	150.50	91.05	75.25	Processed	320	1	2	2	\N	f	5
331	Saba	SBFR25			Fruits basket		1	10.28	8.50	10.28	8.50	10.28	8.50	Processed	319	1	1	1	\N	f	5
349	Saba	SBMS75			Mes / Tej		1	5.12	4.23	15.12	12.50	15.12	12.50	Processed	330	1	9	7	\N	f	5
324	Saba	SBWDCK			Wedding cake		1	91.05	75.25	91.05	75.25	91.05	75.25	Processed	312	1	2	2	\N	f	5
315	Saba	SBSTS1			White		2	25.24	20.87	30.24	25.00	15.12	12.50	Processed	303	1	16	\N	\N	f	5
323	Saba	SBMS75			Mes / Tej		1	15.12	12.50	15.12	12.50	15.12	12.50	Processed	311	1	9	7	\N	f	5
320	Saba	SBWDCK			Wedding cake		1	91.05	75.25	91.05	75.25	91.05	75.25	Processed	308	1	2	2	\N	f	5
321	Saba	SBMS75			Mes / Tej		1	15.12	12.50	15.12	12.50	15.12	12.50	Processed	309	1	9	7	\N	f	5
322	Saba	SBVG25			Veggy basket		1	5.44	4.50	5.44	4.50	5.44	4.50	Processed	310	1	3	3	\N	f	5
319	Saba	SBTSTASM			Asmara T-shirts		1	18.15	15.00	18.15	15.00	18.15	15.00	Processed	307	1	17	12	\N	f	5
341	Saba	SBSTS1			White		1	13.61	11.25	15.12	12.50	15.12	12.50	Processed	325	1	16	\N	\N	f	5
348	Saba	SBDFF2			De Filosoof		1	12.22	10.10	22.22	18.36	22.22	18.36	Processed	329	1	8	6	\N	f	5
350	Saba	SBWDCK			Wedding cake		1	91.05	75.25	91.05	75.25	91.05	75.25	Processed	331	1	2	2	\N	f	5
317	Saba	SBDFF2			De Filosoof		1	22.22	18.36	22.22	18.36	22.22	18.36	Processed	305	1	8	6	\N	f	5
318	Saba	SBTSHRT23			Ethiopian New Year Shirts		1	20.99	17.35	20.99	17.35	20.99	17.35	Processed	306	1	11	8	\N	f	5
316	Saba	SBADSHR			Adidas		1	112.95	93.35	114.95	95.00	114.95	95.00	Processed	304	1	22	15	\N	f	5
293	Saba	SBWDCK			Wedding cake		1	91.05	75.25	91.05	75.25	91.05	75.25	Processed	286	1	2	2	\N	f	5
351	Saba	SBWDCK			Wedding cake		1	91.05	75.25	91.05	75.25	91.05	75.25	Pending	332	1	2	2	\N	f	5
307	Saba	SBTSTM1			White		2	30.24	25.00	30.24	25.00	15.12	12.50	Processed	296	1	16	10	\N	f	5
310	Saba	SBADSHR			Adidas		1	114.95	95.00	114.95	95.00	114.95	95.00	Processed	299	1	22	15	\N	f	5
309	Saba	SBADSHR			Adidas		1	114.95	95.00	114.95	95.00	114.95	95.00	Processed	298	1	22	15	\N	f	5
352	Saba	SBDFF2			De Filosoof		1	12.22	10.10	22.22	18.36	22.22	18.36	Pending	333	1	8	6	\N	f	5
353	Saba	SBMS75			Mes / Tej		1	5.12	4.23	15.12	12.50	15.12	12.50	Pending	334	1	9	7	\N	f	5
354	Saba	SBWDCK			Wedding cake		1	91.05	75.25	91.05	75.25	91.05	75.25	Pending	335	1	2	2	\N	f	5
355	Saba	SBTRT47			Torta	SBTRT40	1	90.75	75.00	90.75	75.00	90.75	75.00	Pending	336	1	5	4	\N	f	5
356	Saba	SBTSHRT23			Ethiopian New Year Shirts		1	20.99	17.35	20.99	17.35	20.99	17.35	Pending	337	1	11	8	\N	f	5
357	Saba	SBVG25			Veggy basket		1	5.44	4.50	5.44	4.50	5.44	4.50	Pending	338	1	3	3	\N	f	5
358	Saba	SBMS75			Mes / Tej		1	5.12	4.23	15.12	12.50	15.12	12.50	Pending	338	1	9	7	\N	f	5
359	Saba	SBDFF2			De Filosoof		1	12.22	10.10	22.22	18.36	22.22	18.36	Pending	339	1	8	6	\N	f	5
360	Saba	SBWDCK			Wedding cake		1	91.05	75.25	91.05	75.25	91.05	75.25	Pending	339	1	2	2	\N	f	5
362	Saba	SBDFF2			De Filosoof		1	22.22	18.36	22.22	18.36	22.22	18.36	Pending	341	1	8	6	\N	f	5
363	Saba	SBDFF2			De Filosoof		1	22.22	18.36	22.22	18.36	22.22	18.36	Pending	342	1	8	6	\N	f	5
381	Saba	SBWDCK			Wedding cake		1	91.05	75.25	91.05	75.25	91.05	75.25	Processed	356	1	2	2	\N	f	5
365	Saba	SBDFF2			De Filosoof		1	22.22	18.36	22.22	18.36	22.22	18.36	Processed	344	1	8	6	\N	f	5
366	Saba	SBWDCK			Wedding cake		1	91.05	75.25	91.05	75.25	91.05	75.25	Pending	345	1	2	2	\N	f	5
367	Saba	SBFR25			Fruits basket		1	10.28	8.50	10.28	8.50	10.28	8.50	Pending	346	1	1	1	\N	f	5
368	Saba	SBFR25			Fruits basket		1	10.28	8.50	10.28	8.50	10.28	8.50	Pending	347	1	1	1	\N	f	5
370	Saba	SBMS75			Mes / Tej		1	15.12	12.50	15.12	12.50	15.12	12.50	Pending	349	1	9	7	\N	f	5
371	Saba	SBDFF2			De Filosoof		1	22.22	18.36	22.22	18.36	22.22	18.36	Pending	350	1	8	6	\N	f	5
382	Saba	SBDFF2			De Filosoof		1	20.00	16.53	22.22	18.36	22.22	18.36	Pending	357	1	8	6	\N	f	5
376	Saba	SBFR25			Fruits basket		1	10.28	8.50	10.28	8.50	10.28	8.50	Processed	353	1	1	1	\N	f	5
383	Saba	SBDFF2			De Filosoof		1	20.00	16.53	22.22	18.36	22.22	18.36	Pending	358	1	8	6	\N	f	5
377	Saba	SBFR25			Fruits basket		1	10.28	8.50	10.28	8.50	10.28	8.50	Processed	354	1	1	1	\N	f	5
384	Saba	SBDFF2			De Filosoof		1	20.00	16.53	22.22	18.36	22.22	18.36	Pending	359	1	8	6	\N	f	5
397	Saba	SBDFF2			De Filosoof		1	20.00	16.53	22.22	18.36	22.22	18.36	Pending	371	1	8	6	\N	f	5
385	Saba	SBTSHRT23			Ethiopian New Year Shirts		1	20.99	17.35	20.99	17.35	20.99	17.35	Processed	360	1	11	8	\N	f	5
386	Saba	SBDFF2			De Filosoof		1	20.00	16.53	22.22	18.36	22.22	18.36	Pending	361	1	8	6	\N	f	5
373	Saba	SBMS75			Mes / Tej		2	30.24	25.00	30.24	25.00	15.12	12.50	Processed	352	1	9	7	\N	f	5
375	Saba	SBDFF2			De Filosoof		2	44.44	36.72	44.44	36.72	22.22	18.36	Processed	352	1	8	6	\N	f	5
378	Saba	SBFR25			Fruits basket		1	10.28	8.50	10.28	8.50	10.28	8.50	Pending	355	1	1	1	\N	f	5
379	Saba	SBWDCK			Wedding cake		1	91.05	75.25	91.05	75.25	91.05	75.25	Pending	355	1	2	2	\N	f	5
398	Saba	SBMS75			Mes / Tej		1	13.61	11.25	15.12	12.50	15.12	12.50	Pending	371	1	9	7	\N	f	5
399	Saba	SBMS75			Mes / Tej		1	13.61	11.25	15.12	12.50	15.12	12.50	Pending	372	1	9	7	\N	f	5
380	Saba	SBDFF2			De Filosoof		1	22.22	18.36	22.22	18.36	22.22	18.36	Processed	356	1	8	6	\N	f	5
387	Saba	SBBSKT1			baskets		1	30.25	25.00	30.25	25.00	30.25	25.00	Pending	361	1	23	16	\N	f	5
388	Saba	SBBSKT1			baskets		1	30.25	25.00	30.25	25.00	30.25	25.00	Pending	362	1	23	16	\N	f	5
389	Saba	SBBSKT1			baskets		1	30.25	25.00	30.25	25.00	30.25	25.00	Pending	363	1	23	16	\N	f	5
390	Saba	SBBSKT1			baskets		1	30.25	25.00	30.25	25.00	30.25	25.00	Pending	364	1	23	16	\N	f	5
391	Saba	SBBSKT1			baskets		1	30.25	25.00	30.25	25.00	30.25	25.00	Pending	365	1	23	16	\N	f	5
392	Saba	SBTSHRT23			Ethiopian New Year Shirts		1	20.99	17.35	20.99	17.35	20.99	17.35	Pending	366	1	11	8	\N	f	5
393	Saba	SBTSHRT23			Ethiopian New Year Shirts		1	20.99	17.35	20.99	17.35	20.99	17.35	Pending	367	1	11	8	\N	f	5
394	Saba	SBMS75			Mes / Tej		1	13.61	11.25	15.12	12.50	15.12	12.50	Pending	368	1	9	7	\N	f	5
395	Saba	SBMS75			Mes / Tej		1	13.61	11.25	15.12	12.50	15.12	12.50	Pending	369	1	9	7	\N	f	5
396	Saba	SBDFF2			De Filosoof		1	20.00	16.53	22.22	18.36	22.22	18.36	Pending	370	1	8	6	\N	f	5
400	Saba	SBDFF2			De Filosoof		1	20.00	16.53	22.22	18.36	22.22	18.36	Pending	372	1	8	6	\N	f	5
401	Saba	SBTRT47			Torta	SBTRT40	1	90.75	75.00	90.75	75.00	90.75	75.00	Pending	373	1	5	4	\N	f	5
402	Saba	SBVG25			Veggy basket		1	5.44	4.50	5.44	4.50	5.44	4.50	Pending	373	1	3	3	\N	f	5
403	Saba	SBVG25			Veggy basket		3	16.32	13.50	16.32	13.50	5.44	4.50	Pending	374	1	3	3	\N	f	5
404	Saba	SBVG25			Veggy basket		3	16.32	13.50	16.32	13.50	5.44	4.50	Pending	375	1	3	3	\N	f	5
405	Saba	SBWDCK			Wedding cake		1	91.05	75.25	91.05	75.25	91.05	75.25	Pending	376	1	2	2	\N	f	5
406	Saba	SBVG25			Veggy basket		1	5.44	4.50	5.44	4.50	5.44	4.50	Pending	377	1	3	3	\N	f	5
409	Saba	SBTRT47			Torta	SBTRT40	1	90.75	75.00	90.75	75.00	90.75	75.00	Pending	380	1	5	4	\N	f	5
410	Saba	SBTSHRT23			Ethiopian New Year Shirts		1	20.99	17.35	20.99	17.35	20.99	17.35	Pending	381	1	11	8	\N	f	5
412	Saba	SBTRT47			Torta	SBTRT40	1	90.75	75.00	90.75	75.00	90.75	75.00	Pending	383	1	5	4	\N	f	5
413	Saba	SBTSHRT23			Ethiopian New Year Shirts		1	20.99	17.35	20.99	17.35	20.99	17.35	Pending	384	1	11	8	\N	f	5
414	Saba	SBMS75			Mes / Tej		1	13.61	11.25	15.12	12.50	15.12	12.50	Pending	385	1	9	7	\N	f	5
415	Saba	SBWDCK			Wedding cake		1	91.05	75.25	91.05	75.25	91.05	75.25	Pending	386	1	2	2	\N	f	5
416	Saba	SBVG25			Veggy basket		1	5.44	4.50	5.44	4.50	5.44	4.50	Pending	387	1	3	3	\N	f	5
417	Saba	SBMS75			Mes / Tej		1	13.61	11.25	15.12	12.50	15.12	12.50	Pending	388	1	9	7	\N	f	5
418	Saba	SBMS75			Mes / Tej		1	13.61	11.25	15.12	12.50	15.12	12.50	Pending	389	1	9	7	\N	f	5
419	Saba	SBVG25			Veggy basket		1	5.44	4.50	5.44	4.50	5.44	4.50	Pending	390	1	3	3	\N	f	5
420	Saba	SBDFF2			De Filosoof		1	20.00	16.53	22.22	18.36	22.22	18.36	Pending	391	1	8	6	\N	f	5
421	Saba	SBDFF2			De Filosoof		1	20.00	16.53	22.22	18.36	22.22	18.36	Pending	392	1	8	6	\N	f	5
422	Saba	SBDFF2			De Filosoof		1	20.00	16.53	22.22	18.36	22.22	18.36	Pending	393	1	8	6	\N	f	5
423	Saba	SBDFF2			De Filosoof		1	20.00	16.53	22.22	18.36	22.22	18.36	Pending	394	1	8	6	\N	f	5
424	Saba	SBVG25			Veggy basket		1	5.44	4.50	5.44	4.50	5.44	4.50	Pending	395	1	3	3	\N	f	5
425	Saba	SBDFF2			De Filosoof		1	20.00	16.53	22.22	18.36	22.22	18.36	Pending	396	1	8	6	\N	f	5
426	Saba	SBDFF2			De Filosoof		1	20.00	16.53	22.22	18.36	22.22	18.36	Pending	397	1	8	6	\N	f	5
427	Saba	SBMS75			Mes / Tej		1	13.61	11.25	15.12	12.50	15.12	12.50	Pending	398	1	9	7	\N	f	5
428	Saba	SBTSHRT23			Ethiopian New Year Shirts		1	20.99	17.35	20.99	17.35	20.99	17.35	Pending	398	1	11	8	\N	f	5
430	Saba	SBMS75			Mes / Tej		1	13.61	11.25	15.12	12.50	15.12	12.50	Pending	400	1	9	7	\N	f	5
431	Saba	SBMS75			Mes / Tej		1	13.61	11.25	15.12	12.50	15.12	12.50	Pending	401	1	9	7	\N	f	5
432	Saba	SBMS75			Mes / Tej		1	13.61	11.25	15.12	12.50	15.12	12.50	Pending	402	1	9	7	\N	f	5
433	Saba	SBBSKT1			baskets		1	30.25	25.00	30.25	25.00	30.25	25.00	Pending	403	1	23	16	\N	f	5
434	Saba	SBBSKT1			baskets		1	30.25	25.00	30.25	25.00	30.25	25.00	Pending	404	1	23	16	\N	f	5
435	Saba	SBMS75			Mes / Tej		1	13.61	11.25	15.12	12.50	15.12	12.50	Pending	405	1	9	7	\N	f	5
436	Saba	SBBSKT1			baskets		1	30.25	25.00	30.25	25.00	30.25	25.00	Pending	406	1	23	16	\N	f	5
437	Saba	SBBSKT1			baskets		1	30.25	25.00	30.25	25.00	30.25	25.00	Pending	407	1	23	16	\N	f	5
438	Saba	SBBSKT1			baskets		1	30.25	25.00	30.25	25.00	30.25	25.00	Pending	408	1	23	16	\N	f	5
439	Saba	SBMS75			Mes / Tej		1	13.61	11.25	15.12	12.50	15.12	12.50	Pending	409	1	9	7	\N	f	5
440	Saba	SBBSKT1			baskets		5	151.25	125.00	151.25	125.00	30.25	25.00	Pending	410	1	23	16	\N	f	5
441	Saba	SBMS75			Mes / Tej		3	40.83	33.75	45.36	37.50	15.12	12.50	Pending	411	1	9	7	\N	f	5
442	Saba	SBMS75			Mes / Tej		5	68.04	56.25	75.60	62.50	15.12	12.50	Pending	412	1	9	7	\N	f	5
443	Saba	SBDFF2			De Filosoof		1	20.00	16.53	22.22	18.36	22.22	18.36	Pending	413	1	8	6	\N	f	5
444	Saba	SBFR25			Fruits basket		2	20.56	17.00	20.56	17.00	10.28	8.50	Pending	414	1	1	1	\N	f	5
445	Saba	SBTSHRT23			Ethiopian New Year Shirts		2	36.98	30.57	41.98	34.70	20.99	17.35	Pending	414	1	11	8	\N	f	5
446	Saba	SBMS75			Mes / Tej		1	13.61	11.25	15.12	12.50	15.12	12.50	Pending	414	1	9	7	\N	f	5
429	Saba	SBSTS1			White		1	15.12	12.50	15.12	12.50	15.12	12.50	Pending	399	1	16	\N	\N	f	5
297	Saba	SBCHCK2			cherry cake		1	6.05	5.00	6.05	5.00	6.05	5.00	Processed	290	1	\N	\N	\N	f	5
325	Saba	SBCHCK2			cherry cake		1	6.05	5.00	6.05	5.00	6.05	5.00	Processed	313	1	\N	\N	\N	f	5
326	Saba	SBCHCK2			cherry cake		1	6.05	5.00	6.05	5.00	6.05	5.00	Processed	314	1	\N	\N	\N	f	5
342	Saba	SBCHCK2			cherry cake		4	24.20	20.00	24.20	20.00	6.05	5.00	Processed	326	1	\N	\N	\N	f	5
361	Saba	SBCHCK2			cherry cake		1	6.05	5.00	6.05	5.00	6.05	5.00	Processed	340	1	\N	\N	\N	f	5
364	Saba	SBCHCK2			cherry cake		1	6.05	5.00	6.05	5.00	6.05	5.00	Pending	343	1	\N	\N	\N	f	5
369	Saba	SBCHCK2			cherry cake		1	6.05	5.00	6.05	5.00	6.05	5.00	Pending	348	1	\N	\N	\N	f	5
372	Saba	SBCHCK2			cherry cake		1	6.05	5.00	6.05	5.00	6.05	5.00	Processed	351	1	\N	\N	\N	f	5
374	Saba	SBCHCK2			cherry cake		1	6.05	5.00	6.05	5.00	6.05	5.00	Processed	352	1	\N	\N	\N	f	5
407	Saba	SBCHCK2			cherry cake		1	6.05	5.00	6.05	5.00	6.05	5.00	Pending	378	1	\N	\N	\N	f	5
408	Saba	SBCHCK2			cherry cake		1	6.05	5.00	6.05	5.00	6.05	5.00	Pending	379	1	\N	\N	\N	f	5
411	Saba	SBCHCK2			cherry cake		1	6.05	5.00	6.05	5.00	6.05	5.00	Pending	382	1	\N	\N	\N	f	5
447	Saba	SBMS75			Mes / Tej		1	15.12	12.50	15.12	12.50	15.12	12.50	Pending	415	1	9	7	\N	f	5
448	Saba	SBZRGL02			Golden Zuria		1	399.30	330.00	399.30	330.00	399.30	330.00	Pending	415	1	26	19	\N	f	5
449	Saba	SBZRPK01			Pink Zuria		1	302.50	250.00	302.50	250.00	302.50	250.00	Pending	415	1	24	17	\N	f	5
450	Saba	SBZRBL01			Blue Zuria		1	447.70	370.00	447.70	370.00	447.70	370.00	Pending	416	1	25	18	\N	f	5
451	Saba	SBZRRY01			Raya zuria		1	447.70	370.00	447.70	370.00	447.70	370.00	Pending	417	1	27	20	\N	f	5
452	Saba	SBZRGL02			Golden Zuria		1	399.30	330.00	399.30	330.00	399.30	330.00	Pending	418	1	26	19	\N	f	5
453	Saba	SBZRBL01			Blue Zuria		1	447.70	370.00	447.70	370.00	447.70	370.00	Pending	419	1	25	18	\N	f	5
454	Saba	SBDFF2			De Filosoof		1	22.22	18.36	22.22	18.36	22.22	18.36	Pending	420	1	8	6	\N	f	5
455	Saba	SBZRRY01			Raya zuria		1	447.70	370.00	447.70	370.00	447.70	370.00	Pending	421	1	27	20	\N	f	5
456	Saba	SBZRGL02			Golden Zuria		1	399.30	330.00	399.30	330.00	399.30	330.00	Pending	422	1	26	19	\N	f	5
457	Saba	SBZRPK01			Pink Zuria		1	302.50	250.00	302.50	250.00	302.50	250.00	Pending	423	1	24	17	\N	f	5
458	Saba	SBZRGL02			Golden Zuria		1	399.30	330.00	399.30	330.00	399.30	330.00	Pending	424	1	26	19	\N	f	5
459	Saba	SBZRGL02			Golden Zuria		1	399.30	330.00	399.30	330.00	399.30	330.00	Pending	425	1	26	19	\N	f	5
460	Saba	SBZRPK01			Pink Zuria		1	302.50	250.00	302.50	250.00	302.50	250.00	Pending	426	1	24	17	\N	f	5
461	Saba	SBZRRY01			Raya zuria		1	447.70	370.00	447.70	370.00	447.70	370.00	Pending	427	1	27	20	\N	f	5
462	Saba	SBZRBL01			Blue Zuria		1	447.70	370.00	447.70	370.00	447.70	370.00	Pending	428	1	25	18	\N	f	5
463	Saba	SBMS75			Mes / Tej		2	30.24	25.00	30.24	25.00	15.12	12.50	Pending	429	1	9	7	\N	f	5
464	Saba	SBZRRY01			Raya zuria		1	447.70	370.00	447.70	370.00	447.70	370.00	Pending	430	1	27	20	\N	f	5
465	Saba	SBZRRY01			Raya zuria		1	447.70	370.00	447.70	370.00	447.70	370.00	Pending	431	1	27	20	\N	f	5
466	Saba	SBMS75			Mes / Tej		2	30.24	25.00	30.24	25.00	15.12	12.50	Pending	432	1	9	7	\N	f	5
467	Saba	SBMS75			Mes / Tej		1	15.12	12.50	15.12	12.50	15.12	12.50	Pending	433	1	9	7	\N	f	5
468	Saba	SBDFF2			De Filosoof		2	44.44	36.72	44.44	36.72	22.22	18.36	Pending	434	1	8	6	\N	f	5
469	Saba	SBDFF2			De Filosoof		2	44.44	36.72	44.44	36.72	22.22	18.36	Pending	435	1	8	6	\N	f	5
470	Saba	SBDFF2			De Filosoof		1	22.22	18.36	22.22	18.36	22.22	18.36	Pending	436	1	8	6	\N	f	5
471	Saba	SBZRBL01			Blue Zuria		1	447.70	370.00	447.70	370.00	447.70	370.00	Pending	437	1	25	18	\N	f	5
472	Saba	SBMS75			Mes / Tej		1	15.12	12.50	15.12	12.50	15.12	12.50	Pending	438	1	9	7	\N	f	5
473	Saba	SBDFF2			De Filosoof		2	44.44	36.72	44.44	36.72	22.22	18.36	Pending	439	1	8	6	\N	f	5
474	Saba	SBMS75			Mes / Tej		1	15.12	12.50	15.12	12.50	15.12	12.50	Pending	440	1	9	7	\N	f	5
475	Saba	SBMS75			Mes / Tej		1	15.12	12.50	15.12	12.50	15.12	12.50	Pending	441	1	9	7	\N	f	5
476	Saba	SBMS75			Mes / Tej		1	15.12	12.50	15.12	12.50	15.12	12.50	Pending	442	1	9	7	\N	f	5
477	Saba	SBMS75			Mes / Tej		1	15.12	12.50	15.12	12.50	15.12	12.50	Pending	443	1	9	7	\N	f	5
478	Saba	SBMS75			Mes / Tej		1	15.12	12.50	15.12	12.50	15.12	12.50	Pending	444	1	9	7	\N	f	5
479	Saba	SBMS75			Mes / Tej		1	15.12	12.50	15.12	12.50	15.12	12.50	Pending	445	1	9	7	\N	f	5
480	Saba	SBDFF2			De Filosoof		1	22.22	18.36	22.22	18.36	22.22	18.36	Pending	446	1	8	6	\N	f	5
481	Saba	SBDFF2			De Filosoof		1	22.22	18.36	22.22	18.36	22.22	18.36	Pending	447	1	8	6	\N	f	5
482	Saba	SBDFF2			De Filosoof		1	22.22	18.36	22.22	18.36	22.22	18.36	Pending	448	1	8	6	\N	f	5
483	Saba	SBZRPK01			Pink Zuria		1	302.50	250.00	302.50	250.00	302.50	250.00	Pending	449	1	24	17	\N	f	5
484	Saba	SBZRBL01			Blue Zuria		1	447.70	370.00	447.70	370.00	447.70	370.00	Pending	450	1	25	18	\N	f	5
485	Saba	SBDFF2			De Filosoof		1	22.22	18.36	22.22	18.36	22.22	18.36	Pending	451	1	8	6	\N	f	5
486	Saba	SBDFF2			De Filosoof		1	22.22	18.36	22.22	18.36	22.22	18.36	Pending	452	1	8	6	\N	f	5
528	Saba	SBWDCK			Wedding cake		1	39.89	37.63	79.77	75.25	79.77	75.25	Pending	490	1	2	2	\N	f	5
488	Saba	SBDFF2			De Filosoof		1	22.22	18.36	22.22	18.36	22.22	18.36	Processed	454	1	8	6	\N	f	5
489	Saba	SBTRT47			Torta	SBTRT40	1	90.75	75.00	90.75	75.00	90.75	75.00	Pending	455	1	5	4	\N	f	5
490	Saba	SBDFF2			De Filosoof		1	22.22	18.36	22.22	18.36	22.22	18.36	Pending	456	1	8	6	\N	f	5
491	Saba	SBTRT47			Torta	SBTRT40	1	90.75	75.00	90.75	75.00	90.75	75.00	Pending	457	1	5	4	\N	f	5
492	Saba	SBZRPK01			Pink Zuria		1	302.50	250.00	302.50	250.00	302.50	250.00	Pending	458	1	24	17	\N	f	5
529	Saba	SBVG25			Veggy basket		1	4.95	4.50	4.95	4.50	4.95	4.50	Pending	491	1	3	3	\N	f	5
487	Saba	SBDFF2			De Filosoof		1	22.22	18.36	22.22	18.36	22.22	18.36	Processed	453	1	8	6	\N	f	5
493	Saba	SBTRT47			Torta	SBTRT40	1	90.75	75.00	90.75	75.00	90.75	75.00	Pending	459	1	5	4	\N	f	5
494	Saba	SBDFF2			De Filosoof		1	22.22	18.36	22.22	18.36	22.22	18.36	Pending	459	1	8	6	\N	f	5
495	Saba	SBDFF2			De Filosoof		1	22.22	18.36	22.22	18.36	22.22	18.36	Pending	460	1	8	6	\N	f	5
496	Saba	SBDFF2			De Filosoof		1	22.22	18.36	22.22	18.36	22.22	18.36	Pending	461	1	8	6	\N	f	5
497	Saba	SBBDZR02			ሰማያዊ ኣልማዝ ዙርያ		1	387.20	320.00	387.20	320.00	387.20	320.00	Pending	462	1	31	22	\N	f	5
498	Saba	SBDFF2			De Filosoof		1	17.78	14.69	22.22	18.36	22.22	18.36	Pending	463	1	8	6	\N	f	5
499	Saba	SBSRTAD02			ኣራዳ ካምቻ		1	37.35	30.87	42.35	35.00	42.35	35.00	Pending	463	1	36	29	\N	f	5
500	Saba	SBSRTAD02			ኣራዳ ካምቻ		1	37.35	30.87	42.35	35.00	42.35	35.00	Pending	464	1	36	29	\N	f	5
501	Saba	SBSRTAD02			ኣራዳ ካምቻ		1	37.35	30.87	42.35	35.00	42.35	35.00	Pending	465	1	36	29	\N	f	5
502	Saba	SBTSHTSF02			Tesfa t-shirt		1	25.25	20.87	30.25	25.00	30.25	25.00	Pending	466	1	34	27	\N	f	5
503	Saba	SBSRTAD02			Arada Shirt		1	37.35	30.87	42.35	35.00	42.35	35.00	Pending	467	1	36	29	\N	f	5
504	Saba	SBBDZR02			Blue Diamond Zuria		1	387.20	320.00	387.20	320.00	387.20	320.00	Pending	468	1	31	22	\N	f	5
505	Saba	SBSRTAD02			Arada Shirt		1	37.35	30.87	42.35	35.00	42.35	35.00	Pending	469	1	36	29	\N	f	5
506	Saba	SBBDZR02			Blue Diamond Zuria		1	387.20	320.00	387.20	320.00	387.20	320.00	Pending	470	1	31	22	\N	f	5
507	Saba	SBBDZR02			Blue Diamond Zuria		1	387.20	320.00	387.20	320.00	387.20	320.00	Pending	471	1	31	22	\N	f	5
508	Saba	SBTSHTSF02			Tesfa t-shirt		1	25.25	20.87	30.25	25.00	30.25	25.00	Pending	472	1	34	27	\N	f	5
509	Saba	SBTSHTSF02			Tesfa t-shirt		1	25.25	20.87	30.25	25.00	30.25	25.00	Pending	473	1	34	27	\N	f	5
510	Saba	SBTSHTSF02			Tesfa t-shirt		1	25.25	20.87	30.25	25.00	30.25	25.00	Pending	474	1	34	27	\N	f	5
511	Saba	SBTSHTSF02			Tesfa t-shirt		1	25.25	20.87	30.25	25.00	30.25	25.00	Pending	475	1	34	27	\N	f	5
512	Saba	SBTSHTSF02			Tesfa t-shirt		1	25.25	20.87	30.25	25.00	30.25	25.00	Pending	476	1	34	27	\N	f	5
513	Saba	SBTSHTSF02			Tesfa t-shirt		1	25.25	20.87	30.25	25.00	30.25	25.00	Pending	477	1	34	27	\N	f	5
514	Saba	SBTSHTSF02			Tesfa t-shirt		1	25.25	20.87	30.25	25.00	30.25	25.00	Pending	478	1	34	27	\N	f	5
515	Saba	SBTSHTSF02			Tesfa t-shirt		1	25.25	20.87	30.25	25.00	30.25	25.00	Pending	479	1	34	27	\N	f	5
516	Saba	SBTSHTSF02			ተስፋ ማልያ		1	25.25	20.87	30.25	25.00	30.25	25.00	Pending	480	1	34	27	\N	f	5
517	Saba	SBSRTAD02			ኣራዳ ካምቻ		1	37.35	30.87	42.35	35.00	42.35	35.00	Pending	481	1	36	29	\N	f	5
518	Saba	SBSHGR01			ቀጠልያ ካምቻ		1	31.30	25.87	36.30	30.00	36.30	30.00	Pending	482	1	35	28	\N	f	5
519	NebSenImpex	NSZRBK02			Blue Diamond Zuria		1	484.00	400.00	484.00	400.00	484.00	400.00	Pending	483	2	33	23	\N	f	5
520	NebSenImpex	NSZRBK02			ሰመያዊ ዙርያ		1	484.00	400.00	484.00	400.00	484.00	400.00	Pending	484	2	33	23	\N	f	5
521	Saba	SBTHRT30			Black		1	21.18	17.50	21.18	17.50	21.18	17.50	Pending	485	1	15	9	\N	f	5
522	Saba	SBDFF2			De Filosoof		1	22.22	18.36	22.22	18.36	22.22	18.36	Pending	485	1	8	6	\N	f	5
523	Saba	SBVG25			Veggy basket		1	4.50	4.50	4.50	4.50	4.50	4.50	Pending	486	1	3	3	\N	f	5
524	Saba	SBTRT47			Torta	SBTRT40	1	35.25	35.25	75.00	75.00	75.00	75.00	Pending	486	1	5	4	\N	f	5
525	Saba	SBWDCK			Wedding cake		1	39.51	37.63	79.01	75.25	79.01	75.25	Pending	487	1	2	2	\N	f	5
526	Saba	SBWDCK			Wedding cake		1	37.03	35.37	78.79	75.25	78.79	75.25	Pending	488	1	2	2	\N	f	5
527	Saba	SBWDCK			Wedding cake		1	39.09	37.25	78.97	75.25	78.97	75.25	Pending	489	1	2	2	\N	f	5
530	Saba	SBWDCK			Wedding cake		1	39.89	37.63	79.77	75.25	79.77	75.25	Pending	492	1	2	2	\N	f	5
531	Saba	SBWDCK			Wedding cake		1	39.89	37.63	79.77	75.25	79.77	75.25	Pending	493	1	2	2	\N	f	5
532	Saba	SBVG25			Veggy basket		1	4.95	4.50	4.95	4.50	4.95	4.50	Pending	494	1	3	3	\N	f	5
533	Saba	SBVG25			Veggy basket		1	4.95	4.50	4.95	4.50	4.95	4.50	Pending	495	1	3	3	\N	f	5
534	Saba	SBVG25			Veggy basket		1	4.95	4.50	4.95	4.50	4.95	4.50	Pending	496	1	3	3	\N	f	5
535	Saba	SBMS75			Mes / Tej		1	13.75	12.50	13.75	12.50	13.75	12.50	Pending	497	1	9	7	\N	f	5
536	Saba	SBTSHTSF02			Tesfa t-shirt		1	21.60	20.00	27.00	25.00	27.00	25.00	Pending	498	1	34	27	\N	f	5
537	Saba	SBTSHRT23			Ethiopian New Year Shirts		1	14.69	13.60	18.36	17.00	18.36	17.00	Pending	499	1	11	8	\N	f	5
538	Saba	SBTHRT30			Esay Black		1	14.11	13.13	18.81	17.50	18.81	17.50	Pending	500	1	15	9	\N	f	5
539	Saba	SBFR25			Fruits basket		1	9.35	8.50	9.35	8.50	9.35	8.50	Pending	501	1	1	1	\N	f	5
540	Saba	SBTSHTSF02			Tesfa t-shirt		1	21.60	20.00	27.00	25.00	27.00	25.00	Pending	502	1	34	27	\N	f	5
541	Saba	SBZRMN10			Zuria Mendefera		1	22.00	20.00	22.00	20.00	22.00	20.00	Pending	503	1	37	30	\N	f	5
542	Saba	SBZRAK02			Axum Zuria		1	385.00	350.00	385.00	350.00	385.00	350.00	Pending	504	1	29	21	\N	f	5
543	Saba	SBWDCK			Wedding cake		1	39.51	37.63	79.01	75.25	79.01	75.25	Pending	505	1	2	2	\N	f	5
544	Saba	SBWDCK			Wedding cake		1	39.51	37.63	79.01	75.25	79.01	75.25	Pending	506	1	2	2	\N	f	5
545	Saba	SBWDCK			Wedding cake		1	39.51	37.63	79.01	75.25	79.01	75.25	Pending	507	1	2	2	\N	f	5
546	Saba	SBZRMN10			Zuria Mendefera		1	28.60	26.00	28.60	26.00	28.60	26.00	Pending	508	1	37	30	\N	f	5
547	Saba	SBFR25			Fruits basket		2	18.70	17.00	18.70	17.00	9.35	8.50	Pending	509	1	1	1	\N	f	5
548	Saba	SBVG25			Veggy basket		5	24.75	22.50	24.75	22.50	4.95	4.50	Pending	510	1	3	3	\N	f	5
549	Saba	SBVG25			Veggy basket		7	34.65	31.50	34.65	31.50	4.95	4.50	Pending	511	1	3	3	\N	f	5
550	Saba	SBVG25			Veggy basket		6	28.62	27.00	28.62	27.00	4.77	4.50	Pending	512	1	3	3	\N	f	5
551	Saba	SBWDCK			Wedding cake		2	79.01	75.25	158.02	150.50	79.01	75.25	Pending	513	1	2	2	\N	f	5
552	Saba	SBWDCK			Wedding cake		1	39.89	37.63	79.77	75.25	79.77	75.25	Pending	514	1	2	2	\N	f	5
553	Saba	SBTHRT30			Esay Black		1	14.11	13.13	18.81	17.50	18.81	17.50	Pending	515	1	15	9	\N	f	5
554	Saba	SBSHGR01			Blue habesha shirt		1	36.30	30.00	36.30	30.00	36.30	30.00	Pending	516	1	35	28	\N	f	5
555	Saba	SBTSHTSF02			Tesfa t-shirt		1	23.24	19.21	29.04	24.00	29.04	24.00	Pending	516	1	34	27	\N	f	5
556	Saba	SBWDCK			Wedding cake		1	39.89	37.63	79.77	75.25	79.77	75.25	Pending	516	1	2	2	\N	f	5
557	NebSenImpex	NSZRBK02			ሰመያዊ ዙርያ		1	484.00	400.00	484.00	400.00	484.00	400.00	Pending	517	2	33	23	\N	f	5
558	Saba	SBZRGL02			ወርቃዊ ዙርያ		1	399.30	330.00	399.30	330.00	399.30	330.00	Pending	518	1	26	19	\N	f	5
577	Saba	SBZRPK02			Pink Zuria		1	302.50	250.00	302.50	250.00	302.50	250.00	Pending	536	1	24	26	\N	f	5
560	Saba	SBZRAK02			ኣክሱም ዙርያ		1	423.50	350.00	423.50	350.00	423.50	350.00	Processed	520	1	29	21	\N	f	5
572	Saba	SBFR25			ህያብ ፍረታት		1	9.01	8.50	9.01	8.50	9.01	8.50	Processed	531	1	1	1	\N	f	5
559	Saba	SBTSHTSF02			ተስፋ ማልያ		1	29.04	24.00	29.04	24.00	29.04	24.00	Processed	519	1	34	27	\N	f	5
561	Saba	SBBDZR02			ሰማያዊ ኣልማዝ ዙርያ		2	774.40	640.00	774.40	640.00	387.20	320.00	Pending	521	1	31	22	\N	f	5
562	Saba	SBMS75			ሜስ		1	13.25	12.50	13.25	12.50	13.25	12.50	Pending	521	1	9	7	\N	f	5
563	Saba	SBZRMN10			መንደፈራ ዙርያ		1	31.46	26.00	31.46	26.00	31.46	26.00	Pending	522	1	37	30	\N	f	5
564	Saba	SBTSHTSF02			ተስፋ ማልያ		1	29.04	24.00	29.04	24.00	29.04	24.00	Pending	523	1	34	27	\N	f	5
565	Saba	SBMS75			ሜስ		2	26.50	25.00	26.50	25.00	13.25	12.50	Pending	524	1	9	7	\N	f	5
566	Saba	SBWDCK			ሕብስቲ መርዓ		1	39.89	37.63	79.77	75.25	79.77	75.25	Pending	525	1	2	2	\N	f	5
567	Saba	SBTSHTSF02			ተስፋ ማልያ		5	145.20	120.00	145.20	120.00	29.04	24.00	Pending	526	1	34	27	\N	f	5
568	Saba	SBSHGR01			ቀጠልያ ካምቻ		1	36.30	30.00	36.30	30.00	36.30	30.00	Pending	527	1	35	28	\N	f	5
569	Saba	SBWDCK			ሕብስቲ መርዓ		1	39.89	37.63	79.77	75.25	79.77	75.25	Processed	528	1	2	2	\N	f	5
570	Saba	SBWDCK			ሕብስቲ መርዓ		1	39.89	37.63	79.77	75.25	79.77	75.25	Pending	529	1	2	2	\N	f	5
571	Saba	SBZRPK02			ሊላ ዙርያ		1	302.50	250.00	302.50	250.00	302.50	250.00	Pending	530	1	24	26	\N	f	5
573	Saba	SBMS75			ሜስ		1	13.25	12.50	13.25	12.50	13.25	12.50	Pending	532	1	9	7	\N	f	5
574	Saba	SBMS75			ሜስ		1	13.25	12.50	13.25	12.50	13.25	12.50	Pending	533	1	9	7	\N	f	5
578	Saba	SBVG25			Veggy basket		1	4.77	4.50	4.77	4.50	4.77	4.50	Pending	537	1	3	3	\N	f	5
575	Saba	SBMS75			Mes / Tej		1	13.25	12.50	13.25	12.50	13.25	12.50	Processed	534	1	9	7	\N	f	5
576	Saba	SBMS75			Mes / Tej		1	13.25	12.50	13.25	12.50	13.25	12.50	Pending	535	1	9	7	\N	f	5
579	Saba	SBMS75			Mes / Tej		1	13.25	12.50	13.25	12.50	13.25	12.50	Pending	538	1	9	7	\N	f	5
580	Saba	SBZRPK02			Pink Zuria		1	302.50	250.00	302.50	250.00	302.50	250.00	Pending	539	1	24	26	\N	f	5
581	Saba	SBWDCK			Wedding cake		1	39.89	37.63	79.77	75.25	79.77	75.25	Pending	540	1	2	2	\N	f	5
582	Saba	SBSRTAD02			Arada Shirt		1	42.35	35.00	42.35	35.00	42.35	35.00	Pending	541	1	36	29	\N	f	5
583	Saba	SBSHGR01			Blue habesha shirt		1	36.30	30.00	36.30	30.00	36.30	30.00	Pending	542	1	35	28	\N	f	5
584	Saba	SBSHGR01			Blue habesha shirt		1	36.30	30.00	36.30	30.00	36.30	30.00	Pending	543	1	35	28	\N	f	5
585	Saba	SBWDCK			Wedding cake		1	39.89	37.63	79.77	75.25	79.77	75.25	Pending	544	1	2	2	\N	f	5
586	Saba	SBTRT47			Torta	SBTRT40	1	39.75	37.50	79.50	75.00	79.50	75.00	Pending	545	1	5	4	\N	f	5
587	Saba	SBZRMN10			Zuria Mendefera		1	31.46	26.00	31.46	26.00	31.46	26.00	Pending	546	1	37	30	\N	f	5
588	Saba	SBMS75			Mes / Tej		1	13.25	12.50	13.25	12.50	13.25	12.50	Pending	547	1	9	7	\N	f	5
589	Saba	SBTSTASM			Habeshawit		1	18.15	15.00	18.15	15.00	18.15	15.00	Pending	548	1	17	12	\N	f	5
590	Saba	SBSHGR01			ቀጠልያ ካምቻ		2	72.60	60.00	72.60	60.00	36.30	30.00	Pending	549	1	35	28	\N	f	5
591	Saba	SBTSHRT23			ሀ ሓበሻ ካምቻ		1	20.57	17.00	20.57	17.00	20.57	17.00	Pending	549	1	11	8	\N	f	5
592	Saba	SBSHGR01			ቀጠልያ ካምቻ		2	72.60	60.00	72.60	60.00	36.30	30.00	Processed	550	1	35	28	\N	f	5
593	Saba	SBSHGR01			ቀጠልያ ካምቻ		1	36.30	30.00	36.30	30.00	36.30	30.00	Pending	551	1	35	28	\N	f	5
594	Saba	SBSHGR01			ቀጠልያ ካምቻ		1	36.30	30.00	36.30	30.00	36.30	30.00	Pending	552	1	35	28	\N	f	5
595	Saba	SBTSHRT23			ሀ ሓበሻ ካምቻ		1	20.57	17.00	20.57	17.00	20.57	17.00	Pending	553	1	11	8	\N	f	5
596	Saba	SBTSHRT23			ሀ ሓበሻ ካምቻ		1	20.57	17.00	20.57	17.00	20.57	17.00	Pending	554	1	11	8	\N	f	5
597	Saba	SBTSHRT23			ሀ ሓበሻ ካምቻ		1	20.57	17.00	20.57	17.00	20.57	17.00	Pending	555	1	11	8	\N	f	5
598	Saba	SBADSHR			ኤሪ ጫማ		1	114.95	95.00	114.95	95.00	114.95	95.00	Pending	556	1	22	15	\N	f	5
599	Saba	SBFR25			ህያብ ፍረታት		1	9.01	8.50	9.01	8.50	9.01	8.50	Pending	557	1	1	1	\N	f	5
600	Saba	SBSHGR01			ቀጠልያ ካምቻ		1	36.30	30.00	36.30	30.00	36.30	30.00	Pending	558	1	35	28	\N	f	5
601	Saba	SBWDCK			ሕብስቲ መርዓ		1	79.77	75.25	79.77	75.25	79.77	75.25	Pending	559	1	2	2	\N	f	5
602	Saba	SBSRTAD02			ኣራዳ ካምቻ		1	33.88	28.00	42.35	35.00	42.35	35.00	Pending	560	1	36	29	\N	f	5
603	Saba	SBSRTAD02			ኣራዳ ካምቻ		1	33.88	28.00	42.35	35.00	42.35	35.00	Pending	561	1	36	29	\N	f	5
604	Saba	SBBDZR02			Blue Diamond Zuria		1	387.20	320.00	387.20	320.00	387.20	320.00	Pending	562	1	31	22	\N	f	5
605	Saba	SBWDCK			Wedding cake		1	39.89	37.63	79.77	75.25	79.77	75.25	Pending	563	1	2	2	\N	f	5
606	Saba	SBWDCK			Wedding cake		1	39.89	37.63	79.77	75.25	79.77	75.25	Pending	564	1	2	2	\N	f	5
607	Saba	SBTSHRT23			ሀ ሓበሻ ካምቻ		1	20.57	17.00	20.57	17.00	20.57	17.00	Pending	565	1	11	8	\N	f	5
608	Saba	SBSHGR01			Blue habesha shirt		1	36.30	30.00	36.30	30.00	36.30	30.00	Pending	566	1	35	28	\N	f	5
649	Saba	SBTSHTSF02			ተስፋ ማልያ		1	23.24	19.21	29.04	24.00	29.04	24.00	Pending	604	1	34	27	\N	f	5
609	Saba	SBWDCK			Wedding cake		1	39.89	37.63	79.77	75.25	79.77	75.25	Processed	567	1	2	2	\N	f	5
610	Saba	SBFR25			Fruits basket		1	9.01	8.50	9.01	8.50	9.01	8.50	Pending	568	1	1	1	\N	f	5
611	Saba	SBZRPK02			Pink Zuria		1	302.50	250.00	302.50	250.00	302.50	250.00	Pending	569	1	24	26	\N	f	5
612	Saba	SBFR25			Fruits basket		1	9.01	8.50	9.01	8.50	9.01	8.50	Pending	570	1	1	1	\N	f	5
613	Saba	SBBDZR02			Blue Diamond Zuria		1	387.20	320.00	387.20	320.00	387.20	320.00	Pending	571	1	31	22	\N	f	5
614	Saba	SBWDCK			Wedding cake		1	39.89	37.63	79.77	75.25	79.77	75.25	Pending	572	1	2	2	\N	f	5
615	Saba	SBWDCK			Wedding cake		1	39.89	37.63	79.77	75.25	79.77	75.25	Pending	573	1	2	2	\N	f	5
616	Saba	SBVG25			Veggy basket		1	4.77	4.50	4.77	4.50	4.77	4.50	Pending	574	1	3	3	\N	f	5
617	Saba	SBWDCK			Wedding cake		1	39.89	37.63	79.77	75.25	79.77	75.25	Pending	575	1	2	2	\N	f	5
618	Saba	SBZRAK02			ኣክሱም ዙርያ		1	423.50	350.00	423.50	350.00	423.50	350.00	Processed	576	1	29	21	\N	f	5
651	Saba	SBMS75			ሜስ		1	13.25	12.50	13.25	12.50	13.25	12.50	Pending	606	1	9	7	\N	f	5
619	Saba	SBWDCK			ሕብስቲ መርዓ		1	39.89	37.63	79.77	75.25	79.77	75.25	Processed	577	1	2	2	\N	f	5
620	Saba	SBSRTAD02			Arada Shirt		1	33.88	28.00	42.35	35.00	42.35	35.00	Pending	578	1	36	29	\N	f	5
621	Saba	SBWDCK			Wedding cake		1	39.89	37.63	79.77	75.25	79.77	75.25	Pending	579	1	2	2	\N	f	5
622	Saba	SBFR25			Fruits basket		1	9.01	8.50	9.01	8.50	9.01	8.50	Pending	580	1	1	1	\N	f	5
623	Saba	SBFR25			Fruits basket		1	9.01	8.50	9.01	8.50	9.01	8.50	Pending	581	1	1	1	\N	f	5
624	Saba	SBWDCK			ሕብስቲ መርዓ		1	39.89	37.63	79.77	75.25	79.77	75.25	Pending	582	1	2	2	\N	f	5
625	Saba	SBSHGR01			Blue habesha shirt		1	36.30	30.00	36.30	30.00	36.30	30.00	Pending	583	1	35	28	\N	f	5
626	Saba	SBWDCK			Wedding cake		1	39.89	37.63	79.77	75.25	79.77	75.25	Pending	583	1	2	2	\N	f	5
627	Saba	SBZRGL02			Golden Zuria		1	399.30	330.00	399.30	330.00	399.30	330.00	Pending	584	1	26	19	\N	f	5
628	Saba	SBSHGR01			Blue habesha shirt		1	36.30	30.00	36.30	30.00	36.30	30.00	Pending	585	1	35	28	\N	f	5
629	Saba	SBFR25			Fruits basket		1	9.01	8.50	9.01	8.50	9.01	8.50	Pending	586	1	1	1	\N	f	5
630	Saba	SBWDCK			Wedding cake		1	39.89	37.63	79.77	75.25	79.77	75.25	Pending	587	1	2	2	\N	f	5
631	Saba	SBTSHRT23			ሀ ሓበሻ ካምቻ		1	20.57	17.00	20.57	17.00	20.57	17.00	Pending	588	1	11	8	\N	f	5
632	Saba	SBFR25			Fruits basket		1	9.01	8.50	9.01	8.50	9.01	8.50	Pending	589	1	1	1	\N	f	5
633	Saba	SBVG25			Veggy basket		1	4.77	4.50	4.77	4.50	4.77	4.50	Pending	590	1	3	3	\N	f	5
634	Saba	SBTHRT30			እሰይ -- ጸሊም		1	21.18	17.50	21.18	17.50	21.18	17.50	Pending	591	1	15	9	\N	f	5
635	Saba	SBVG25			ኣሕምልቲ ብ ዘምቢል		1	4.77	4.50	4.77	4.50	4.77	4.50	Pending	592	1	3	3	\N	f	5
636	Saba	SBWDCK			ሕብስቲ መርዓ		1	39.89	37.63	79.77	75.25	79.77	75.25	Pending	593	1	2	2	\N	f	5
637	Saba	SBMS75			ሜስ		1	13.25	12.50	13.25	12.50	13.25	12.50	Pending	594	1	9	7	\N	f	5
638	Saba	SBWDCK			ሕብስቲ መርዓ		1	39.89	37.63	79.77	75.25	79.77	75.25	Pending	595	1	2	2	\N	f	5
639	NebSenImpex	NSZRBK02			ሰመያዊ ዙርያ		1	484.00	400.00	484.00	400.00	484.00	400.00	Pending	596	2	33	23	\N	f	5
640	Saba	SBTRT47			ቶርታ	SBTRT40	1	39.75	37.50	79.50	75.00	79.50	75.00	Pending	597	1	5	4	\N	f	5
641	Saba	SBWDCK			ሕብስቲ መርዓ		1	39.89	37.63	79.77	75.25	79.77	75.25	Pending	598	1	2	2	\N	f	5
642	Saba	SBWDCK			ሕብስቲ መርዓ		1	39.89	37.63	79.77	75.25	79.77	75.25	Pending	599	1	2	2	\N	f	5
643	Saba	SBVG25			Veggy basket		1	4.77	4.50	4.77	4.50	4.77	4.50	Pending	600	1	3	3	\N	f	5
644	Saba	SBWDCK			ሕብስቲ መርዓ		1	39.89	37.63	79.77	75.25	79.77	75.25	Pending	601	1	2	2	\N	f	5
646	Saba	SBTSHTSF02			ተስፋ ማልያ		1	23.24	19.21	29.04	24.00	29.04	24.00	Processed	603	1	34	27	\N	f	5
647	Saba	SBTSTASM			ሓበሻዊት		1	18.15	15.00	18.15	15.00	18.15	15.00	Processed	603	1	17	12	\N	f	5
648	Saba	SBBSKT1			መብሊዒ ቁርሲ		3	90.75	75.00	90.75	75.00	30.25	25.00	Processed	603	1	23	16	\N	f	5
652	Saba	SBMS75			ሜስ		1	13.25	12.50	13.25	12.50	13.25	12.50	Pending	607	1	9	7	\N	f	5
653	Saba	SBMS75			ሜስ		1	13.25	12.50	13.25	12.50	13.25	12.50	Pending	608	1	9	7	\N	f	5
654	Saba	SBMS75			ሜስ		1	13.25	12.50	13.25	12.50	13.25	12.50	Pending	609	1	9	7	\N	f	5
656	Saba	SBTSHTSF02			Tesfa t-shirt		1	29.04	24.00	29.04	24.00	29.04	24.00	Pending	611	1	34	27	\N	f	5
645	Saba	SBZRMN10			መንደፈራ ዙርያ		3	94.38	78.00	94.38	78.00	31.46	26.00	Processed	602	1	37	30	\N	f	5
655	Saba	SBZRMN10			መንደፈራ ዙርያ		1	31.46	26.00	31.46	26.00	31.46	26.00	Processed	610	1	37	30	\N	f	5
692	Saba	SBFR25			Fruits basket		1	9.01	8.50	9.01	8.50	9.01	8.50	Pending	645	1	1	1	\N	f	5
659	Saba	SBWDCK			Wedding cake		1	39.89	37.63	79.77	75.25	79.77	75.25	Processed	613	1	2	2	\N	f	5
650	Saba	SBMS75			ሜስ		1	13.25	12.50	13.25	12.50	13.25	12.50	Processed	605	1	9	7	\N	f	5
675	Saba	SBWDCK			ሕብስቲ መርዓ		1	39.89	37.63	79.77	75.25	79.77	75.25	Processed	628	1	2	2	\N	f	5
657	Saba	SBZRMN10			Zuria Mendefera		1	31.46	26.00	31.46	26.00	31.46	26.00	Processed	612	1	37	30	\N	f	5
658	Saba	SBFR25			Fruits basket		1	9.01	8.50	9.01	8.50	9.01	8.50	Processed	612	1	1	1	\N	f	5
693	Saba	SBFR25			Fruits basket		2	18.02	17.00	18.02	17.00	9.01	8.50	Pending	646	1	1	1	\N	f	5
660	Saba	SBTSHTSF02			Tesfa t-shirt		1	29.04	24.00	29.04	24.00	29.04	24.00	Processed	614	1	34	27	\N	f	5
661	Saba	SBTSTASM			ሓበሻዊት		1	18.15	15.00	18.15	15.00	18.15	15.00	Pending	615	1	17	12	\N	f	5
662	Saba	SBMS75			ሜስ		1	13.25	12.50	13.25	12.50	13.25	12.50	Pending	616	1	9	7	\N	f	5
663	Saba	SBBKTSF20			ዓቢ ተስፋ		1	21.26	19.50	21.26	19.50	21.26	19.50	Pending	617	1	38	31	\N	f	5
664	Saba	SBMS75			ሜስ		1	13.25	12.50	13.25	12.50	13.25	12.50	Pending	618	1	9	7	\N	f	5
665	Saba	SBWDCK			ሕብስቲ መርዓ		1	39.89	37.63	79.77	75.25	79.77	75.25	Pending	619	1	2	2	\N	f	5
666	Saba	SBWDCK			ሕብስቲ መርዓ		1	39.89	37.63	79.77	75.25	79.77	75.25	Pending	620	1	2	2	\N	f	5
667	Saba	SBFR25			ህያብ ፍረታት		1	9.01	8.50	9.01	8.50	9.01	8.50	Pending	621	1	1	1	\N	f	5
668	Saba	SBMS75			ሜስ		1	13.25	12.50	13.25	12.50	13.25	12.50	Pending	621	1	9	7	\N	f	5
669	Saba	SBFR25			ህያብ ፍረታት		1	9.01	8.50	9.01	8.50	9.01	8.50	Pending	622	1	1	1	\N	f	5
670	Saba	SBFR25			ህያብ ፍረታት		1	9.01	8.50	9.01	8.50	9.01	8.50	Pending	623	1	1	1	\N	f	5
671	Saba	SBBKTSF20			Abi Tesfa		1	21.26	19.50	21.26	19.50	21.26	19.50	Pending	624	1	38	31	\N	f	5
672	Saba	SBBKTSF20			Abi Tesfa		1	21.26	19.50	21.26	19.50	21.26	19.50	Pending	625	1	38	31	\N	f	5
673	Saba	SBZRMN10			መንደፈራ ዙርያ		1	31.46	26.00	31.46	26.00	31.46	26.00	Pending	626	1	37	30	\N	f	5
674	Saba	SBFR25			ህያብ ፍረታት		1	9.01	8.50	9.01	8.50	9.01	8.50	Pending	627	1	1	1	\N	f	5
676	Saba	SBMS75			ሜስ		1	13.25	12.50	13.25	12.50	13.25	12.50	Pending	629	1	9	7	\N	f	5
677	Saba	SBFR25			ህያብ ፍረታት		1	9.01	8.50	9.01	8.50	9.01	8.50	Pending	630	1	1	1	\N	f	5
678	Saba	SBFR25			ህያብ ፍረታት		1	9.01	8.50	9.01	8.50	9.01	8.50	Pending	631	1	1	1	\N	f	5
683	Saba	SBFR25			ህያብ ፍረታት		1	9.01	8.50	9.01	8.50	9.01	8.50	Processed	636	1	1	1	\N	f	5
681	Saba	SBBKTSF20			ዓቢ ተስፋ		1	21.26	19.50	21.26	19.50	21.26	19.50	Processed	634	1	38	31	\N	f	5
680	Saba	SBBKTSF20			Abi Tesfa		1	21.26	19.50	21.26	19.50	21.26	19.50	Processed	633	1	38	31	\N	f	5
694	Saba	SBDFF2			De Filosoof		1	19.46	18.36	19.46	18.36	19.46	18.36	Pending	647	1	8	6	\N	f	5
682	Saba	SBWDCK			ሕብስቲ መርዓ		1	39.89	37.63	79.77	75.25	79.77	75.25	Processed	635	1	2	2	\N	f	5
684	Saba	SBWDCK			ሕብስቲ መርዓ		1	39.89	37.63	79.77	75.25	79.77	75.25	Processed	637	1	2	2	\N	f	5
679	Saba	SBWDCK			Wedding cake		1	39.89	37.63	79.77	75.25	79.77	75.25	Processed	632	1	2	2	\N	f	5
685	Saba	SBWDCK			Wedding cake		1	39.89	37.63	79.77	75.25	79.77	75.25	Pending	638	1	2	2	\N	f	5
686	Saba	SBVG25			ኣሕምልቲ ብ ዘምቢል		1	4.77	4.50	4.77	4.50	4.77	4.50	Pending	639	1	3	3	\N	f	5
687	Saba	SBTSHRT23			ሀ ሓበሻ ካምቻ		1	20.57	17.00	20.57	17.00	20.57	17.00	Pending	640	1	11	8	\N	f	5
688	Saba	SBBKTSF20			Abi Tesfa		1	21.26	19.50	21.26	19.50	21.26	19.50	Pending	641	1	38	31	\N	f	5
689	Saba	SBBDZR02			ሰማያዊ ኣልማዝ ዙርያ		1	387.20	320.00	387.20	320.00	387.20	320.00	Pending	642	1	31	22	\N	f	5
690	Saba	SBWDCK			ሕብስቲ መርዓ		1	39.89	37.63	79.77	75.25	79.77	75.25	Pending	643	1	2	2	\N	f	5
695	Saba	SBFR25			Fruits basket		1	9.01	8.50	9.01	8.50	9.01	8.50	Pending	648	1	1	1	\N	f	5
691	Saba	SBDFF2			ስዋ 'ቲ ፍላስፋ		2	38.92	36.72	38.92	36.72	19.46	18.36	Processed	644	1	8	6	\N	f	5
696	Saba	SBDFF2			De Filosoof		1	19.46	18.36	19.46	18.36	19.46	18.36	Processed	649	1	8	6	\N	f	5
697	Saba	SBDFF2			De Filosoof		1	19.46	18.36	19.46	18.36	19.46	18.36	Processed	650	1	8	6	\N	f	5
698	Saba	SBDFF2			De Filosoof		1	19.46	18.36	19.46	18.36	19.46	18.36	Processed	651	1	8	6	\N	f	5
699	Saba	SBDFF2			De Filosoof		1	19.46	18.36	19.46	18.36	19.46	18.36	Processed	652	1	8	6	\N	f	5
700	Saba	SBDFF2			De Filosoof		1	19.46	18.36	19.46	18.36	19.46	18.36	Processed	653	1	8	6	\N	f	5
701	Saba	SBBKTSF20			Abi Tesfa		1	21.26	19.50	21.26	19.50	21.26	19.50	Processed	654	1	38	31	\N	f	5
702	Saba	SBDFF2			De Filosoof		1	19.46	18.36	19.46	18.36	19.46	18.36	Processed	654	1	8	6	\N	f	5
730	Saba	SBFR25			ህያብ ፍረታት		1	9.01	8.50	9.01	8.50	9.01	8.50	Pending	682	1	1	1	\N	f	5
703	Saba	SBBKTSF20			Abi Tesfa		1	21.26	19.50	21.26	19.50	21.26	19.50	Processed	655	1	38	31	\N	f	5
704	Saba	SBBKTSF20			Abi Tesfa		1	21.26	19.50	21.26	19.50	21.26	19.50	Pending	656	1	38	31	\N	f	5
731	Saba	SBMS75			ሜስ		1	13.25	12.50	13.25	12.50	13.25	12.50	Pending	683	1	9	7	\N	f	5
705	Saba	SBBKTSF20			Abi Tesfa		1	21.26	19.50	21.26	19.50	21.26	19.50	Processed	657	1	38	31	\N	f	5
706	Saba	SBDFF2			ስዋ 'ቲ ፍላስፋ		1	19.46	18.36	19.46	18.36	19.46	18.36	Processed	658	1	8	6	\N	f	5
707	Saba	SBFR25			Fruits basket		1	9.01	8.50	9.01	8.50	9.01	8.50	Pending	659	1	1	1	\N	f	5
708	Saba	SBFR25			Fruits basket		1	9.01	8.50	9.01	8.50	9.01	8.50	Pending	660	1	1	1	\N	f	5
709	Saba	SBFR25			ህያብ ፍረታት		1	9.01	8.50	9.01	8.50	9.01	8.50	Pending	661	1	1	1	\N	f	5
710	Saba	SBFR25			ህያብ ፍረታት		1	9.01	8.50	9.01	8.50	9.01	8.50	Cancelled	662	1	1	1	\N	f	5
711	Saba	SBFR25			Fruits basket		1	9.01	8.50	9.01	8.50	9.01	8.50	Pending	663	1	1	1	\N	f	5
712	Saba	SBFR25			Fruits basket		1	9.01	8.50	9.01	8.50	9.01	8.50	Pending	664	1	1	1	\N	f	5
713	Saba	SBFR25			Fruits basket		1	9.01	8.50	9.01	8.50	9.01	8.50	Pending	665	1	1	1	\N	f	5
714	Saba	SBFR25			Fruits basket		1	9.01	8.50	9.01	8.50	9.01	8.50	Pending	666	1	1	1	\N	f	5
715	Saba	SBTSTASM			Habeshawit		1	18.15	15.00	18.15	15.00	18.15	15.00	Processed	667	1	17	12	\N	f	5
716	Saba	SBFR25			Fruits basket		1	9.01	8.50	9.01	8.50	9.01	8.50	Pending	668	1	1	1	\N	f	5
717	Saba	SBFR25			Fruits basket		1	9.01	8.50	9.01	8.50	9.01	8.50	Pending	669	1	1	1	\N	f	5
718	Saba	SBFR25			Fruits basket		1	9.01	8.50	9.01	8.50	9.01	8.50	Pending	670	1	1	1	\N	f	5
738	Saba	SBZRAK02			ኣክሱም ዙርያ		1	423.50	350.00	423.50	350.00	423.50	350.00	Pending	690	1	29	21	\N	f	5
719	Saba	SBWDCK			Wedding cake		1	39.89	37.63	79.77	75.25	79.77	75.25	Processed	671	1	2	2	\N	f	5
720	Saba	SBVG25			Veggy basket		1	4.77	4.50	4.77	4.50	4.77	4.50	Pending	672	1	3	3	\N	f	5
721	Saba	SBVG25			Veggy basket		1	4.77	4.50	4.77	4.50	4.77	4.50	Processed	673	1	3	3	\N	f	5
722	Saba	SBBKTSF20			Abi Tesfa		1	21.26	19.50	21.26	19.50	21.26	19.50	Pending	674	1	38	31	\N	f	5
733	Saba	SBVG25			Groenten		1	4.77	4.50	4.77	4.50	4.77	4.50	Cancelled	685	1	3	3	\N	f	5
723	NebSenImpex	NSZRBK02			ሰመያዊ ዙርያ		1	484.00	400.00	484.00	400.00	484.00	400.00	Processed	675	2	33	23	\N	f	5
724	NebSenImpex	NSZRBK02			ሰመያዊ ዙርያ		1	484.00	400.00	484.00	400.00	484.00	400.00	Pending	676	2	33	23	\N	f	5
725	NebSenImpex	NSZRBK02			ሰመያዊ ዙርያ		1	484.00	400.00	484.00	400.00	484.00	400.00	Pending	677	2	33	23	\N	f	5
726	NebSenImpex	NSZRBK02			ሰመያዊ ዙርያ		1	484.00	400.00	484.00	400.00	484.00	400.00	Pending	678	2	33	23	\N	f	5
727	NebSenImpex	NSZRBK02			ሰመያዊ ዙርያ		1	484.00	400.00	484.00	400.00	484.00	400.00	Pending	679	2	33	23	\N	f	5
728	Saba	SBFR25			ህያብ ፍረታት		2	18.02	17.00	18.02	17.00	9.01	8.50	Pending	680	1	1	1	\N	f	5
729	Saba	SBFR25			ህያብ ፍረታት		1	9.01	8.50	9.01	8.50	9.01	8.50	Pending	681	1	1	1	\N	f	5
739	Saba	SBFR25			ህያብ ፍረታት		1	9.01	8.50	9.01	8.50	9.01	8.50	Cancelled	691	1	1	1	\N	f	5
732	Saba	SBVG25			Groenten		1	4.77	4.50	4.77	4.50	4.77	4.50	Processed	684	1	3	3	\N	f	5
735	Saba	SBTRT47			Torta	SBTRT40	1	39.75	37.50	79.50	75.00	79.50	75.00	Pending	687	1	5	4	\N	f	5
740	Saba	SBFR25			ህያብ ፍረታት		1	9.01	8.50	9.01	8.50	9.01	8.50	Pending	692	1	1	1	\N	f	5
736	Saba	SBWDCK			Wedding cake		1	39.89	37.63	79.77	75.25	79.77	75.25	Processed	688	1	2	2	\N	f	5
741	Saba	SBMS75			Mes / Tej		10	132.50	125.00	132.50	125.00	13.25	12.50	Pending	693	1	9	7	\N	f	5
734	Saba	SBBKTSF20			Abi Tesfa		1	21.26	19.50	21.26	19.50	21.26	19.50	Processed	686	1	38	31	\N	f	5
737	Saba	SBTRT47			Torta	SBTRT40	1	39.75	37.50	79.50	75.00	79.50	75.00	Pending	689	1	5	4	\N	f	5
742	NebSenImpex	NSZRBK02			Blue Diamond Zuria		1	484.00	400.00	484.00	400.00	484.00	400.00	Processed	694	2	33	23	\N	f	5
744	Saba	SBBKTSF20			ዓቢ ተስፋ		1	21.26	19.50	21.26	19.50	21.26	19.50	Pending	696	1	38	31	\N	f	5
743	Saba	SBBKTSF20			Abi Tesfa		1	21.26	19.50	21.26	19.50	21.26	19.50	Processed	695	1	38	31	\N	f	5
745	Saba	SBBKTSF20			ዓቢ ተስፋ		1	21.26	19.50	21.26	19.50	21.26	19.50	Pending	697	1	38	31	\N	f	5
747	Saba	SBTSHRT23			ሀ ሓበሻ ካምቻ		1	20.57	17.00	20.57	17.00	20.57	17.00	Pending	699	1	11	8	\N	f	5
746	Saba	SBBKCHQ1			መለማመዲ ትግርኛ ቃላት		1	16.35	15.00	16.35	15.00	16.35	15.00	Processed	698	1	39	32	\N	f	5
748	Saba	SBBKCHQ1			መለማመዲ ትግርኛ ቃላት		1	11.45	10.50	16.35	15.00	16.35	15.00	Pending	700	1	39	32	\N	f	5
749	Saba	SBBKCHQ1			መለማመዲ ትግርኛ ቃላት		1	11.45	10.50	16.35	15.00	16.35	15.00	Pending	701	1	39	32	\N	f	5
750	Saba	SBTSHTSF02			ተስፋ ማልያ		1	29.04	24.00	29.04	24.00	29.04	24.00	Pending	702	1	34	27	\N	f	5
751	Saba	SBBKHIAY01			ኣይንፈላለ		1	32.16	29.50	32.16	29.50	32.16	29.50	Pending	703	1	40	33	\N	f	5
752	Saba	SBBKCHQ1			Tigrinya Alphabet Practice Learn and Write		1	11.45	10.50	16.35	15.00	16.35	15.00	Pending	704	1	39	32	\N	f	1
753	Saba	SBFR25			ህያብ ፍረታት		2	18.02	17.00	18.02	17.00	9.01	8.50	Pending	705	1	1	1	\N	f	2
754	Saba	SBMS75			ሜስ		1	13.25	12.50	13.25	12.50	13.25	12.50	Pending	705	1	9	7	\N	f	1
755	Saba	SBZRRY01			ራያ ዙርያ		1	447.70	370.00	447.70	370.00	447.70	370.00	Pending	705	1	27	20	\N	f	1
756	Saba	SBMS75			Mes / Tej		1	13.25	12.50	13.25	12.50	13.25	12.50	Pending	706	1	9	7	\N	f	1
757	Saba	SBWDCK			ሕብስቲ መርዓ		1	55.84	52.68	79.77	75.25	79.77	75.25	Pending	707	1	2	2	\N	f	1
758	Saba	SBBKHIAY01			ኣይንፈላለ		1	32.16	29.50	32.16	29.50	32.16	29.50	Pending	707	1	40	33	\N	f	1
759	Saba	SBMS75			ሜስ		1	13.25	12.50	13.25	12.50	13.25	12.50	Processed	708	1	9	7	\N	f	1
760	Saba	SBTRT47			ቶርታ	SBTRT40	1	55.65	52.50	79.50	75.00	79.50	75.00	Processed	708	1	5	4	\N	f	1
761	Saba	SBWDCK			ሕብስቲ መርዓ		1	79.77	75.25	79.77	75.25	79.77	75.25	Processed	708	1	2	2	\N	f	1
762	Saba	SBDFF2			ስዋ 'ቲ ፍላስፋ		1	13.63	12.86	19.46	18.36	19.46	18.36	Processed	708	1	8	6	\N	f	1
763	Saba	SBZRRY01			ራያ ዙርያ		1	447.70	370.00	447.70	370.00	447.70	370.00	Pending	709	1	27	20	\N	f	1
764	Saba	SBDFF2			ስዋ 'ቲ ፍላስፋ		1	19.46	18.36	19.46	18.36	19.46	18.36	Pending	710	1	8	6	\N	f	1
765	Saba	SBMS75			ሜስ		1	13.25	12.50	13.25	12.50	13.25	12.50	Cancelled	711	1	9	7	\N	f	1
766	Saba	SBDFF2			De Filosoof		1	19.46	18.36	19.46	18.36	19.46	18.36	Pending	712	1	8	6	\N	f	1
767	Saba	SBDFF2			ስዋ 'ቲ ፍላስፋ		1	19.46	18.36	19.46	18.36	19.46	18.36	Pending	713	1	8	6	\N	f	1
768	Saba	SBTSTASM			Habeshawit		1	18.15	15.00	18.15	15.00	18.15	15.00	Pending	714	1	17	12	\N	f	1
769	Saba	SBZRAK02			Axum Zuria		1	423.50	350.00	423.50	350.00	423.50	350.00	Pending	714	1	29	21	\N	f	1
770	Saba	SBDFF2			De Filosoof		1	13.63	12.86	19.46	18.36	19.46	18.36	Pending	714	1	8	6	\N	f	1
771	Saba	SBDFF2			De Filosoof		1	19.46	18.36	19.46	18.36	19.46	18.36	Pending	715	1	8	6	\N	f	1
772	Saba	SBZRAK02			Axum Zuria		1	423.50	350.00	423.50	350.00	423.50	350.00	Pending	715	1	29	21	\N	f	1
773	Saba	SBBKHIAY01			aynfelale		1	32.16	29.50	32.16	29.50	32.16	29.50	Pending	715	1	40	33	\N	f	1
774	Saba	SBTSTASM			Habeshawit		1	18.15	15.00	18.15	15.00	18.15	15.00	Pending	716	1	17	12	\N	f	1
775	Saba	SBTRT47			Torta	SBTRT40	1	79.50	75.00	79.50	75.00	79.50	75.00	Pending	716	1	5	4	\N	f	1
776	Saba	SBWDCK			Wedding cake		1	79.77	75.25	79.77	75.25	79.77	75.25	Pending	717	1	2	2	\N	f	1
\.


--
